INSERT INTO `problematics` (`id`, `army_number`, `rank`, `militant_names`, `claimant_names`, `district`, `shelf_number`, `remarks`, `created_at`, `updated_at`) VALUES
(3442, 'RA/049544', 'PTE', 'OKUMU CHARLES', 'TABU ROBERT', 'NEBBI', NULL, 'FILE AT DOR FOR VERIFICATION AS OF 13 AUG 24', NULL, NULL),
(3443, 'RA/061472', 'PTE', 'OKOT CHARLES', 'LALAM LUCY', 'PADER', NULL, 'FILE AT DOR FOR VERIFICATION AS OF 13 AUG 24', NULL, NULL),
(3444, 'RA/062477', 'PTE', 'MAYANJA SMASIKO', 'NDAGIRE RUTH', 'NO DISTRICT', NULL, 'FILE AT DOR FOR VERIFICATION AS OF 13 AUG 24', NULL, NULL),
(3445, 'RA/0628-01', 'PTE', 'LUBEGA PAUL', 'NAMUKASA ANNET', 'WAKISO', NULL, 'FILE AT DOR FOR VERIFICATION AS OF 13 AUG 24', NULL, NULL),
(3446, 'RA/06794', 'PTE', 'MBAZIRZ KABWANA', 'JOOGA STEVEN', 'LUWERO', NULL, 'FILE AT DOR FOR VERIFICATION AS OF 13 AUG 24', NULL, NULL),
(3447, 'RA/071955', 'PTE', 'KARUSIGARIRA JACK', 'NATUKWASA PEACE', 'KABALE', NULL, 'FILE AT DOR FOR VERIFICATION AS OF 13 AUG 24', NULL, NULL),
(3448, 'RA/077177', 'PTE', 'WAISHA JOHN', 'MUTONERINA GEOFREY', 'LUUKA', NULL, 'FILE AT DOR FOR VERIFICATION AS OF 13 AUG 24', NULL, NULL),
(3449, 'RA/077766', 'PTE', 'KALYAMARAKI JORAM', 'NINSIIMA ANGELLA', '', NULL, 'FILE AT DOR FOR VERIFICATION AS OF 13 AUG 24', NULL, NULL),
(3450, 'RA/078319', 'PTE', 'MONDAY STEPHEN', 'TELULAGA STEPHEN', 'HOIMA', NULL, 'FILE AT DOR FOR VERIFICATION AS OF 13 AUG 24', NULL, NULL),
(3451, 'RA/082245', 'PTE', 'OYUKA THOMAS', 'KERUTHUM GEORGE', 'NEBBI', NULL, 'FILE AT DOR FOR VERIFICATION AS OF 13 AUG 24', NULL, NULL),
(3452, 'RA/087625', 'PTE', 'OBWIN JOHNSON', 'AMODING A. LOY', 'KUMI', NULL, 'FILE AT DOR FOR VERIFICATION AS OF 13 AUG 24', NULL, NULL),
(3453, 'RA/101341', 'PTE', 'OLUK PATRICK', 'AKULLU GRACE OLUK', 'LIRA', NULL, 'FILE AT DOR FOR VERIFICATION AS OF 13 AUG 24', NULL, NULL),
(3454, 'RA/149441', 'PTE', 'KAMANGO BOSCO', 'LUBEGA SMART', 'BUNDIBUGYO', NULL, 'FILE AT DOR FOR VERIFICATION AS OF 13 AUG 24', NULL, NULL),
(3455, 'RA/162180', 'PTE', 'ARUHO SAMUEL', 'RWAJWARA ETHEL', 'BUSHENYI', NULL, 'FILE AT DOR FOR VERIFICATION AS OF 13 AUG 24', NULL, NULL),
(3456, 'RA/173302', 'PTE', 'MUTAREMWA TOM  TEHWA', 'KYOMUHANGI PEACE', 'RUKIGA', NULL, 'FILE AT DOR FOR VERIFICATION AS OF 13 AUG 24', NULL, NULL),
(3457, 'RA/180797', 'PTE', 'PATRICK OLANYA OYAT', 'ACHAYO RUFIN', 'LIRA', NULL, 'FILE AT DOR FOR VERIFICATION AS OF 13 AUG 24', NULL, NULL),
(3458, 'RA/021136', 'PTE', 'DILAR YOVENTINO', 'ODEKE PAMPILIO', 'KATAKWI', NULL, 'FILE AT DOR FOR VERIFICATION AS OF 13 AUG 24', NULL, NULL),
(3459, 'RA/034571', 'PTE', 'OPOLOT STEPHEN', 'AKOEDE MARY', 'AMURIA', NULL, 'FILE AT DOR FOR VERIFICATION AS OF 13 AUG 24', NULL, NULL),
(3460, 'RA/036945', 'PTE', 'ODEKE OCHEPA', 'APUUNO ANNA GRACE', 'KATAKWI', NULL, 'FILE AT DOR FOR VERIFICATION AS OF 13 AUG 24', NULL, NULL),
(3461, 'RA/038761', 'PTE', 'OKUVUA PETER', 'SIMOA OKUVUA', 'ARUA', NULL, 'FILE AT DOR FOR VERIFICATION AS OF 13 AUG 24', NULL, NULL),
(3462, 'RA/040611', 'PTE', 'MASEREKA YOKONIA', 'MUTHENDE YOSOFU', 'BUNDIBUGYO', NULL, 'FILE AT DOR FOR VERIFICATION AS OF 13 AUG 24', NULL, NULL),
(3463, 'RA/050988', 'PTE', 'OBANG BENSON', 'ONUME MOSES', 'LIRA', NULL, 'FILE AT DOR FOR VERIFICATION AS OF 13 AUG 24', NULL, NULL),
(3464, 'RA/052591', 'PTE', 'MINYANG DAVID', 'EJANG KETTY', 'LIRA', NULL, 'FILE AT DOR FOR VERIFICATION AS OF 13 AUG 24', NULL, NULL),
(3465, 'RA/062693', 'PTE', 'MUGARURA JAMES', 'TUKASIBWE DAVID', 'RUKUNGIRI', NULL, 'FILE AT DOR FOR VERIFICATION AS OF 13 AUG 24', NULL, NULL),
(3466, 'RA/062993', 'PTE', 'OUNDO VICENT OTEMA', 'WAFULA ROBERT', 'BUSIA', NULL, 'FILE AT DOR FOR VERIFICATION AS OF 13 AUG 24', NULL, NULL),
(3467, 'RA/066167', 'PTE', 'SEBOWA JOHN', 'JOSEPH KINTU', 'RAKAI', NULL, 'FILE AT DOR FOR VERIFICATION AS OF 13 AUG 24', NULL, NULL),
(3468, 'RA/066808', 'PTE', 'KOMA DENIS', 'EEMA MICHAEL', 'ADJUMANI', NULL, 'FILE AT DOR FOR VERIFICATION AS OF 13 AUG 24', NULL, NULL),
(3469, 'RA/067256', 'PTE', 'KYEYUNE STONE', 'GALIWANGO MUSISI', 'LUWERO', NULL, 'FILE AT DOR FOR VERIFICATION AS OF 13 AUG 24', NULL, NULL),
(3470, 'RA/068021', 'PTE', 'MUSINGUZI CHARLES', 'KAKWERE PAULINE', 'KABAROLE', NULL, 'FILE AT DOR FOR VERIFICATION AS OF 13 AUG 24', NULL, NULL),
(3471, 'RA/069489', 'PTE', 'OROCHI EUGINE KEZERONE', 'NYALWINY STELLA', 'PAIDHA', NULL, 'FILE AT DOR FOR VERIFICATION AS OF 13 AUG 24', NULL, NULL),
(3472, 'RA/070564', 'PTE', 'SULAIMAN MAFABI', 'SAKIBU SIZOMU', 'MBALE', NULL, 'FILE AT DOR FOR VERIFICATION AS OF 13 AUG 24', NULL, NULL),
(3473, 'RA/070611', 'PTE', 'ORWOTH CHARLES', 'OCHAN GILBERT', 'NEBBI', NULL, 'FILE AT DOR FOR VERIFICATION AS OF 13 AUG 24', NULL, NULL),
(3474, 'RA/071032', 'PTE', 'DAKITALI  LINE', 'ATIM ROSE', 'NEBBI', NULL, 'FILE AT DOR FOR VERIFICATION AS OF 13 AUG 24', NULL, NULL),
(3475, 'RA/072003', 'PTE', 'OVON PHILIP', 'KOMAKECH FRED', 'NEBBI', NULL, 'FILE AT DOR FOR VERIFICATION AS OF 13 AUG 24', NULL, NULL),
(3476, 'RA/072422', 'PTE', 'BAMWINE RICHARD', 'KANSIIME PEACE', 'BUSHENYI', NULL, 'FILE AT DOR FOR VERIFICATION AS OF 13 AUG 24', NULL, NULL),
(3477, 'RA/074680', 'PTE', 'VUZI JOHN', 'NYASE STEPHEN', 'ADJUMANI', NULL, 'FILE AT DOR FOR VERIFICATION AS OF 13 AUG 24', NULL, NULL),
(3478, 'RA/075436', 'PTE', 'MUGISHA FRED', 'NABIRYE MIRIA', 'IGANGA', NULL, 'FILE AT DOR FOR VERIFICATION AS OF 13 AUG 24', NULL, NULL),
(3479, 'RA/075929', 'PTE', 'KIIZA FRANCIS', 'BIRUNGI DAVID', 'KYEGEGWA', NULL, 'FILE AT DOR FOR VERIFICATION AS OF 13 AUG 24', NULL, NULL),
(3480, 'RA/076473', 'PTE', 'MANANU EMMANUEL', 'ALOYO NIGHT', 'NEBBI', NULL, 'FILE AT DOR FOR VERIFICATION AS OF 13 AUG 24', NULL, NULL),
(3481, 'RA/076848', 'PTE', 'KITYO GODFREY', 'LWEBUGA STEPHEN', 'GOMBA', NULL, 'FILE AT DOR FOR VERIFICATION AS OF 13 AUG 24', NULL, NULL),
(3482, 'RA/086451', 'PTE', 'OKELLO MICHEAL', 'LOKURIANA PAUL', 'GULU', NULL, 'FILE AT DOR FOR VERIFICATION AS OF 13 AUG 24', NULL, NULL),
(3483, 'RA/087924', 'PTE', 'OMYER TOM', 'ADOKWUN BEATRACE', 'NEBBI', NULL, 'FILE AT DOR FOR VERIFICATION AS OF 13 AUG 24', NULL, NULL),
(3484, 'RA/090863', 'PTE', 'OKEMA PATTRICK', 'ACAYO GRACE', 'GULU', NULL, 'FILE AT DOR FOR VERIFICATION AS OF 13 AUG 24', NULL, NULL),
(3485, 'RA/093713', 'PTE', 'OJARA CHARLES', 'ADONG FLORENCE', 'GULU', NULL, 'FILE AT DOR FOR VERIFICATION AS OF 13 AUG 24', NULL, NULL),
(3486, 'RA/112468', 'PTE', 'TUMUHIRWE TOM', 'NYABAGYENZI JOSEPHINE', 'NTUNGAMO', NULL, 'FILE AT DOR FOR VERIFICATION AS OF 13 AUG 24', NULL, NULL),
(3487, 'RA/122281', 'PTE', 'CWOMBE GEOFRY', 'NGAMITA ROSE', 'NEBBI', NULL, 'FILE AT DOR FOR VERIFICATION AS OF 13 AUG 24', NULL, NULL),
(3488, 'RA/127196', 'PTE', 'FRIDAY JULIUS', 'MUTESIGENSI SAM ', 'KABAROLE', NULL, 'FILE AT DOR FOR VERIFICATION AS OF 13 AUG 24', NULL, NULL),
(3489, 'RA/128912', 'PTE', 'ODYENY JUSTINE', 'OGWAL MOSES', 'APAC', NULL, 'FILE AT DOR FOR VERIFICATION AS OF 13 AUG 24', NULL, NULL),
(3490, 'RA/139269', 'PTE', 'AGILO APANGIKANA', 'LEMUKOL HELLEN', 'NAPAK', NULL, 'FILE AT DOR FOR VERIFICATION AS OF 13 AUG 24', NULL, NULL),
(3491, 'RA/139882', 'PTE', 'OLINGA RICHRD', 'ARIKO GEORGE', 'LIRA', NULL, 'FILE AT DOR FOR VERIFICATION AS OF 13 AUG 24', NULL, NULL),
(3492, 'RA/146705', 'PTE', 'OBAI BENARD', 'OBEDGUI GEORGE', 'MASINDI', NULL, 'FILE AT DOR FOR VERIFICATION AS OF 13 AUG 24', NULL, NULL),
(3493, 'RA/151031', 'PTE', 'OCEN PACIFIC', 'ACOM TEREZA', 'AMURIA', NULL, 'FILE AT DOR FOR VERIFICATION AS OF 13 AUG 24', NULL, NULL),
(3494, 'RA/176195', 'PTE', 'JINO SILIVIO', 'ADIRU GRACE', 'JINJA', NULL, 'FILE AT DOR FOR VERIFICATION AS OF 13 AUG 24', NULL, NULL),
(3495, 'RA/183883', 'PTE', 'OKELLO GODFFREY', 'OWINY TONY', 'OYAM', NULL, 'FILE AT DOR FOR VERIFICATION AS OF 13 AUG 24', NULL, NULL),
(3496, 'RA/145878', 'PTE', 'ARIKO JOHN ROBERT', 'OMURIA JOHN', 'KATAKWI', NULL, 'FILE AT DOR FOR VERIFICATION AS OF 13 AUG 24', NULL, NULL),
(3497, 'RA/141723', 'PTE', 'KWEREBERA SARAPIO', 'KYARIMA GENEROZA', 'RUBIRIZI', NULL, 'FILE AT DOR FOR VERIFICATION AS OF 13 AUG 24', NULL, NULL),
(3498, 'RA/172397', 'PTE', 'KATO ROBERT', 'KATONGOLE ELINEST', 'MUBENDE', NULL, 'FILE AT DOR FOR VERIFICATION AS OF 13 AUG 24', NULL, NULL),
(3499, 'RA/148151', 'PTE', 'ALIAT CHARLES KASIMIRO', 'ABULA PHILLIP', 'MOROTO', NULL, 'FILE AT DOR FOR VERIFICATION AS OF 13 AUG 24', NULL, NULL),
(3500, 'RA/104019', 'PTE', 'TOYEM ALEX', 'LINET CHEBET', 'KAPCHORWA', NULL, 'FILE AT DOR FOR VERIFICATION AS OF 13 AUG 24', NULL, NULL),
(3501, 'RA/050741', 'PTE', 'OTTO BENJAMIN', 'KISARACH STEPHEN', 'KITGUM', NULL, 'FILE AT DOR FOR VERIFICATION AS OF 13 AUG 24', NULL, NULL),
(3502, 'RA/117443', 'PTE', 'KAYUMBA FRED', 'MUKANDERA ', 'KIBOGA', NULL, 'FILE AT DOR FOR VERIFICATION AS OF 13 AUG 24', NULL, NULL),
(3503, 'RA/155071', 'PTE', 'BEROCAN EMMANUEL', 'OGYERAGRACE', 'NEBBI', NULL, 'FILE AT DOR FOR VERIFICATION AS OF 13 AUG 24', NULL, NULL),
(3504, 'RA/152632', 'PTE', 'ZOODIA JULIUS', 'ORIKU LAWRENCE', 'MARACHA', NULL, 'FILE AT DOR FOR VERIFICATION AS OF 13 AUG 24', NULL, NULL),
(3505, 'RA/130281', 'PTE', 'ARIKO MATHIAS', 'ATHOO MARATINA', 'ABIM', NULL, 'FILE AT DOR FOR VERIFICATION AS OF 13 AUG 24', NULL, NULL),
(3506, 'RA/036962', 'PTE', 'ODUBI GILBERT', 'OMIKA DAMIANO', 'NEBBI', NULL, 'FILE AT DOR FOR VERIFICATION AS OF 13 AUG 24', NULL, NULL),
(3507, 'RA/208566', 'PTE', 'KABAGAMBE CHARLES', 'TUSHABE CATHERINE', 'KIRUHURA', NULL, 'FILE AT DOR FOR VERIFICATION AS OF 13 AUG 24', NULL, NULL),
(3508, 'RA/025230', 'PTE', 'SSEMAKULA FRED', 'SSEBIISO DAVID', 'WAKISO', NULL, 'FILE AT DOR FOR VERIFICATION AS OF 13 AUG 24', NULL, NULL),
(3509, 'RA/014831', 'PTE', 'MUBIRU SELEVESTO', 'GAVUMENTI ANASANAILI', 'BUNDIBUGYO', NULL, 'FILE AT DOR FOR VERIFICATION AS OF 13 AUG 24', NULL, NULL),
(3510, 'RA/064406', 'PTE', 'YASIN ASEGA', 'SIYAMA TIDDE', 'LUWERO', NULL, 'FILE AT DOR FOR VERIFICATION AS OF 13 AUG 24', NULL, NULL),
(3511, 'RA/080675', 'PTE', 'OKWII TOM RICHARD', 'OTIM DANIEL', 'KOLE', NULL, 'FILE AT DOR FOR VERIFICATION AS OF 13 AUG 24', NULL, NULL),
(3512, 'RA/088530', 'PTE', 'ONGOM CHARLES ALOI', 'AKENA DENISH', 'DOKOLO', NULL, 'FILE AT DOR FOR VERIFICATION AS OF 13 AUG 24', NULL, NULL),
(3513, 'RA/158174', 'PTE', 'MUBANGIRA EMMANUEL', 'ASIIMWE SAM & MIREMBE JANE', 'ISINGIRO', NULL, 'FILE AT DOR FOR VERIFICATION AS OF 13 AUG 24', NULL, NULL),
(3514, 'RA/102363', 'PTE', 'ODONGO JAMES', 'KAITESI MARY', 'ISINGIRO', NULL, 'FILE AT DOR FOR VERIFICATION AS OF 13 AUG 24', NULL, NULL),
(3515, 'RA/103483', 'PTE', 'OJOLE NASSAN', 'ACUL JANE', 'KATAKWI', NULL, 'FILE AT DOR FOR VERIFICATION AS OF 13 AUG 24', NULL, NULL),
(3516, 'RA/109258', 'PTE', 'ONGURA CHARLES', 'AJENA MICHEAL', 'KUMA', NULL, 'FILE AT DOR FOR VERIFICATION AS OF 13 AUG 24', NULL, NULL),
(3517, 'RA/123003', 'PTE', 'OTIM RICHARD', 'OJOK STEVEN OTIM', 'KOLE', NULL, 'FILE AT DOR FOR VERIFICATION AS OF 13 AUG 24', NULL, NULL),
(3518, 'RA/123509', 'PTE', 'FRIDAY WILLIAM', 'KABASINGIZI M', 'BUNDIBUGYO', NULL, 'FILE AT DOR FOR VERIFICATION AS OF 13 AUG 24', NULL, NULL),
(3519, 'RA/154546', 'PTE', 'OKIROR SIMON PETER', 'ADERO STELLA', 'DOKOLO', NULL, 'FILE AT DOR FOR VERIFICATION AS OF 13 AUG 24', NULL, NULL),
(3520, 'RA/020186', 'PTE', 'MASEREKA STEPHEN', 'MASIKA DEREDA', 'KASESE', NULL, 'FILE AT DOR FOR VERIFICATION AS OF 13 AUG 24', NULL, NULL),
(3521, 'RA/026414', 'PTE', 'ISSA ROBERT', 'ADONGOT STELLA', 'KUMI', NULL, 'FILE AT DOR FOR VERIFICATION AS OF 13 AUG 24', NULL, NULL),
(3522, 'RA/057019', 'PTE', 'TEZIGOMA JOSEPH', 'ACANA AGNES', 'IGANGA', NULL, 'FILE AT DOR FOR VERIFICATION AS OF 13 AUG 24', NULL, NULL),
(3523, 'RA/072113', 'PTE', 'BASABA FRED', 'NAWIRE DOROTHY', 'KANUNGU', NULL, 'FILE AT DOR FOR VERIFICATION AS OF 13 AUG 24', NULL, NULL),
(3524, 'RA/072128', 'PTE', 'MUKAMBA MOSES', 'ANNA GRACE', 'SOROTI', NULL, 'FILE AT DOR FOR VERIFICATION AS OF 13 AUG 24', NULL, NULL),
(3525, 'RA/072406', 'PTE', 'ONENCHAN THOMAS', 'CHOTHUM THOMAS', 'PAIDHA', NULL, 'FILE AT DOR FOR VERIFICATION AS OF 13 AUG 24', NULL, NULL),
(3526, 'RA/074615', 'PTE', 'ALLI SIMON', 'EDEMA ZAKARIA', 'ADJUMANI', NULL, 'FILE AT DOR FOR VERIFICATION AS OF 13 AUG 24', NULL, NULL),
(3527, 'RA/081201', 'PTE', 'KITAKULE ERIPHAZI', 'MUSANA JAMES', 'KAMULI', NULL, 'FILE AT DOR FOR VERIFICATION AS OF 13 AUG 24', NULL, NULL),
(3528, 'RA/085887', 'PTE', 'ZNSIRO JOHN', 'NALUBEGA ALICE', 'MUBENDE', NULL, 'FILE AT DOR FOR VERIFICATION AS OF 13 AUG 24', NULL, NULL),
(3529, 'RA/085998', 'PTE', 'WAMUJWA DAUSON', 'NAMUYANJA NORAH', 'PALLISA', NULL, 'FILE AT DOR FOR VERIFICATION AS OF 13 AUG 24', NULL, NULL),
(3530, 'RA/088532', 'PTE', 'OKECH ALFRED', 'OPIRA CHARLES', 'KITGUM', NULL, 'FILE AT DOR FOR VERIFICATION AS OF 13 AUG 24', NULL, NULL),
(3531, 'RA/101861', 'PTE', 'OPIO JOHN', 'APOKO FLORENCE', 'SOROTI', NULL, 'FILE AT DOR FOR VERIFICATION AS OF 13 AUG 24', NULL, NULL),
(3532, 'RA/112216', 'PTE', 'DRALEGA JACKSON', 'OKWA ROBERT', 'MASINDI', NULL, 'FILE AT DOR FOR VERIFICATION AS OF 13 AUG 24', NULL, NULL),
(3533, 'RA/112647', 'PTE', 'OKECHA EZRA', 'SAMSON ', 'NEBBI', NULL, 'FILE AT DOR FOR VERIFICATION AS OF 13 AUG 24', NULL, NULL),
(3534, 'RA/112781', 'PTE', 'BOGERE GODFREY', 'TWINOMUGISHA MARGREAT', 'RUBIRIZI', NULL, 'FILE AT DOR FOR VERIFICATION AS OF 13 AUG 24', NULL, NULL),
(3535, 'RA/113096', 'PTE', 'BITHUM INNOCENT', 'KOBUSINGYE JANE', 'MBARARA', NULL, 'FILE AT DOR FOR VERIFICATION AS OF 13 AUG 24', NULL, NULL),
(3536, 'RA/135604', 'PTE', 'OKWEREDA JAMES', 'PEDUN MARGREAT ', 'PALLISA', NULL, 'FILE AT DOR FOR VERIFICATION AS OF 13 AUG 24', NULL, NULL),
(3537, 'RA/135668', 'PTE', 'ANGOSI GEORGE', 'IGULUMET LUCY', 'KATAKWI', NULL, 'FILE AT DOR FOR VERIFICATION AS OF 13 AUG 24', NULL, NULL),
(3538, 'RA/138448', 'PTE', 'CENTO CEASER', 'MASSON KAMUNTU', 'NEBBI', NULL, 'FILE AT DOR FOR VERIFICATION AS OF 13 AUG 24', NULL, NULL),
(3539, 'RA/145488', 'PTE', 'SEKANDI MOSES', 'MASANGA BETTY', 'MASAKA', NULL, 'FILE AT DOR FOR VERIFICATION AS OF 13 AUG 24', NULL, NULL),
(3540, 'RA/145534', 'PTE', 'TIBEIJUKA TOM', 'MBABAZI MAKO', 'HOIMA', NULL, 'FILE AT DOR FOR VERIFICATION AS OF 13 AUG 24', NULL, NULL),
(3541, 'RA/146721', 'PTE', 'OBUKULEM MICHAEL', 'ONYANG VINCENT', 'AMURIA', NULL, 'FILE AT DOR FOR VERIFICATION AS OF 13 AUG 24', NULL, NULL),
(3542, 'RA/148075', 'PTE', 'ADONI JOHN', 'JUDITH ADEYIT', 'KATAKWI', NULL, 'FILE AT DOR FOR VERIFICATION AS OF 13 AUG 24', NULL, NULL),
(3543, 'RA/148563', 'PTE', 'BYARUHANGA WILEX', 'TWINOMUNI RUTH', 'KABALE', NULL, 'FILE AT DOR FOR VERIFICATION AS OF 13 AUG 24', NULL, NULL),
(3544, 'RA/151986', 'PTE', 'PICHO RUGETE', 'AFUKA ORUYA', 'NEBBI', NULL, 'FILE AT DOR FOR VERIFICATION AS OF 13 AUG 24', NULL, NULL),
(3545, 'RA/152352', 'PTE', 'TUGUME FRANCIS', 'TUMUHIMBISE ENID', 'KABALE', NULL, 'FILE AT DOR FOR VERIFICATION AS OF 13 AUG 24', NULL, NULL),
(3546, 'RA/153825', 'PTE', 'KARAMUZI JOHN', 'AINOMUGISHA BENON', 'MUBENDE', NULL, 'FILE AT DOR FOR VERIFICATION AS OF 13 AUG 24', NULL, NULL),
(3547, 'RA/152409', 'PTE', 'TURAHI RONALD', 'KINWA ROBERT', 'KIRUHURA', NULL, 'FILE AT DOR FOR VERIFICATION AS OF 13 AUG 24', NULL, NULL),
(3548, 'RA/157666', 'PTE', 'KAIHURA EDWARD', 'NYAMATE ANNA', 'KIRUHURA', NULL, 'FILE AT DOR FOR VERIFICATION AS OF 13 AUG 24', NULL, NULL),
(3549, 'RA/157957', 'PTE', 'MALISABA ERISHA', 'MBUSA MALISABA', 'KASESE', NULL, 'FILE AT DOR FOR VERIFICATION AS OF 13 AUG 24', NULL, NULL),
(3550, 'RA/008962', 'PTE', 'BAKEYONGYERA JOHN', 'NABAGEREKA IMMACULATE', 'IBANDA', NULL, 'FILE AT DOR FOR VERIFICATION AS OF 13 AUG 24', NULL, NULL),
(3551, 'RA/010710', 'PTE', 'OGWANG O DAVID', 'AWOR KONNY', 'LIRA', NULL, 'FILE AT DOR FOR VERIFICATION AS OF 13 AUG 24', NULL, NULL),
(3552, 'RA/012692', 'PTE', 'BARONGO DEO', 'BYANGANGA FRANCIS', 'HOIMA', NULL, 'FILE AT DOR FOR VERIFICATION AS OF 13 AUG 24', NULL, NULL),
(3553, 'RA/015609', 'PTE', 'MUZOORA ENOCK', 'MUGISHA NATHAN', 'BUSHENYI', NULL, 'FILE AT DOR FOR VERIFICATION AS OF 13 AUG 24', NULL, NULL),
(3554, 'RA/038822', 'PTE', 'TABAN CEACER', 'SANTA MANDERA', 'ADJUMANI', NULL, 'FILE AT DOR FOR VERIFICATION AS OF 13 AUG 24', NULL, NULL),
(3555, 'RA/060430', 'PTE', 'ITTO MATHIAS', 'ABUNI JUSTINE ', 'ADJUMANI', NULL, 'FILE AT DOR FOR VERIFICATION AS OF 13 AUG 24', NULL, NULL),
(3556, 'RA/068463', 'PTE', 'NYESIGYE DEO', 'ARIGYE BEATRACE', 'KABALE', NULL, 'FILE AT DOR FOR VERIFICATION AS OF 13 AUG 24', NULL, NULL),
(3557, 'RA/069124', 'PTE', 'BULEMU EMMANUEL', 'SSEGUJJA GODFREY', 'KIBAALE', NULL, 'FILE AT DOR FOR VERIFICATION AS OF 13 AUG 24', NULL, NULL),
(3558, 'RA/070492', 'PTE', 'ONENCHAN WILLIAM', 'OPIO SELISTINO', 'NEBBI', NULL, 'FILE AT DOR FOR VERIFICATION AS OF 13 AUG 24', NULL, NULL),
(3559, 'RA/070943', 'PTE', 'OJOK BOSCO', 'OGWANG FRANCIS', 'LIRA', NULL, 'FILE AT DOR FOR VERIFICATION AS OF 13 AUG 24', NULL, NULL),
(3560, 'RA/071011', 'PTE', 'OMOT CHRISTOPHER', 'OGENTHO PATA', 'NEBBI', NULL, 'FILE AT DOR FOR VERIFICATION AS OF 13 AUG 24', NULL, NULL),
(3561, 'RA/075781', 'PTE', 'MAYANJA GODFREY', 'MAYANJA FRANCIS', 'RAKAI', NULL, 'FILE AT DOR FOR VERIFICATION AS OF 13 AUG 24', NULL, NULL),
(3562, 'RA/075895', 'PTE', 'BAGUMA SAMUEL', 'BAGUMA ROSE MARY', NULL, NULL, 'FILE AT DOR FOR VERIFICATION AS OF 13 AUG 24', NULL, NULL),
(3563, 'RA/076059', 'PTE', 'OLING PAULINIO', 'OKECH OLEMENT', 'NEBBI', NULL, 'FILE AT DOR FOR VERIFICATION AS OF 13 AUG 24', NULL, NULL),
(3564, 'RA/079595', 'PTE', 'BARIGYE WILBERFORCE', 'JOHN KAHURUMBA', 'BUSHENYI', NULL, 'FILE AT DOR FOR VERIFICATION AS OF 13 AUG 24', NULL, NULL),
(3565, 'RA/104956', 'PTE', 'OKWER MORI O.', 'OBURA BENON', 'LIRA', NULL, 'FILE AT DOR FOR VERIFICATION AS OF 13 AUG 24', NULL, NULL),
(3566, 'RA/105494', 'PTE', 'OKWEL MORIS', 'OBURA JOEL', 'DOKOLO', NULL, 'FILE AT DOR FOR VERIFICATION AS OF 13 AUG 24', NULL, NULL),
(3567, 'RA/113766', 'PTE', 'ODOKOCAN LEV', 'ATENU MARY', 'KUMI', NULL, 'FILE AT DOR FOR VERIFICATION AS OF 13 AUG 24', NULL, NULL),
(3568, 'RA/114423', 'PTE', 'SOITA EDWARD', 'MAYEKU GEOFREY', 'MBALE', NULL, 'FILE AT DOR FOR VERIFICATION AS OF 13 AUG 24', NULL, NULL),
(3569, 'RA/115567', 'PTE', 'ARIKOD YUVENTINO', 'AKELLO BETTY', 'KUMI', NULL, 'FILE AT DOR FOR VERIFICATION AS OF 13 AUG 24', NULL, NULL),
(3570, 'RA/127091', 'PTE', 'OKWITO SAMUEL', 'OGWAL DOMASTO', 'LIRA', NULL, 'FILE AT DOR FOR VERIFICATION AS OF 13 AUG 24', NULL, NULL),
(3571, 'RA/139458', 'PTE', 'OPIO LAKISA', 'AKELLO FLORENCE', 'GULU', NULL, 'FILE AT DOR FOR VERIFICATION AS OF 13 AUG 24', NULL, NULL),
(3572, 'RA/047812', 'PTE', 'MANDREA LUKE', 'IGAMA SD', 'MOYO', NULL, 'FILE AT DOR FOR VERIFICATION AS OF 13 AUG 24', NULL, NULL),
(3573, 'RA/053004', 'PTE', 'OKIRIA CHARLES', 'OKISWI ALBERT', 'PILISA', NULL, 'FILE AT DOR FOR VERIFICATION AS OF 13 AUG 24', NULL, NULL),
(3574, 'RA/012778', 'PTE', 'KALWANA LIKA', 'THEMBO AUGUSTINE', 'KASESE', NULL, 'FILE AT DOR FOR VERIFICATION AS OF 13 AUG 24', NULL, NULL),
(3575, 'RA/000002', 'PTE', 'KARENGA SULAIMAN IKARU', 'ACHODA AGNES', 'MOROTO', NULL, 'FILE AT DOR FOR VERIFICATION AS OF 13 AUG 24', NULL, NULL),
(3576, 'RA/000044', 'PTE', 'ABIRIGA E.GEOFREY', 'FLAMINGO CUYI', 'MOYO', NULL, 'FILE AT DOR FOR VERIFICATION AS OF 13 AUG 24', NULL, NULL),
(3577, 'RA/000073', 'PTE', 'ABALA JAMES', 'ABALA JUSPHINE', 'KOLE', NULL, 'FILE AT DOR FOR VERIFICATION AS OF 13 AUG 24', NULL, NULL),
(3578, 'RA/000159', 'PTE', 'MUKASA ABEL', 'NANTONGO TEOPISTA', 'WAKISO', NULL, 'FILE AT DOR FOR VERIFICATION AS OF 13 AUG 24', NULL, NULL),
(3579, 'RA/000179', 'PTE', 'KAZIBWE ESAU', 'NAMBOYERA ANNA', 'LUWERO', NULL, 'FILE AT DOR FOR VERIFICATION AS OF 13 AUG 24', NULL, NULL),
(3580, 'RA/000186', 'PTE', 'BARASA  GEOFFREY', 'EBISERI ALOO', 'BUSIA', NULL, 'FILE AT DOR FOR VERIFICATION AS OF 13 AUG 24', NULL, NULL),
(3581, 'RA/000187', 'PTE', 'KIRIMANYI YAKOBO', 'NAMBOYERA ANNA', 'LUWERO', NULL, 'FILE AT DOR FOR VERIFICATION AS OF 13 AUG 24', NULL, NULL),
(3582, 'RA/000244', 'PTE', 'SSEWANKAMBO LIVINGSTONE', 'LUKWAGO ISSA', 'MITYANA', NULL, 'FILE AT DOR FOR VERIFICATION AS OF 13 AUG 24', NULL, NULL),
(3583, 'RA/000431', 'PTE', 'NDIBIZI FRED  ', 'YOSIA RUBABURA', 'MASINDI', NULL, 'FILE AT DOR FOR VERIFICATION AS OF 13 AUG 24', NULL, NULL),
(3584, 'RA/000513', 'PTE', 'OMANDE BOSCO', 'LALAM MONICA', NULL, NULL, 'FILE AT DOR FOR VERIFICATION AS OF 13 AUG 24', NULL, NULL),
(3585, 'RA/000787', 'PTE', 'ABILA RICHARD', 'OJOK GEOFFREY', 'APAC', NULL, 'FILE AT DOR FOR VERIFICATION AS OF 13 AUG 24', NULL, NULL),
(3586, 'RA/001019', 'PTE', 'OKETA DAVID', 'ADONGO JOYCE', 'APAC', NULL, 'FILE AT DOR FOR VERIFICATION AS OF 13 AUG 24', NULL, NULL),
(3587, 'RA/001054', 'PTE', 'OWONYUT CHARLES', 'AMULIT STELLA NORAH', 'KATAKWI', NULL, 'FILE AT DOR FOR VERIFICATION AS OF 13 AUG 24', NULL, NULL),
(3588, 'RA/001190', 'PTE', 'KABAHINDA MOSES', 'ITHUNGU LAZERI', 'NO DISTRICT', NULL, 'FILE AT DOR FOR VERIFICATION AS OF 13 AUG 24', NULL, NULL),
(3589, 'RA/001471', 'PTE', 'ELAKU ENWAKU', 'ENWAKU MUSA', 'AMURIA', NULL, 'FILE AT DOR FOR VERIFICATION AS OF 13 AUG 24', NULL, NULL),
(3590, 'RA/001496', 'PTE', 'KAGURUSI GABRIEL', 'NATUKUNDA ALICE', 'RUKUNGIRI', NULL, 'FILE AT DOR FOR VERIFICATION AS OF 13 AUG 24', NULL, NULL),
(3591, 'RA/001815', 'PTE', 'MUSISI LIVINGSTONE', 'SSEBAKIJJE A.', 'KIBOGA', NULL, 'FILE AT DOR FOR VERIFICATION AS OF 13 AUG 24', NULL, NULL),
(3592, 'RA/001910', 'PTE', 'TOM KAWESA', 'SEKYANZI IBRAHIM', 'MITYANA', NULL, 'FILE AT DOR FOR VERIFICATION AS OF 13 AUG 24', NULL, NULL),
(3593, 'RA/001941', 'PTE', 'AMANYA VALENTINE', 'TIBANANUKA FOSKA', 'MASINDI', NULL, 'FILE AT DOR FOR VERIFICATION AS OF 13 AUG 24', NULL, NULL),
(3594, 'RA/001984', 'PTE', 'KAWUKI FRED', 'SENTONGO SAMUEL', 'KIBOGA', NULL, 'FILE AT DOR FOR VERIFICATION AS OF 13 AUG 24', NULL, NULL),
(3595, 'RA/002518', 'PTE', 'OPITO ALBINO', 'APIO ROSE', 'NO DISTRICT', NULL, 'FILE AT DOR FOR VERIFICATION AS OF 13 AUG 24', NULL, NULL),
(3596, 'RA/002875', 'PTE', 'MUWANGA JOHN', 'NALWANGA CATE ', 'NAKASONGOLA', NULL, 'FILE AT DOR FOR VERIFICATION AS OF 13 AUG 24', NULL, NULL),
(3597, 'RA/002936', 'PTE', 'ADONGO VENTERINO', 'APORO HELLEN', 'PADER', NULL, 'FILE AT DOR FOR VERIFICATION AS OF 13 AUG 24', NULL, NULL),
(3598, 'RA/003702', 'PTE', 'LAKWESI STEPHEN', 'CHERUKU K STEPHEN', '', NULL, 'FILE AT DOR FOR VERIFICATION AS OF 13 AUG 24', NULL, NULL),
(3599, 'RA/003818', 'PTE', 'MUKASA GODFREY', 'GODFREY MUKASA', 'LUWERO', NULL, 'FILE AT DOR FOR VERIFICATION AS OF 13 AUG 24', NULL, NULL),
(3600, 'RA/003876', 'PTE', 'MUGISHA WILLIAM', 'KATUSHABE L PEACE', 'MBARARA', NULL, 'FILE AT DOR FOR VERIFICATION AS OF 13 AUG 24', NULL, NULL),
(3601, 'RA/003970', 'PTE', 'TINDYEBWA FRED', 'KABONESA ROSE', 'BUNDIBUGYO', NULL, 'FILE AT DOR FOR VERIFICATION AS OF 13 AUG 24', NULL, NULL),
(3602, 'RA/003999', 'PTE', 'MUWONGE CHARLES', 'NAMUSISI GETULIDA', 'KIBOGA', NULL, 'FILE AT DOR FOR VERIFICATION AS OF 13 AUG 24', NULL, NULL),
(3603, 'RA/004041', 'PTE', 'KASOZI JOSEPH', 'NAMUHINDWA GOREETI', 'MASAKA', NULL, 'FILE AT DOR FOR VERIFICATION AS OF 13 AUG 24', NULL, NULL),
(3604, 'RA/004170', 'PTE', 'OTTO POLYCAP', 'AKECH MARY', 'KITGUM', NULL, 'FILE AT DOR FOR VERIFICATION AS OF 13 AUG 24', NULL, NULL),
(3605, 'RA/004247', 'PTE', 'ABOK CHARLES', 'ANGIM AGNES', 'OYAM', NULL, 'FILE AT DOR FOR VERIFICATION AS OF 13 AUG 24', NULL, NULL),
(3606, 'RA/004352', 'PTE', 'MUNYORO JOHN', 'KOROYENY MARGRET', 'KAPCHORWA', NULL, 'FILE AT DOR FOR VERIFICATION AS OF 13 AUG 24', NULL, NULL),
(3607, 'RA/004430', 'PTE', 'MONDAY CHARLES', 'KIBWANGA FELESTA', 'BUNDIBUGYO', NULL, 'FILE AT DOR FOR VERIFICATION AS OF 13 AUG 24', NULL, NULL),
(3608, 'RA/004707', 'PTE', 'MUGISHA ABDU', 'KAALISA FRIDAY', 'WAKISO', NULL, 'FILE AT DOR FOR VERIFICATION AS OF 13 AUG 24', NULL, NULL),
(3609, 'RA/004826', 'PTE', 'BYARUGABA POLINO', 'KOMUGASHO GERADINA', 'RUKUNGIRI', NULL, 'FILE AT DOR FOR VERIFICATION AS OF 13 AUG 24', NULL, NULL),
(3610, 'RA/004929', 'PTE', 'NTEGE GODFREY', 'KIGONGO RUTH', 'LUWERO', NULL, 'FILE AT DOR FOR VERIFICATION AS OF 13 AUG 24', NULL, NULL),
(3611, 'RA/005347', 'PTE', 'MATE AMIS', 'KABUGHO REHEMA', 'KASESE', NULL, 'FILE AT DOR FOR VERIFICATION AS OF 13 AUG 24', NULL, NULL),
(3612, 'RA/005931', 'PTE', 'KATENDE JAMES', 'MUDISITA NAKINTU', 'MBARARA', NULL, 'FILE AT DOR FOR VERIFICATION AS OF 13 AUG 24', NULL, NULL),
(3613, 'RA/005989', 'PTE', 'KAHWA MOHAMED', 'KUSEMERERWA C.', 'HOIMA', NULL, 'FILE AT DOR FOR VERIFICATION AS OF 13 AUG 24', NULL, NULL),
(3614, 'RA/006426', 'PTE', 'MUBANGIZI ROBERT', 'NDAGAINE SEPERANZA', 'NTUNGAMO', NULL, 'FILE AT DOR FOR VERIFICATION AS OF 13 AUG 24', NULL, NULL),
(3615, 'RA/006815', 'PTE', 'WILLAM KABANDA  ', 'MUKAUBIBI REGINA', 'WAKISO', NULL, 'FILE AT DOR FOR VERIFICATION AS OF 13 AUG 24', NULL, NULL),
(3616, 'RA/006818', 'PTE', 'AHEEBWA VICENT', 'KUNIHIRA JENNIFER', 'KABAROLE', NULL, 'FILE AT DOR FOR VERIFICATION AS OF 13 AUG 24', NULL, NULL),
(3617, 'RA/006865', 'PTE', 'ABWOCH CELSIUS', 'OKOT JUSTO', NULL, NULL, 'FILE AT DOR FOR VERIFICATION AS OF 13 AUG 24', NULL, NULL),
(3618, 'RA/006885', 'PTE', 'OWINY SIMON', 'ESTER OWINY', 'LIRA', NULL, 'FILE AT DOR FOR VERIFICATION AS OF 13 AUG 24', NULL, NULL),
(3619, 'RA/007023', 'PTE', 'ODOBI WILLIAM', 'ONOBA RICHARD', 'NEBBI', NULL, 'FILE AT DOR FOR VERIFICATION AS OF 13 AUG 24', NULL, NULL),
(3620, 'RA/007527', 'PTE', 'BYOMUNTURA HANNINTON', 'KINJONJO JAFALI', 'BUNDIBUGYO', NULL, 'FILE AT DOR FOR VERIFICATION AS OF 13 AUG 24', NULL, NULL),
(3621, 'RA/007575', 'PTE', 'TURYAMUREEBA GAD', 'TUMUSINGYIZE GLORIUS', 'KIBAALE', NULL, 'FILE AT DOR FOR VERIFICATION AS OF 13 AUG 24', NULL, NULL),
(3622, 'RA/007949', 'PTE', 'KABUGULI JOHN', 'KABACWAMBA REVECATE ', 'KYENJOJO', NULL, 'FILE AT DOR FOR VERIFICATION AS OF 13 AUG 24', NULL, NULL),
(3623, 'RA/008386', 'PTE', 'NANTALE JALIA', 'MUBIRU FAROOQ', 'KAMPALA', NULL, 'FILE AT DOR FOR VERIFICATION AS OF 13 AUG 24', NULL, NULL),
(3624, 'RA/008582', 'PTE', 'OKELLO LAWRENCE', 'ATANGA KAMIDA', 'KUMI', NULL, 'FILE AT DOR FOR VERIFICATION AS OF 13 AUG 24', NULL, NULL),
(3625, 'RA/008720', 'PTE', 'MUKASA CHRISTOPHER', 'GORRETE NAKITENDE', 'KAMPALA', NULL, 'FILE AT DOR FOR VERIFICATION AS OF 13 AUG 24', NULL, NULL),
(3626, 'RA/008764', 'PTE', 'ENOTU JOHN', 'ABIYO IMMACULATE', 'SOROTI', NULL, 'FILE AT DOR FOR VERIFICATION AS OF 13 AUG 24', NULL, NULL),
(3627, 'RA/009328', 'PTE', 'KIIZA SAMSON', 'KASANDE FLORENCE', 'ISINGIRO', NULL, 'FILE AT DOR FOR VERIFICATION AS OF 13 AUG 24', NULL, NULL),
(3628, 'RA/009423', 'PTE', 'AMIGO SAM', 'RABWONI .E', 'MASINDI', NULL, 'FILE AT DOR FOR VERIFICATION AS OF 13 AUG 24', NULL, NULL),
(3629, 'RA/009469', 'PTE', 'WALUSIMBI GODFREY WASWA', 'NAKAWESA FROLENCE ', 'KAMPALA ', NULL, 'FILE AT DOR FOR VERIFICATION AS OF 13 AUG 24', NULL, NULL),
(3630, 'RA/009500', 'PTE', 'OCHOLA DENNIS', 'AKELLO H.OCHOLA', 'KITGUM', NULL, 'FILE AT DOR FOR VERIFICATION AS OF 13 AUG 24', NULL, NULL),
(3631, 'RA/010505', 'PTE', 'ADACHU ROBERT', 'OMOSING DAVID', 'SOROTI', NULL, 'FILE AT DOR FOR VERIFICATION AS OF 13 AUG 24', NULL, NULL),
(3632, 'RA/010741', 'PTE', 'OMARA YOVENTINO ', 'AUMA ROSE LINGO', 'ALEBTONG', NULL, 'FILE AT DOR FOR VERIFICATION AS OF 13 AUG 24', NULL, NULL),
(3633, 'RA/010752', 'PTE', 'KIKA YIKOLHA ENOCK', 'MUHINDO MARIAM', 'KASESE', NULL, 'FILE AT DOR FOR VERIFICATION AS OF 13 AUG 24', NULL, NULL),
(3634, 'RA/011311', 'PTE', 'WASWA JOSEPH', 'MAGEME STEPHEN', 'MASINDI', NULL, 'FILE AT DOR FOR VERIFICATION AS OF 13 AUG 24', NULL, NULL),
(3635, 'RA/011371', 'PTE', 'MPAKA SIMPILISIYO', 'TIBAHKWERWAYO DOVINA', 'KASESE', NULL, 'FILE AT DOR FOR VERIFICATION AS OF 13 AUG 24', NULL, NULL),
(3636, 'RA/011382', 'PTE', 'OSIRE DAMASCO', 'MWANIKA FRANCIS', 'SIRONKO', NULL, 'FILE AT DOR FOR VERIFICATION AS OF 13 AUG 24', NULL, NULL),
(3637, 'RA/011461', 'PTE', 'CHEMONGES JOSEPH', 'MUGISHA CASSIM', 'KAPCHORWA', NULL, 'FILE AT DOR FOR VERIFICATION AS OF 13 AUG 24', NULL, NULL),
(3638, 'RA/011601', 'PTE', 'TURYAKIRA FRANCIS', 'KINYATA GETRUDE', 'KAMWENGE', NULL, 'FILE AT DOR FOR VERIFICATION AS OF 13 AUG 24', NULL, NULL),
(3639, 'RA/011996', 'PTE', 'JAGOYA RICHARD', 'KAKWEGYE MARIA', 'MBARARA', NULL, 'FILE AT DOR FOR VERIFICATION AS OF 13 AUG 24', NULL, NULL),
(3640, 'RA/012245', 'PTE', 'MWESIGYE ERICK', 'KYOHAIRWE KEDRESS', 'NTUNGAMO', NULL, 'FILE AT DOR FOR VERIFICATION AS OF 13 AUG 24', NULL, NULL),
(3641, 'RA/012346', 'PTE', 'EJEGU STEPHEN', 'APIDO SELINA', 'SOROTI', NULL, 'FILE AT DOR FOR VERIFICATION AS OF 13 AUG 24', NULL, NULL),
(3642, 'RA/012384', 'PTE', 'ONENCAN LANYURA', 'AMAL TEREZA', 'GULU', NULL, 'FILE AT DOR FOR VERIFICATION AS OF 13 AUG 24', NULL, NULL),
(3643, 'RA/012703', 'PTE', 'KATUNGI LEONALD', 'NANKUNDA ANNET', 'BUHWEJU', NULL, 'FILE AT DOR FOR VERIFICATION AS OF 13 AUG 24', NULL, NULL),
(3644, 'RA/012742', 'PTE', 'OMIA DANIEL', 'OROGA LAWRENCE', 'NEBBI', NULL, 'FILE AT DOR FOR VERIFICATION AS OF 13 AUG 24', NULL, NULL),
(3645, 'RA/013092', 'PTE', 'BARUGAHARA CORONUEL', 'NAKANJAKO CAROLINE', 'MASINDI', NULL, 'FILE AT DOR FOR VERIFICATION AS OF 13 AUG 24', NULL, NULL),
(3646, 'RA/013198', 'PTE', 'KUNOBERE MATHIAS', 'KAJOKA NYANSIO', 'MASINDI', NULL, 'FILE AT DOR FOR VERIFICATION AS OF 13 AUG 24', NULL, NULL),
(3647, 'RA/013326', 'PTE', 'BAMWISAKI CYPERIANO', 'BAMWISAKI GETRUDE', 'BUSHENYI', NULL, 'FILE AT DOR FOR VERIFICATION AS OF 13 AUG 24', NULL, NULL),
(3648, 'RA/013527', 'PTE', 'OTIM PONSIANO', 'OMARA PENERIKO', 'GULU', NULL, 'FILE AT DOR FOR VERIFICATION AS OF 13 AUG 24', NULL, NULL),
(3649, 'RA/013651', 'PTE', 'KAMPI FRED', 'NAKIWALA HADIJJA', 'LUWERO', NULL, 'FILE AT DOR FOR VERIFICATION AS OF 13 AUG 24', NULL, NULL),
(3650, 'RA/013710', 'PTE', 'ONEK PANGRASIO', 'AYO SLIVIA', 'PADER', NULL, 'FILE AT DOR FOR VERIFICATION AS OF 13 AUG 24', NULL, NULL),
(3651, 'RA/013905', 'PTE', 'BEINGANA VICENT', 'TUMUSHABE HUMPHREY', 'IBANDA', NULL, 'FILE AT DOR FOR VERIFICATION AS OF 13 AUG 24', NULL, NULL),
(3652, 'RA/014035', 'PTE', 'KARAMPALANGE F', 'KENYANGI LEOKADIA', 'SOROTI', NULL, 'FILE AT DOR FOR VERIFICATION AS OF 13 AUG 24', NULL, NULL),
(3653, 'RA/014228', 'PTE', 'KABOBO JOHN', 'KABASAKIRA MALYAMU', 'BUNDIBUGYO', NULL, 'FILE AT DOR FOR VERIFICATION AS OF 13 AUG 24', NULL, NULL),
(3654, 'RA/014609', 'PTE', 'KAGANDA DAVID', 'BISWAZA GETRUDE', 'BUNDIBUGYO', NULL, 'FILE AT DOR FOR VERIFICATION AS OF 13 AUG 24', NULL, NULL),
(3655, 'RA/014946', 'PTE', 'OKELLO MOSES', 'ODONGO JOHN ROBERT', 'SOROTI', NULL, 'FILE AT DOR FOR VERIFICATION AS OF 13 AUG 24', NULL, NULL),
(3656, 'RA/015007', 'PTE', 'NSEREKO CHRISTOPHER', 'NSEREKO S', NULL, NULL, 'FILE AT DOR FOR VERIFICATION AS OF 13 AUG 24', NULL, NULL),
(3657, 'RA/015052', 'PTE', 'KABERINDE EMMANUEL', 'APIO GRACE', NULL, NULL, 'FILE AT DOR FOR VERIFICATION AS OF 13 AUG 24', NULL, NULL),
(3658, 'RA/015215', 'PTE', 'MASIRIMAT MUSA', 'MUSA MOSES', NULL, NULL, 'FILE AT DOR FOR VERIFICATION AS OF 13 AUG 24', NULL, NULL),
(3659, 'RA/015314', 'PTE', 'OLUNGI RONALD', 'OKUMU SILVIO', NULL, NULL, 'FILE AT DOR FOR VERIFICATION AS OF 13 AUG 24', NULL, NULL),
(3660, 'RA/015323', 'PTE', 'OKELLO GEORGE', 'ATIM SARAH', 'LIRA', NULL, 'FILE AT DOR FOR VERIFICATION AS OF 13 AUG 24', NULL, NULL),
(3661, 'RA/0155113', 'PTE', 'KANYIRE M BONIFANCE', 'KYALIGONDA B', 'MASINDI', NULL, 'FILE AT DOR FOR VERIFICATION AS OF 13 AUG 24', NULL, NULL),
(3662, 'RA/015641', 'PTE', 'OCHEN PETER OMENYA', 'GRACE OCHEN', 'LIRA', NULL, 'FILE AT DOR FOR VERIFICATION AS OF 13 AUG 24', NULL, NULL),
(3663, 'RA/015926', 'PTE', 'ELUNGAT CHARLES', 'AURIEN PETELINA', 'SOROTI', NULL, 'FILE AT DOR FOR VERIFICATION AS OF 13 AUG 24', NULL, NULL),
(3664, 'RA/016212', 'PTE', 'KATWESIGE ROBERT', 'YOZEFATI KIZZA', 'MASINDI', NULL, 'FILE AT DOR FOR VERIFICATION AS OF 13 AUG 24', NULL, NULL),
(3665, 'RA/016304', 'PTE', 'OTIKA WALTER', 'JANETTY ALWOC', 'APAC', NULL, 'FILE AT DOR FOR VERIFICATION AS OF 13 AUG 24', NULL, NULL),
(3666, 'RA/016398', 'PTE', 'KINUA PAUL', 'AHEEBWA DERRICK', 'MBARARA', NULL, 'FILE AT DOR FOR VERIFICATION AS OF 13 AUG 24', NULL, NULL),
(3667, 'RA/018069', 'PTE', 'OLUKA THOMAS', 'OSINDE JUMA', 'KAYUNGA', NULL, 'FILE AT DOR FOR VERIFICATION AS OF 13 AUG 24', NULL, NULL),
(3668, 'RA/018075', 'PTE', 'KALYESUBULA MOHAMED', 'EDIRISA BBOSSA', 'KAMPALA', NULL, 'FILE AT DOR FOR VERIFICATION AS OF 13 AUG 24', NULL, NULL),
(3669, 'RA/018127', 'PTE', 'BYARUGABA MOSES', 'MUGUME FRANIS', 'MBARARA', NULL, 'FILE AT DOR FOR VERIFICATION AS OF 13 AUG 24', NULL, NULL),
(3670, 'RA/018630', 'PTE', 'MUSINGUZI GEORGE', 'BAMBEIHA A,KEBIRUNGI A&BAKATWIBA S', 'MAKINDYE', NULL, 'FILE AT DOR FOR VERIFICATION AS OF 13 AUG 24', NULL, NULL),
(3671, 'RA/018701', 'PTE', 'MILANDA SATURDAY', 'SHAMIRAH ENID', 'KABALE', NULL, 'FILE AT DOR FOR VERIFICATION AS OF 13 AUG 24', NULL, NULL),
(3672, 'RA/018860', 'PTE', 'MWOROZI FRANK', 'KATTO JACINTA', 'RUKUNGIRI', NULL, 'FILE AT DOR FOR VERIFICATION AS OF 13 AUG 24', NULL, NULL),
(3673, 'RA/019041', 'PTE', 'MUGISHA PATRICK', 'KUSHABA DIANAH', 'MBARARA', NULL, 'FILE AT DOR FOR VERIFICATION AS OF 13 AUG 24', NULL, NULL),
(3674, 'RA/019073', 'PTE', 'SUNDAY ALFRED', 'NAMATA JANET', 'LUWERO', NULL, 'FILE AT DOR FOR VERIFICATION AS OF 13 AUG 24', NULL, NULL),
(3675, 'RA/019155', 'PTE', 'OGUMA OPIO', 'ANGELLA MICHEAL', 'MOROTO', NULL, 'FILE AT DOR FOR VERIFICATION AS OF 13 AUG 24', NULL, NULL),
(3676, 'RA/019518', 'PTE', 'NKABONA JULIUS BAMUTINA', 'BUKEBWABO ASIFA', 'BUNDIBUGYO', NULL, 'FILE AT DOR FOR VERIFICATION AS OF 13 AUG 24', NULL, NULL),
(3677, 'RA/020246', 'PTE', 'OKOTH GABRIEL', 'AKUMU RASEL', 'NEBBI', NULL, 'FILE AT DOR FOR VERIFICATION AS OF 13 AUG 24', NULL, NULL),
(3678, 'RA/020309', 'PTE', 'KAKUHIKIRE EPHRAIM', 'SEMPA EMMANUEL', 'SHEEMA', NULL, 'FILE AT DOR FOR VERIFICATION AS OF 13 AUG 24', NULL, NULL),
(3679, 'RA/020697', 'PTE', 'KAHANGWA JOHN', 'K.JOVANS', 'NAKASONGOLA', NULL, 'FILE AT DOR FOR VERIFICATION AS OF 13 AUG 24', NULL, NULL),
(3680, 'RA/020709', 'PTE', 'JIMMY   NDORA', 'MUKAMUSONI MARIA ', 'WAKISO', NULL, 'FILE AT DOR FOR VERIFICATION AS OF 13 AUG 24', NULL, NULL),
(3681, 'RA/020861', 'PTE', 'OTIIM RASHID', 'ACHIRA MIIL GRQCE', NULL, NULL, 'FILE AT DOR FOR VERIFICATION AS OF 13 AUG 24', NULL, NULL),
(3682, 'RA/021014', 'PTE', 'KILIMA WILBERFORCE', 'NAMUTOSI TOPISITA', 'BULAMBULI', NULL, 'FILE AT DOR FOR VERIFICATION AS OF 13 AUG 24', NULL, NULL),
(3683, 'RA/021109', 'PTE', 'ODAGA GEOFREY', 'ONEGA FRANCIS', 'KIBOGA', NULL, 'FILE AT DOR FOR VERIFICATION AS OF 13 AUG 24', NULL, NULL),
(3684, 'RA/021446', 'PTE', 'MPAGI  EDWARD', 'NAKYEYUNE LITICIA ', 'MPIGI', NULL, 'FILE AT DOR FOR VERIFICATION AS OF 13 AUG 24', NULL, NULL),
(3685, 'RA/022368', 'PTE', 'KISEMBO RICHARD', 'BWABASEKI S', 'BUNDIBUGYO', NULL, 'FILE AT DOR FOR VERIFICATION AS OF 13 AUG 24', NULL, NULL),
(3686, 'RA/022728', 'PTE', 'KUSHEMERERWA CHARLES', 'GASARIRE JOSEPH ', 'KABAROLE', NULL, 'FILE AT DOR FOR VERIFICATION AS OF 13 AUG 24', NULL, NULL),
(3687, 'RA/022747', 'PTE', 'BYENKYA DICK', 'KASANGAKI MIDRED ', 'HOIMA', NULL, 'FILE AT DOR FOR VERIFICATION AS OF 13 AUG 24', NULL, NULL),
(3688, 'RA/022800', 'PTE', 'NYINDO STEPHEN', 'RUHINDA MUHAMED', 'NAKASONGOLA', NULL, 'FILE AT DOR FOR VERIFICATION AS OF 13 AUG 24', NULL, NULL),
(3689, 'RA/023177', 'PTE', 'NYANZI MOSES', 'NAKKAZZI BETTY', 'MUBENDE', NULL, 'FILE AT DOR FOR VERIFICATION AS OF 13 AUG 24', NULL, NULL),
(3690, 'RA/024123', 'PTE', 'KYEKUTUTWE RICHRD', 'NAKAMYA ANNET', 'LUWERO', NULL, 'FILE AT DOR FOR VERIFICATION AS OF 13 AUG 24', NULL, NULL),
(3691, 'RA/024515', 'PTE', 'MUGISHA DAVID', 'TIBARUGURA EVANISI', 'BUNDIBUGYO', NULL, 'FILE AT DOR FOR VERIFICATION AS OF 13 AUG 24', NULL, NULL),
(3692, 'RA/024554', 'PTE', 'BIFERAMUNDA MATHIAS', 'MANYAKI BONEVENTURA', 'HOIMA', NULL, 'FILE AT DOR FOR VERIFICATION AS OF 13 AUG 24', NULL, NULL),
(3693, 'RA/024679', 'PTE', 'KULE YOWASI', 'KAMURORO WILLIAM', 'BUNDIBUGYO', NULL, 'FILE AT DOR FOR VERIFICATION AS OF 13 AUG 24', NULL, NULL),
(3694, 'RA/025016', 'PTE', 'MUHWEZI CHARLES  ', 'NUWAGABA BAKY', 'KABAROLE', NULL, 'FILE AT DOR FOR VERIFICATION AS OF 13 AUG 24', NULL, NULL),
(3695, 'RA/025407', 'PTE', 'NAMATITI PATRICK', 'NAKABUGO ALICE', 'MUKONO', NULL, 'FILE AT DOR FOR VERIFICATION AS OF 13 AUG 24', NULL, NULL),
(3696, 'RA/025463', 'PTE', 'DHIKUSOKS DAVID', 'NAMULUUTA MIRIAM', 'MAYUGE', NULL, 'FILE AT DOR FOR VERIFICATION AS OF 13 AUG 24', NULL, NULL),
(3697, 'RA/027070', 'PTE', 'OBIRO PHILLIP', 'NAUDO GRACE', 'KUMI', NULL, 'FILE AT DOR FOR VERIFICATION AS OF 13 AUG 24', NULL, NULL),
(3698, 'RA/027073', 'PTE', 'WANYITWA NIMROAD', 'NANDUTU AGILI', 'MANAFWA', NULL, 'FILE AT DOR FOR VERIFICATION AS OF 13 AUG 24', NULL, NULL),
(3699, 'RA/027136', 'PTE', 'CHELIMO DISON', 'CHELIMO ROFANAIS', 'KAPCHORWA', NULL, 'FILE AT DOR FOR VERIFICATION AS OF 13 AUG 24', NULL, NULL),
(3700, 'RA/027150', 'PTE', 'OKEDI ROBERT', 'ELIODO MOHAMED', 'BUKEDEA', NULL, 'FILE AT DOR FOR VERIFICATION AS OF 13 AUG 24', NULL, NULL),
(3701, 'RA/027437', 'PTE', 'ONABA MOSES', 'ERAGU ASUMAN', 'SOROTI', NULL, 'FILE AT DOR FOR VERIFICATION AS OF 13 AUG 24', NULL, NULL),
(3702, 'RA/027449', 'PTE', 'ALOKA s/o AREJA', 'ATIGO LORESIANA', 'KATAKWI', NULL, 'FILE AT DOR FOR VERIFICATION AS OF 13 AUG 24', NULL, NULL),
(3703, 'RA/027503', 'PTE', 'KABAGAMBE PATRICA', 'BAGUMA ALEX ', 'KASESE', NULL, 'FILE AT DOR FOR VERIFICATION AS OF 13 AUG 24', NULL, NULL),
(3704, 'RA/028391', 'PTE', 'KABASA UNUSU', 'JUSTINE KABASA', 'LUWERO', NULL, 'FILE AT DOR FOR VERIFICATION AS OF 13 AUG 24', NULL, NULL),
(3705, 'RA/028464', 'PTE', 'GEORGE WILLIAM KUNOHO', 'WABOMBA BENARD', '', NULL, 'FILE AT DOR FOR VERIFICATION AS OF 13 AUG 24', NULL, NULL),
(3706, 'RA/028789', 'PTE', 'ORARIO EPAKU', 'ACHAN POLESTER', 'KATAKWI', NULL, 'FILE AT DOR FOR VERIFICATION AS OF 13 AUG 24', NULL, NULL),
(3707, 'RA/028844', 'PTE', 'ETYANG PAUL', 'SABILA VICTOR', 'KWEEN', NULL, 'FILE AT DOR FOR VERIFICATION AS OF 13 AUG 24', NULL, NULL),
(3708, 'RA/029020', 'PTE', 'SATYA JOSEPH', 'CHEBET GRACE', 'KAPCHORWA', NULL, 'FILE AT DOR FOR VERIFICATION AS OF 13 AUG 24', NULL, NULL),
(3709, 'RA/029215', 'PTE', 'KASHAIJA ABEL', 'GRACE KASHAIJA', 'MBARARA', NULL, 'FILE AT DOR FOR VERIFICATION AS OF 13 AUG 24', NULL, NULL),
(3710, 'RA/029647', 'PTE', 'KASABUBA JOSEPH', 'KASUMBA WILSON', 'BUNYANGABU', NULL, 'FILE AT DOR FOR VERIFICATION AS OF 13 AUG 24', NULL, NULL),
(3711, 'RA/029753', 'PTE', 'KIRENYI RICHARD', 'BEATRICE KIRENYI', 'KAPCHORWA', NULL, 'FILE AT DOR FOR VERIFICATION AS OF 13 AUG 24', NULL, NULL),
(3712, 'RA/029958', 'PTE', 'KISSA WILLIAM', 'CHEMONGES SHARIF', 'KAPCHORWA', NULL, 'FILE AT DOR FOR VERIFICATION AS OF 13 AUG 24', NULL, NULL),
(3713, 'RA/029972', 'PTE', 'KALELE EMMANUEL', 'NAMUDDU HARRIET', 'KAMULI', NULL, 'FILE AT DOR FOR VERIFICATION AS OF 13 AUG 24', NULL, NULL),
(3714, 'RA/030284', 'PTE', 'BYAMUKAMA JULIUS', 'KEBIRE PATRICK', 'RAKAI', NULL, 'FILE AT DOR FOR VERIFICATION AS OF 13 AUG 24', NULL, NULL),
(3715, 'RA/030285', 'PTE', 'BYARUHANGA EMMANUEL', 'TUMUSHABE TIFIRI', 'LUWERO', NULL, 'FILE AT DOR FOR VERIFICATION AS OF 13 AUG 24', NULL, NULL),
(3716, 'RA/030313', 'PTE', 'OTILO ALFRED', 'OMODOI AGNES', 'NEBBI', NULL, 'FILE AT DOR FOR VERIFICATION AS OF 13 AUG 24', NULL, NULL),
(3717, 'RA/030760', 'PTE', 'JACKSON KISEMBO', 'HADIJA KISEMBO', 'KANUNGU', NULL, 'FILE AT DOR FOR VERIFICATION AS OF 13 AUG 24', NULL, NULL),
(3718, 'RA/031187', 'PTE', 'MATSINA MILTON', 'MANGALYA ROBERT ', 'MBALE', NULL, 'FILE AT DOR FOR VERIFICATION AS OF 13 AUG 24', NULL, NULL),
(3719, 'RA/031484', 'PTE', 'OMONUK GOSTA', 'AKWI ANNA GRACE', 'KUMI', NULL, 'FILE AT DOR FOR VERIFICATION AS OF 13 AUG 24', NULL, NULL),
(3720, 'RA/032517', 'PTE', 'OBORE JAMES', 'ELUNGAT MICHEAL', '', NULL, 'FILE AT DOR FOR VERIFICATION AS OF 13 AUG 24', NULL, NULL),
(3721, 'RA/033317', 'PTE', 'OMARA O JAMES', 'ALYAO LAWRENCE', NULL, NULL, 'FILE AT DOR FOR VERIFICATION AS OF 13 AUG 24', NULL, NULL),
(3722, 'RA/034222', 'PTE', 'OPOKI ALBERT WANICAN', 'OPOKI MOGO', 'NEBBI', NULL, 'FILE AT DOR FOR VERIFICATION AS OF 13 AUG 24', NULL, NULL),
(3723, 'RA/034407', 'PTE', 'JUSTUS BARIGYE', 'KABAREBE ALEX', 'NTUNGAMO', NULL, 'FILE AT DOR FOR VERIFICATION AS OF 13 AUG 24', NULL, NULL),
(3724, 'RA/035294', 'PTE', 'CHELOK STEPHEN', 'TAZIRA CHELOK', 'KAPCHORWA', NULL, 'FILE AT DOR FOR VERIFICATION AS OF 13 AUG 24', NULL, NULL),
(3725, 'RA/035453', 'PTE', 'NINSIMA CHRISTOPHER', 'GEORGE R', 'MBARARA', NULL, 'FILE AT DOR FOR VERIFICATION AS OF 13 AUG 24', NULL, NULL),
(3726, 'RA/036119', 'PTE', 'OLUPOT CHRISTOPHER', 'ISOTO MASTULA', 'BUKEDEA', NULL, 'FILE AT DOR FOR VERIFICATION AS OF 13 AUG 24', NULL, NULL),
(3727, 'RA/036966', 'PTE', 'EKOOT MICHEAL', 'ECEDITAI  H', 'KUMI', NULL, 'FILE AT DOR FOR VERIFICATION AS OF 13 AUG 24', NULL, NULL),
(3728, 'RA/038263', 'PTE', 'ATABUA ALBERT', 'ADONG FLORENCE', 'GULU', NULL, 'FILE AT DOR FOR VERIFICATION AS OF 13 AUG 24', NULL, NULL),
(3729, 'RA/038433', 'PTE', 'SAYEKWO ABDUL', 'YAPSALIMO LUCY', 'KAPCHORWA', NULL, 'FILE AT DOR FOR VERIFICATION AS OF 13 AUG 24', NULL, NULL),
(3730, 'RA/039056', 'PTE', 'CHEROTWO FRANCIS', 'YAPSABILA CLAUDIA', 'KAPCHORWA', NULL, 'FILE AT DOR FOR VERIFICATION AS OF 13 AUG 24', NULL, NULL),
(3731, 'RA/039462', 'PTE', 'BIRUNGI MUHAMED', 'KAYIRA CHRISTINE AMOOTI', 'NAKASEKE', NULL, 'FILE AT DOR FOR VERIFICATION AS OF 13 AUG 24', NULL, NULL),
(3732, 'RA/039764', 'PTE', 'WORUBER MICHEAL', 'JUSTINA OJWIGA', 'NEBBI', NULL, 'FILE AT DOR FOR VERIFICATION AS OF 13 AUG 24', NULL, NULL),
(3733, 'RA/043123', 'PTE', 'TAYEBWA MICHAEL', 'NAMARA D', 'KIRUHURA', NULL, 'FILE AT DOR FOR VERIFICATION AS OF 13 AUG 24', NULL, NULL),
(3734, 'RA/043408', 'PTE', 'GUMISIRIZA GODFREY', 'NYAMWIZA GODFREY', 'MBARARA', NULL, 'FILE AT DOR FOR VERIFICATION AS OF 13 AUG 24', NULL, NULL),
(3735, 'RA/044831', 'PTE', 'ASHIRAF DIABU', 'SALIMA JUMA', 'LUWERO', NULL, 'FILE AT DOR FOR VERIFICATION AS OF 13 AUG 24', NULL, NULL),
(3736, 'RA/045513', 'PTE', 'BATYA ARASMOS', 'CHEROTIN SUSAN', 'KAPCHORWA', NULL, 'FILE AT DOR FOR VERIFICATION AS OF 13 AUG 24', NULL, NULL),
(3737, 'RA/045555', 'PTE', 'OPOLOT PETER SIMON', 'ANGOKU ANNA', 'KUMI', NULL, 'FILE AT DOR FOR VERIFICATION AS OF 13 AUG 24', NULL, NULL),
(3738, 'RA/046096', 'PTE', 'BYAMUGISHA JOHN', 'MUSTAFA LUTAYA', 'RAKAI', NULL, 'FILE AT DOR FOR VERIFICATION AS OF 13 AUG 24', NULL, NULL),
(3739, 'RA/047682', 'PTE', 'OWILLI GEORGE', 'OOLA RICHARD', 'AGAGO', NULL, 'FILE AT DOR FOR VERIFICATION AS OF 13 AUG 24', NULL, NULL),
(3740, 'RA/048192', 'PTE', 'OCHAKI RICHARD', 'BERIU JOYCE', 'MASINDI', NULL, 'FILE AT DOR FOR VERIFICATION AS OF 13 AUG 24', NULL, NULL),
(3741, 'RA/048292', 'PTE', 'ASAABA AWEBWA .B', 'ABDU KISSEKA', 'LUWERO', NULL, 'FILE AT DOR FOR VERIFICATION AS OF 13 AUG 24', NULL, NULL),
(3742, 'RA/049088', 'PTE', 'OGUMALE WILLIAM', 'OGULO PATRICK', 'SOROTI', NULL, 'FILE AT DOR FOR VERIFICATION AS OF 13 AUG 24', NULL, NULL),
(3743, 'RA/049212', 'PTE', 'EMOKOL STEPHEN', 'KISEKA R', 'KAMPALA', NULL, 'FILE AT DOR FOR VERIFICATION AS OF 13 AUG 24', NULL, NULL),
(3744, 'RA/049284', 'PTE', 'NAKAYENZE SCOVIA', 'WANYENZE MARGRET', 'MBALE', NULL, 'FILE AT DOR FOR VERIFICATION AS OF 13 AUG 24', NULL, NULL),
(3745, 'RA/049527', 'PTE', 'OMACHAR TOM', 'ZIROWOZA BETRICE', 'PALLISA', NULL, 'FILE AT DOR FOR VERIFICATION AS OF 13 AUG 24', NULL, NULL),
(3746, 'RA/049578', 'PTE', 'OPNENCAN JIMMY', 'TABU LOUIS ', 'NEBBI', NULL, 'FILE AT DOR FOR VERIFICATION AS OF 13 AUG 24', NULL, NULL),
(3747, 'RA/049582', 'PTE', 'MAGOMBE MAMATI', 'WOBUYAGA LOSIAN', 'MBALE', NULL, 'FILE AT DOR FOR VERIFICATION AS OF 13 AUG 24', NULL, NULL),
(3748, 'RA/049820', 'PTE', 'TIBIONYEBA NABOTH', 'KALUNGI A ', 'MBARARA', NULL, 'FILE AT DOR FOR VERIFICATION AS OF 13 AUG 24', NULL, NULL),
(3749, 'RA/049950', 'PTE', 'LEWONEDAS KABANDA', 'KANYEGIRE FLORENCE', 'BUSHENYI', NULL, 'FILE AT DOR FOR VERIFICATION AS OF 13 AUG 24', NULL, NULL),
(3750, 'RA/050089', 'PTE', 'ONENCHAN KIVUMBI', 'ALISA POLI', 'NEBBI', NULL, 'FILE AT DOR FOR VERIFICATION AS OF 13 AUG 24', NULL, NULL),
(3751, 'RA/050170', 'PTE', 'ONEGA MICHEAL', 'JERMENA ALIMUNDU', 'NEBBI', NULL, 'FILE AT DOR FOR VERIFICATION AS OF 13 AUG 24', NULL, NULL),
(3752, 'RA/050699', 'PTE', 'OPIO SAMUEL', 'OTHEMBI SAMUEL', 'NEBBI', NULL, 'FILE AT DOR FOR VERIFICATION AS OF 13 AUG 24', NULL, NULL),
(3753, 'RA/050935', 'PTE', 'OTIM PHILIPH', 'JARANGO PATRICK', 'NEBBI', NULL, 'FILE AT DOR FOR VERIFICATION AS OF 13 AUG 24', NULL, NULL),
(3754, 'RA/050992', 'PTE', 'ODAGA ALEX', 'APIL WILBERTO', 'OYAM', NULL, 'FILE AT DOR FOR VERIFICATION AS OF 13 AUG 24', NULL, NULL),
(3755, 'RA/051005', 'PTE', 'OCHENG PAITO', 'KIDEGA FRED', 'GULU', NULL, 'FILE AT DOR FOR VERIFICATION AS OF 13 AUG 24', NULL, NULL),
(3756, 'RA/051086', 'PTE', 'OCAYA FELIX', 'OMUL CHRISTOPHER', 'NEBBI', NULL, 'FILE AT DOR FOR VERIFICATION AS OF 13 AUG 24', NULL, NULL),
(3757, 'RA/051540', 'PTE', 'KACUNGWA JONATHAN', 'NYANGOMA MARY', 'KIBAALE', NULL, 'FILE AT DOR FOR VERIFICATION AS OF 13 AUG 24', NULL, NULL),
(3758, 'RA/051725', 'PTE', 'OKETH RICHRD', 'DOKOEN Y DISON', 'NEBBI', NULL, 'FILE AT DOR FOR VERIFICATION AS OF 13 AUG 24', NULL, NULL),
(3759, 'RA/051771', 'PTE', 'WAYU STEPHEN', 'JULIA OUCHA', 'NEBBI', NULL, 'FILE AT DOR FOR VERIFICATION AS OF 13 AUG 24', NULL, NULL),
(3760, 'RA/051772', 'PTE', 'ONGALA JENARO', 'FABIANO JUNKE', 'GULU', NULL, 'FILE AT DOR FOR VERIFICATION AS OF 13 AUG 24', NULL, NULL),
(3761, 'RA/052234', 'PTE', 'OREDU MICHEAL', 'ATESEKE VERONICA', 'NO DISTRICT', NULL, 'FILE AT DOR FOR VERIFICATION AS OF 13 AUG 24', NULL, NULL),
(3762, 'RA/052408', 'PTE', 'OKOT SAMUEL', 'OJOK QUINTO', 'KITGUM', NULL, 'FILE AT DOR FOR VERIFICATION AS OF 13 AUG 24', NULL, NULL),
(3763, 'RA/052464', 'PTE', 'BAMONYA CHRISTOPHER', 'OJABMOFRANCIS', 'BUSIA', NULL, 'FILE AT DOR FOR VERIFICATION AS OF 13 AUG 24', NULL, NULL),
(3764, 'RA/052475', 'PTE', 'ODIGO JULIUS', 'KONYIO JOYCE', 'NGORA', NULL, 'FILE AT DOR FOR VERIFICATION AS OF 13 AUG 24', NULL, NULL),
(3765, 'RA/052486', 'PTE', 'EGESA JOHN', 'WANGIRA ZAKARIYA', 'BUSIA', NULL, 'FILE AT DOR FOR VERIFICATION AS OF 13 AUG 24', NULL, NULL),
(3766, 'RA/052964', 'PTE', 'BUKUKU ROBERT', 'HABWAHANGIRWE EDWARD', 'HOIMA', NULL, 'FILE AT DOR FOR VERIFICATION AS OF 13 AUG 24', NULL, NULL),
(3767, 'RA/053352', 'PTE', 'OCHAN JIMMY', 'OKHODI NELSON', 'PALLISA', NULL, 'FILE AT DOR FOR VERIFICATION AS OF 13 AUG 24', NULL, NULL),
(3768, 'RA/053377', 'PTE', 'OMUGEN DAVID', 'APOLOT PULISIKIRA MAJERI', 'KUMI', NULL, 'FILE AT DOR FOR VERIFICATION AS OF 13 AUG 24', NULL, NULL),
(3769, 'RA/053589', 'PTE', 'OKOROPOT s/o IRIOT KUPULIANO', 'EDUPITAI MATILIDA', 'KUMI', NULL, 'FILE AT DOR FOR VERIFICATION AS OF 13 AUG 24', NULL, NULL),
(3770, 'RA/053599', 'PTE', 'MUKWASYA ERIA', 'NASANGA ANNET', 'LUWERO', NULL, 'FILE AT DOR FOR VERIFICATION AS OF 13 AUG 24', NULL, NULL),
(3771, 'RA/053676', 'PTE', 'SIKUKU MOSES', 'HHELINGAT LUCIA', 'KAPCHORWA', NULL, 'FILE AT DOR FOR VERIFICATION AS OF 13 AUG 24', NULL, NULL),
(3772, 'RA/053789', 'PTE', 'OKULU PATRICK', 'KALUME HELLEN', 'KUMI', NULL, 'FILE AT DOR FOR VERIFICATION AS OF 13 AUG 24', NULL, NULL),
(3773, 'RA/054102', 'PTE', 'ORACH OGWOU', 'MANANO W.FAUSTNE', 'NEBBI', NULL, 'FILE AT DOR FOR VERIFICATION AS OF 13 AUG 24', NULL, NULL),
(3774, 'RA/055013', 'PTE', 'NAKACWA JANE', 'NAKATUDDE JANE', 'MASAKA', NULL, 'FILE AT DOR FOR VERIFICATION AS OF 13 AUG 24', NULL, NULL),
(3775, 'RA/056118', 'PTE', 'TWENYUMIZE DEOGRTIAS', 'AKWERO LUSIA', NULL, NULL, 'FILE AT DOR FOR VERIFICATION AS OF 13 AUG 24', NULL, NULL),
(3776, 'RA/056241', 'PTE', 'KAVUMA LUKA', 'KATEDWA J.', 'MPIGI', NULL, 'FILE AT DOR FOR VERIFICATION AS OF 13 AUG 24', NULL, NULL),
(3777, 'RA/056258', 'PTE', 'MUTABAAZI PETER', 'MUKAKIBIBI M.', NULL, NULL, 'FILE AT DOR FOR VERIFICATION AS OF 13 AUG 24', NULL, NULL),
(3778, 'RA/056356', 'PTE', 'ADIBURU GILBERT', 'ANGUYO JAMES', 'KITGUM', NULL, 'FILE AT DOR FOR VERIFICATION AS OF 13 AUG 24', NULL, NULL),
(3779, 'RA/056388', 'PTE', 'WAGALIMO JOHN', 'WAISWA Y', 'MUKONO', NULL, 'FILE AT DOR FOR VERIFICATION AS OF 13 AUG 24', NULL, NULL),
(3780, 'RA/056585', 'PTE', 'ETIME FRANCIS', 'OBALA SAMUEL', 'APAC', NULL, 'FILE AT DOR FOR VERIFICATION AS OF 13 AUG 24', NULL, NULL),
(3781, 'RA/056694', 'PTE', 'OTIM JAMES', 'APIO BETTY', 'LIRA', NULL, 'FILE AT DOR FOR VERIFICATION AS OF 13 AUG 24', NULL, NULL),
(3782, 'RA/056719', 'PTE', 'JANGWEN ONGUJA', 'ONGUJA GILBERT', 'NEBBI', NULL, 'FILE AT DOR FOR VERIFICATION AS OF 13 AUG 24', NULL, NULL),
(3783, 'RA/056910', 'PTE', 'BYEKWASO STEPHEN', 'TIGAWALANA STANLEY', 'KAMULI', NULL, 'FILE AT DOR FOR VERIFICATION AS OF 13 AUG 24', NULL, NULL),
(3784, 'RA/056917', 'PTE', 'OKIROR OGABE', 'EMIRU DAVID', 'SOROTI', NULL, 'FILE AT DOR FOR VERIFICATION AS OF 13 AUG 24', NULL, NULL),
(3785, 'RA/057226', 'PTE', 'OKUM ALBERT', 'JAVURU ALFRED', 'NEBBI', NULL, 'FILE AT DOR FOR VERIFICATION AS OF 13 AUG 24', NULL, NULL),
(3786, 'RA/057364', 'PTE', 'AJOORI RICHARD', 'APIOTO JENNIFER', 'KUMI', NULL, 'FILE AT DOR FOR VERIFICATION AS OF 13 AUG 24', NULL, NULL),
(3787, 'RA/057379', 'PTE', 'OWINJA CHARLES', 'LUSIA OPOKA', 'NEBBI', NULL, 'FILE AT DOR FOR VERIFICATION AS OF 13 AUG 24', NULL, NULL),
(3788, 'RA/057437', 'PTE', 'BALIDAWA AGGREY', 'TWESIGYE MONIC', 'KAMPALA', NULL, 'FILE AT DOR FOR VERIFICATION AS OF 13 AUG 24', NULL, NULL),
(3789, 'RA/057532', 'PTE', 'NAMULI SARAH', 'NAMUTEBI FOEBE', 'NAKASONGOLA', NULL, 'FILE AT DOR FOR VERIFICATION AS OF 13 AUG 24', NULL, NULL),
(3790, 'RA/057739', 'PTE', 'MUBBALE YOKOSANI', 'KATOOKO ROBINA', 'BUDAKA', NULL, 'FILE AT DOR FOR VERIFICATION AS OF 13 AUG 24', NULL, NULL),
(3791, 'RA/057903', 'PTE', 'BATURI MOSES', 'NANANGWE SARAH', 'IGANGA', NULL, 'FILE AT DOR FOR VERIFICATION AS OF 13 AUG 24', NULL, NULL),
(3792, 'RA/058510', 'PTE', 'SIKORIA MOHAMED', 'JALIA NALIAKA', 'KAPCHORWA', NULL, 'FILE AT DOR FOR VERIFICATION AS OF 13 AUG 24', NULL, NULL),
(3793, 'RA/058641', 'PTE', 'GALANDI PAUL', 'DAKA JACKSON', 'PALLISA', NULL, 'FILE AT DOR FOR VERIFICATION AS OF 13 AUG 24', NULL, NULL),
(3794, 'RA/059140', 'PTE', 'OROGA GILIBERT', 'FAUNGA THOMAS', 'GULU', NULL, 'FILE AT DOR FOR VERIFICATION AS OF 13 AUG 24', NULL, NULL),
(3795, 'RA/059167', 'PTE', 'MUSINGUZI FAUSITINO', 'NSASIRIZE ANGELLA', 'MBARARA', NULL, 'FILE AT DOR FOR VERIFICATION AS OF 13 AUG 24', NULL, NULL),
(3796, 'RA/060045', 'PTE', 'BIRUNGI ANNET', 'MERIDA KABAHINDA', 'BUSHENYI', NULL, 'FILE AT DOR FOR VERIFICATION AS OF 13 AUG 24', NULL, NULL),
(3797, 'RA/060163', 'PTE', 'KATONGOLE JOHN', 'BARYOYANA MALITA', 'MASAKA', NULL, 'FILE AT DOR FOR VERIFICATION AS OF 13 AUG 24', NULL, NULL),
(3798, 'RA/060256', 'PTE', 'AYENI SIMON', 'ACEN KRISTINA', 'SIRONKO', NULL, 'FILE AT DOR FOR VERIFICATION AS OF 13 AUG 24', NULL, NULL),
(3799, 'RA/060434', 'PTE', 'OCHAN ROBIN', 'ABER CHRISTINE', 'GULU', NULL, 'FILE AT DOR FOR VERIFICATION AS OF 13 AUG 24', NULL, NULL),
(3800, 'RA/060451', 'PTE', 'ORYEM SANTO', 'OCIDA SUSAN', 'NEBBI', NULL, 'FILE AT DOR FOR VERIFICATION AS OF 13 AUG 24', NULL, NULL),
(3801, 'RA/060485', 'PTE', 'NYALONGA ALEX', 'OCAMGIU ARKNJELO', 'NEBBI', NULL, 'FILE AT DOR FOR VERIFICATION AS OF 13 AUG 24', NULL, NULL);
INSERT INTO `problematics` (`id`, `army_number`, `rank`, `militant_names`, `claimant_names`, `district`, `shelf_number`, `remarks`, `created_at`, `updated_at`) VALUES
(3802, 'RA/061296', 'PTE', 'TURYAMUREBA ANTHONY', 'FRIDAY ABEL', 'KANUNGU', NULL, 'FILE AT DOR FOR VERIFICATION AS OF 13 AUG 24', NULL, NULL),
(3803, 'RA/061590', 'PTE', 'RUTAKOME JOHN', 'NAMULEME ROSE', 'LUWERO', NULL, 'FILE AT DOR FOR VERIFICATION AS OF 13 AUG 24', NULL, NULL),
(3804, 'RA/062921', 'PTE', 'KANKIRIHO ABEL', 'BEHENDA GEORGE', 'KIRUHURA', NULL, 'FILE AT DOR FOR VERIFICATION AS OF 13 AUG 24', NULL, NULL),
(3805, 'RA/064102', 'PTE', 'MUKASA JOSEPH', 'MBAMBU AGNES', 'WAKISO', NULL, 'FILE AT DOR FOR VERIFICATION AS OF 13 AUG 24', NULL, NULL),
(3806, 'RA/064518', 'PTE', 'BATIINA FRED', 'JJUKO SAMUEL', 'LUWERO', NULL, 'FILE AT DOR FOR VERIFICATION AS OF 13 AUG 24', NULL, NULL),
(3807, 'RA/064744', 'PTE', 'ZIRABA MUBAKALI', 'ARYONG FRANCIS', 'PALLISA', NULL, 'FILE AT DOR FOR VERIFICATION AS OF 13 AUG 24', NULL, NULL),
(3808, 'RA/066109', 'PTE', 'NALUZE ROSE', 'NANKABIRWA SARAH', 'KIRUHURA', NULL, 'FILE AT DOR FOR VERIFICATION AS OF 13 AUG 24', NULL, NULL),
(3809, 'RA/066110', 'PTE', 'KISEGERWA GODFREY', 'NANTONGO BETTY', 'MITYANA', NULL, 'FILE AT DOR FOR VERIFICATION AS OF 13 AUG 24', NULL, NULL),
(3810, 'RA/066531', 'PTE', 'MUKIDI MARTIN', 'BATEGYA BONIFACE', 'MASINDI', NULL, 'FILE AT DOR FOR VERIFICATION AS OF 13 AUG 24', NULL, NULL),
(3811, 'RA/066621', 'PTE', 'OBOTE OCAWDA', 'UZELLE JULIET', 'NEBBI', NULL, 'FILE AT DOR FOR VERIFICATION AS OF 13 AUG 24', NULL, NULL),
(3812, 'RA/066934', 'PTE', 'KATABAZI BENEFANCE', 'BIRUNGI RUTH', 'KAMWENGE', NULL, 'FILE AT DOR FOR VERIFICATION AS OF 13 AUG 24', NULL, NULL),
(3813, 'RA/067409', 'PTE', 'BANYAHANA ROBERT', 'MAGERO JACKSON', 'BUSIA', NULL, 'FILE AT DOR FOR VERIFICATION AS OF 13 AUG 24', NULL, NULL),
(3814, 'RA/068455', 'PTE', 'TUSHEMEREIRWE YORAM', 'MATACH ROBERT', 'KANUNGU', NULL, 'FILE AT DOR FOR VERIFICATION AS OF 13 AUG 24', NULL, NULL),
(3815, 'RA/068459', 'PTE', 'KAMUGISHA WILLY', 'BARUTANNDE E', 'MBARARA', NULL, 'FILE AT DOR FOR VERIFICATION AS OF 13 AUG 24', NULL, NULL),
(3816, 'RA/068803', 'PTE', 'BASAJA CHARLES', 'KAREMIRE KEROYI', 'MBARARA', NULL, 'FILE AT DOR FOR VERIFICATION AS OF 13 AUG 24', NULL, NULL),
(3817, 'RA/068839', 'PTE', 'KERONGO FABI', 'AKELLO FLORENCE', 'NEBBI', NULL, 'FILE AT DOR FOR VERIFICATION AS OF 13 AUG 24', NULL, NULL),
(3818, 'RA/069619', 'PTE', 'WANYAMA WILLIAM', 'MUNUNDI FRANCIS', 'SIRONKO', NULL, 'FILE AT DOR FOR VERIFICATION AS OF 13 AUG 24', NULL, NULL),
(3819, 'RA/069844', 'PTE', 'MUGISH ENOCK', 'NATABI MARIAM', 'KAMPALA', NULL, 'FILE AT DOR FOR VERIFICATION AS OF 13 AUG 24', NULL, NULL),
(3820, 'RA/069930', 'PTE', 'OTEMA CHURCHILL', 'ACHAN GRACE OTEMA', 'KITGUM', NULL, 'FILE AT DOR FOR VERIFICATION AS OF 13 AUG 24', NULL, NULL),
(3821, 'RA/070023', 'PTE', 'ADUBANGO GRACE', 'ZENONE OPOKA.O.', 'NEBBI', NULL, 'FILE AT DOR FOR VERIFICATION AS OF 13 AUG 24', NULL, NULL),
(3822, 'RA/070285', 'PTE', 'MARATCHO SOLOMON', 'ASUMAN ONGIER', 'NEBBI', NULL, 'FILE AT DOR FOR VERIFICATION AS OF 13 AUG 24', NULL, NULL),
(3823, 'RA/070485', 'PTE', 'LOTHU JAMES', 'OKWONGA GAUDENSIO', 'NEBBI', NULL, 'FILE AT DOR FOR VERIFICATION AS OF 13 AUG 24', NULL, NULL),
(3824, 'RA/070924', 'PTE', 'OCAN JACKSON', 'ACAYE RICHARD', 'NWOYA', NULL, 'FILE AT DOR FOR VERIFICATION AS OF 13 AUG 24', NULL, NULL),
(3825, 'RA/071593', 'PTE', 'ONYUTHA CHARLES', 'OCUTHO MARGRET', 'NEBBI', NULL, 'FILE AT DOR FOR VERIFICATION AS OF 13 AUG 24', NULL, NULL),
(3826, 'RA/072523', 'PTE', 'APOLLO ORYEMA ', 'LEYA ORYEMA ', 'ARUA', NULL, 'FILE AT DOR FOR VERIFICATION AS OF 13 AUG 24', NULL, NULL),
(3827, 'RA/072671', 'PTE', 'OKELLO NELSON', 'OBEMU ANDREW', 'NEBBI', NULL, 'FILE AT DOR FOR VERIFICATION AS OF 13 AUG 24', NULL, NULL),
(3828, 'RA/072770', 'PTE', 'ORYEM SANTO O', 'SUZAN OCIDA', 'NEBBI', NULL, 'FILE AT DOR FOR VERIFICATION AS OF 13 AUG 24', NULL, NULL),
(3829, 'RA/073617', 'PTE', 'ONGYERA SILVIO', 'WATHUM CHARLES', 'NEBBI', NULL, 'FILE AT DOR FOR VERIFICATION AS OF 13 AUG 24', NULL, NULL),
(3830, 'RA/073710', 'PTE', 'NAMUTEBI JANET', 'LOTE EMRON', 'KIBOGA', NULL, 'FILE AT DOR FOR VERIFICATION AS OF 13 AUG 24', NULL, NULL),
(3831, 'RA/074386', 'PTE', 'KYALIGONZA WALLEN', 'MUKABAGANDA FEREDANCE', 'KABAROLE', NULL, 'FILE AT DOR FOR VERIFICATION AS OF 13 AUG 24', NULL, NULL),
(3832, 'RA/074843', 'PTE', 'OJARA LAWRENCE', 'ARINGO JACKLIN', 'GULU', NULL, 'FILE AT DOR FOR VERIFICATION AS OF 13 AUG 24', NULL, NULL),
(3833, 'RA/075081', 'PTE', 'ADAGA GILBERT', 'ANANGKANE DOMINIC', 'NEBBI', NULL, 'FILE AT DOR FOR VERIFICATION AS OF 13 AUG 24', NULL, NULL),
(3834, 'RA/075088', 'PTE', 'MUGISA DENIS', 'BEYEZA MARIA', 'HOIMA', NULL, 'FILE AT DOR FOR VERIFICATION AS OF 13 AUG 24', NULL, NULL),
(3835, 'RA/075189', 'PTE', 'KATO GODFREY', 'NAMUSISI JUSTINE', 'MUKONO', NULL, 'FILE AT DOR FOR VERIFICATION AS OF 13 AUG 24', NULL, NULL),
(3836, 'RA/075221', 'PTE', 'IKOBA SAMUEL', 'MUSALWA MOSES', 'KAMULI', NULL, 'FILE AT DOR FOR VERIFICATION AS OF 13 AUG 24', NULL, NULL),
(3837, 'RA/075313', 'PTE', 'NEBUTE PAUL', 'SEELA NEBUTE', 'BUDUDA', NULL, 'FILE AT DOR FOR VERIFICATION AS OF 13 AUG 24', NULL, NULL),
(3838, 'RA/075900', 'PTE', 'KULOBA MOSES', 'NAMUTOSI MILIKA', 'NEBBI', NULL, 'FILE AT DOR FOR VERIFICATION AS OF 13 AUG 24', NULL, NULL),
(3839, 'RA/076146', 'PTE', 'WAMBOKO JAMES', 'TWAYA PETER', 'MBALE', NULL, 'FILE AT DOR FOR VERIFICATION AS OF 13 AUG 24', NULL, NULL),
(3840, 'RA/076393', 'PTE', 'KUTEGEKA JOHN', 'NYAKAISIKI PROSSY', 'MASINDI', NULL, 'FILE AT DOR FOR VERIFICATION AS OF 13 AUG 24', NULL, NULL),
(3841, 'RA/076577', 'PTE', 'MUGISHA PASKALE ', 'KABAGUNGU MORRINE', 'MASINDI', NULL, 'FILE AT DOR FOR VERIFICATION AS OF 13 AUG 24', NULL, NULL),
(3842, 'RA/076816', 'PTE', 'BUKENYA JIMMY', 'LUBEGA JOHN', 'MUKONO', NULL, 'FILE AT DOR FOR VERIFICATION AS OF 13 AUG 24', NULL, NULL),
(3843, 'RA/076933', 'PTE', 'CWOMBE GEOFREY', 'OCARRE CHARLES', 'NEBBI', NULL, 'FILE AT DOR FOR VERIFICATION AS OF 13 AUG 24', NULL, NULL),
(3844, 'RA/077286', 'PTE', 'NAGWERE JUMA', 'ESERI REHEMA', 'MUKONO', NULL, 'FILE AT DOR FOR VERIFICATION AS OF 13 AUG 24', NULL, NULL),
(3845, 'RA/077615', 'PTE', 'SSEGORE JOHN', 'NDALISE JIMMY', 'BUIKWE', NULL, 'FILE AT DOR FOR VERIFICATION AS OF 13 AUG 24', NULL, NULL),
(3846, 'RA/077776', 'PTE', 'BAKAMUHUNGA JOHNSON', 'KYOMUGISHA POSEMARY', 'KISORO', NULL, 'FILE AT DOR FOR VERIFICATION AS OF 13 AUG 24', NULL, NULL),
(3847, 'RA/078329', 'PTE', 'OJOK PETER', 'ESTHER OJOK', 'LIRA', NULL, 'FILE AT DOR FOR VERIFICATION AS OF 13 AUG 24', NULL, NULL),
(3848, 'RA/078381', 'PTE', 'KIGGUNDU SAMUEL', 'NAKUBULWA SAUDA', 'LIRA', NULL, 'FILE AT DOR FOR VERIFICATION AS OF 13 AUG 24', NULL, NULL),
(3849, 'RA/078514', 'PTE', 'OGWAL RICHARD', 'AYO DAVID', 'LIRA', NULL, 'FILE AT DOR FOR VERIFICATION AS OF 13 AUG 24', NULL, NULL),
(3850, 'RA/078686', 'PTE', 'TWESIGYE MEDARD', 'ASIIMWE D.', 'KANUNGU', NULL, 'FILE AT DOR FOR VERIFICATION AS OF 13 AUG 24', NULL, NULL),
(3851, 'RA/078774', 'PTE', 'ELUNGAT VINCENT', 'OKODAN MARIKO', 'BUKEDEA', NULL, 'FILE AT DOR FOR VERIFICATION AS OF 13 AUG 24', NULL, NULL),
(3852, 'RA/078795', 'PTE', 'ONYUTHA TONNY', 'ONYUTHA VALERIO', 'NEBBI', NULL, 'FILE AT DOR FOR VERIFICATION AS OF 13 AUG 24', NULL, NULL),
(3853, 'RA/079088', 'PTE', 'OPOITA J S/O OJANG', 'ACHOLA JANE', 'KUMI', NULL, 'FILE AT DOR FOR VERIFICATION AS OF 13 AUG 24', NULL, NULL),
(3854, 'RA/079148', 'PTE', 'KAWOOYA CHARLES', 'LWAMITI KASUJJA', 'MASAKA', NULL, 'FILE AT DOR FOR VERIFICATION AS OF 13 AUG 24', NULL, NULL),
(3855, 'RA/079863', 'PTE', 'ONENCAN BILBERT', 'AMONY ROSE', 'GULU', NULL, 'FILE AT DOR FOR VERIFICATION AS OF 13 AUG 24', NULL, NULL),
(3856, 'RA/079866', 'PTE', 'OMAYA BOSCO', 'JANE OMANYA', 'LIRA', NULL, 'FILE AT DOR FOR VERIFICATION AS OF 13 AUG 24', NULL, NULL),
(3857, 'RA/080185', 'PTE', 'OKELLO JULIUS', 'LAKOT LILLY', 'GULU', NULL, 'FILE AT DOR FOR VERIFICATION AS OF 13 AUG 24', NULL, NULL),
(3858, 'RA/080869', 'PTE', 'COOLING KATO ALEX', 'NANSUBUGA NAMUGAMBE ROSEMARY', 'LUWERO', NULL, 'FILE AT DOR FOR VERIFICATION AS OF 13 AUG 24', NULL, NULL),
(3859, 'RA/080979', 'PTE', 'TUMUSIIME GEOFREY', 'KAPASIKA JANEPHER', 'KIRUHURA', NULL, 'FILE AT DOR FOR VERIFICATION AS OF 13 AUG 24', NULL, NULL),
(3860, 'RA/081117', 'PTE', 'ONYANGO WILBER', 'TEREZA ATYENO', 'MUBENDE', NULL, 'FILE AT DOR FOR VERIFICATION AS OF 13 AUG 24', NULL, NULL),
(3861, 'RA/081312', 'PTE', 'KWEYAYU BUMALI', 'NAMIULI ZAITUNA', 'KUMI', NULL, 'FILE AT DOR FOR VERIFICATION AS OF 13 AUG 24', NULL, NULL),
(3862, 'RA/081421', 'PTE', 'OVOYA BOSCO', 'WOKO GILBERT', NULL, NULL, 'FILE AT DOR FOR VERIFICATION AS OF 13 AUG 24', NULL, NULL),
(3863, 'RA/081427', 'PTE', 'OKELLO DAVID', 'AUMA BETTY', '', NULL, 'FILE AT DOR FOR VERIFICATION AS OF 13 AUG 24', NULL, NULL),
(3864, 'RA/081647', 'PTE', 'MAKOHA PETER', 'NABWIRE ROBINA', 'BUGIRI', NULL, 'FILE AT DOR FOR VERIFICATION AS OF 13 AUG 24', NULL, NULL),
(3865, 'RA/081679', 'PTE', 'BALUKU SELEVENO', 'BWAMBALE P', 'KASESE', NULL, 'FILE AT DOR FOR VERIFICATION AS OF 13 AUG 24', NULL, NULL),
(3866, 'RA/082092', 'PTE', 'WAIRAGALA JAMES', 'NAMUYIGE JULIET', 'PALLISA', NULL, 'FILE AT DOR FOR VERIFICATION AS OF 13 AUG 24', NULL, NULL),
(3867, 'RA/082250', 'PTE', 'ALIDO MORY', 'LOMISE PAUL', 'MOROTO', NULL, 'FILE AT DOR FOR VERIFICATION AS OF 13 AUG 24', NULL, NULL),
(3868, 'RA/082310', 'PTE', 'OMARE JOHN PETER', 'IGOYE ANNA MARY', 'PALLISA', NULL, 'FILE AT DOR FOR VERIFICATION AS OF 13 AUG 24', NULL, NULL),
(3869, 'RA/083482', 'PTE', 'OCIRA JOEL L.', 'LAMONG THOMAS', 'GULU', NULL, 'FILE AT DOR FOR VERIFICATION AS OF 13 AUG 24', NULL, NULL),
(3870, 'RA/083947', 'PTE', 'LUGOLOBI SAMUEL', 'LUGOLOBI GODFREY', 'KAYUNGA', NULL, 'FILE AT DOR FOR VERIFICATION AS OF 13 AUG 24', NULL, NULL),
(3871, 'RA/083954', 'PTE', 'KAWESA GEORGE', 'NANGOBI EDITH ', 'IGANGA', NULL, 'FILE AT DOR FOR VERIFICATION AS OF 13 AUG 24', NULL, NULL),
(3872, 'RA/084063', 'PTE', 'ONYANGO DAVID', 'MUKOKA GIDION', 'IGANGA', NULL, 'FILE AT DOR FOR VERIFICATION AS OF 13 AUG 24', NULL, NULL),
(3873, 'RA/084319', 'PTE', 'KASADHA MOSES', 'KADONDO ZAINA', 'IGANGA', NULL, 'FILE AT DOR FOR VERIFICATION AS OF 13 AUG 24', NULL, NULL),
(3874, 'RA/084389', 'PTE', 'KASAJJA PATRICK', 'BIIRA PROSSY', 'TORORO', NULL, 'FILE AT DOR FOR VERIFICATION AS OF 13 AUG 24', NULL, NULL),
(3875, 'RA/084438', 'PTE', 'OJULUN MARTIN', 'AKONGO DORIN', 'PALLISA', NULL, 'FILE AT DOR FOR VERIFICATION AS OF 13 AUG 24', NULL, NULL),
(3876, 'RA/084442', 'PTE', 'OPADI JULIUS', 'JOYCE MARY AMODING', 'PALLISA', NULL, 'FILE AT DOR FOR VERIFICATION AS OF 13 AUG 24', NULL, NULL),
(3877, 'RA/084481', 'PTE', 'ODOI ERIAH', 'OWOR SILVESTER', 'BUGIRI', NULL, 'FILE AT DOR FOR VERIFICATION AS OF 13 AUG 24', NULL, NULL),
(3878, 'RA/084584', 'PTE', 'EKELLOT VICENT', 'APIOT MARY', 'KUMI', NULL, 'FILE AT DOR FOR VERIFICATION AS OF 13 AUG 24', NULL, NULL),
(3879, 'RA/085302', 'PTE', 'NANDIGA F.', 'MUKALINGEDE LOVISA', 'PALLISA', NULL, 'FILE AT DOR FOR VERIFICATION AS OF 13 AUG 24', NULL, NULL),
(3880, 'RA/085445', 'PTE', 'WAMBALYA DAVID', 'SAJJA JOHN', 'MBALE', NULL, 'FILE AT DOR FOR VERIFICATION AS OF 13 AUG 24', NULL, NULL),
(3881, 'RA/085622', 'PTE', 'BYARUGABA SAM', 'BYARUGABA EVAS', 'NTUNGAMO', NULL, 'FILE AT DOR FOR VERIFICATION AS OF 13 AUG 24', NULL, NULL),
(3882, 'RA/085750', 'PTE', 'ARIKO JOHN', 'OBOLE JAMES', 'KUMI', NULL, 'FILE AT DOR FOR VERIFICATION AS OF 13 AUG 24', NULL, NULL),
(3883, 'RA/086063', 'PTE', 'OROGI TERENSIO', 'NYITHO OKECH', 'MASINDI', NULL, 'FILE AT DOR FOR VERIFICATION AS OF 13 AUG 24', NULL, NULL),
(3884, 'RA/086518', 'PTE', 'ONGWECH RICHARD', 'APIO FLORENCE', 'NEBBI', NULL, 'FILE AT DOR FOR VERIFICATION AS OF 13 AUG 24', NULL, NULL),
(3885, 'RA/086706', 'PTE', 'WEYOSA DAVID', 'NAMUGANGU', 'BUTALEJA', NULL, 'FILE AT DOR FOR VERIFICATION AS OF 13 AUG 24', NULL, NULL),
(3886, 'RA/087022', 'PTE', 'RUTAYISIRE HAMUZA', 'KABUGO HAMUZA', 'BUIKWE', NULL, 'FILE AT DOR FOR VERIFICATION AS OF 13 AUG 24', NULL, NULL),
(3887, 'RA/087143', 'PTE', 'OBORE CHARLES', 'OSEKU MOSES', 'KUMI', NULL, 'FILE AT DOR FOR VERIFICATION AS OF 13 AUG 24', NULL, NULL),
(3888, 'RA/087213', 'PTE', 'ENGORIT SAM', 'NYAKOL FLORENCE', 'KUMI', NULL, 'FILE AT DOR FOR VERIFICATION AS OF 13 AUG 24', NULL, NULL),
(3889, 'RA/087236', 'PTE', 'OCEEN CHARLES', 'ETIANG CHARLES', 'BUKEDEA', NULL, 'FILE AT DOR FOR VERIFICATION AS OF 13 AUG 24', NULL, NULL),
(3890, 'RA/087245', 'PTE', 'OMARA BONIFACE', 'NIKANORI ODALA', 'LIRA', NULL, 'FILE AT DOR FOR VERIFICATION AS OF 13 AUG 24', NULL, NULL),
(3891, 'RA/087248', 'PTE', 'OKWAKOL ERIASAF', 'AGWANG ROSE', 'KUMI', NULL, 'FILE AT DOR FOR VERIFICATION AS OF 13 AUG 24', NULL, NULL),
(3892, 'RA/087397', 'PTE', 'ORACH SANTO', 'AKOT CHRISTINE', 'GULU', NULL, 'FILE AT DOR FOR VERIFICATION AS OF 13 AUG 24', NULL, NULL),
(3893, 'RA/087421', 'PTE', 'BACURANA  COSTA', 'BAGUMA ROBERT', 'BUNDIBUGYO', NULL, 'FILE AT DOR FOR VERIFICATION AS OF 13 AUG 24', NULL, NULL),
(3894, 'RA/087490', 'PTE', 'AWAU PATRICK', 'ICHIMU CHRISTINE', 'SOROTI', NULL, 'FILE AT DOR FOR VERIFICATION AS OF 13 AUG 24', NULL, NULL),
(3895, 'RA/087583', 'PTE', 'OKIRIA SAM', 'AKOLFLORENCE', 'NGORA', NULL, 'FILE AT DOR FOR VERIFICATION AS OF 13 AUG 24', NULL, NULL),
(3896, 'RA/087681', 'PTE', 'MUJUNI CHRIS', 'KABOONA DINAVENCE', 'ISINGIRO', NULL, 'FILE AT DOR FOR VERIFICATION AS OF 13 AUG 24', NULL, NULL),
(3897, 'RA/088073', 'PTE', 'OKANYA OTETE', 'KATURO JOHN', 'PALLISA', NULL, 'FILE AT DOR FOR VERIFICATION AS OF 13 AUG 24', NULL, NULL),
(3898, 'RA/088190', 'PTE', 'OGEMO FRANCIS', 'FLORENCE ANGEE', 'LIRA', NULL, 'FILE AT DOR FOR VERIFICATION AS OF 13 AUG 24', NULL, NULL),
(3899, 'RA/088265', 'PTE', 'ANGONAI JAMES', 'ASIO BETTY', NULL, NULL, 'FILE AT DOR FOR VERIFICATION AS OF 13 AUG 24', NULL, NULL),
(3900, 'RA/088538', 'PTE', 'OJOK ALFRED', 'ADULE ROSE', 'KITGUM', NULL, 'FILE AT DOR FOR VERIFICATION AS OF 13 AUG 24', NULL, NULL),
(3901, 'RA/089200', 'PTE', 'OJEDE FRED', 'ATYANG SIDONIA', 'LIRA', NULL, 'FILE AT DOR FOR VERIFICATION AS OF 13 AUG 24', NULL, NULL),
(3902, 'RA/089344', 'PTE', 'OCEN RICHARD', 'AKELLO LILLY', 'ALEBTONG', NULL, 'FILE AT DOR FOR VERIFICATION AS OF 13 AUG 24', NULL, NULL),
(3903, 'RA/089464', 'PTE', 'SIRAJE SEKYANZI', 'KASIFA KIGONGO', 'MBARARA', NULL, 'FILE AT DOR FOR VERIFICATION AS OF 13 AUG 24', NULL, NULL),
(3904, 'RA/089657', 'PTE', 'OKOTH ANTHONY', 'ACHENG KELEMETINA', 'LUWERO', NULL, 'FILE AT DOR FOR VERIFICATION AS OF 13 AUG 24', NULL, NULL),
(3905, 'RA/089998', 'PTE', 'OWERE LAWRENCE', 'OPAKA DENIS ', 'OYAM', NULL, 'FILE AT DOR FOR VERIFICATION AS OF 13 AUG 24', NULL, NULL),
(3906, 'RA/090010', 'PTE', 'MUHUMUZA AMOS', 'KAMUGISHA ROBERT', 'KAMWENGE', NULL, 'FILE AT DOR FOR VERIFICATION AS OF 13 AUG 24', NULL, NULL),
(3907, 'RA/090222', 'PTE', 'AKENDA BONIFACE', 'AKENDA PHILIP', '', NULL, 'FILE AT DOR FOR VERIFICATION AS OF 13 AUG 24', NULL, NULL),
(3908, 'RA/090241', 'PTE', 'OTEMA TOM', 'ACENG EVELINE', 'OYAM', NULL, 'FILE AT DOR FOR VERIFICATION AS OF 13 AUG 24', NULL, NULL),
(3909, 'RA/090688', 'PTE', 'ODONG JOHN BOSCO', 'ACAM POLLY', 'LIRA', NULL, 'FILE AT DOR FOR VERIFICATION AS OF 13 AUG 24', NULL, NULL),
(3910, 'RA/090889', 'PTE', 'KIIZA MOSES', 'KAJUMBA JENNIPHER', 'HOIMA', NULL, 'FILE AT DOR FOR VERIFICATION AS OF 13 AUG 24', NULL, NULL),
(3911, 'RA/090989', 'PTE', 'OGWANG MOSES', 'OKUNA BITOROSI', 'OYAM', NULL, 'FILE AT DOR FOR VERIFICATION AS OF 13 AUG 24', NULL, NULL),
(3912, 'RA/091028', 'PTE', 'OKELLO BERNARD', 'OLAMA ALFRED', 'NEBBI', NULL, 'FILE AT DOR FOR VERIFICATION AS OF 13 AUG 24', NULL, NULL),
(3913, 'RA/091396', 'PTE', 'ODONGO DAVID', 'OKWIR BOSCO', 'LIRA', NULL, 'FILE AT DOR FOR VERIFICATION AS OF 13 AUG 24', NULL, NULL),
(3914, 'RA/091434', 'PTE', 'ONGYERA MOSES', 'TEKAKWO ISSA', 'NEBBI', NULL, 'FILE AT DOR FOR VERIFICATION AS OF 13 AUG 24', NULL, NULL),
(3915, 'RA/091636', 'PTE', 'ATEI KONSATINO', 'OLEM ALBINO', 'LIRA', NULL, 'FILE AT DOR FOR VERIFICATION AS OF 13 AUG 24', NULL, NULL),
(3916, 'RA/091962', 'PTE', 'MUKOKE CHRISTOPHER', 'BATAMBUZE R&NAMUKUVE O', 'LUUKA', NULL, 'FILE AT DOR FOR VERIFICATION AS OF 13 AUG 24', NULL, NULL),
(3917, 'RA/092056', 'PTE', 'MUGISHA FRANCIS', 'KAZURA ROBERT', 'GULU', NULL, 'FILE AT DOR FOR VERIFICATION AS OF 13 AUG 24', NULL, NULL),
(3918, 'RA/092128', 'PTE', 'OGWANG DARIO', 'MRS MILLY AKELLO OGWANG', 'OYAM', NULL, 'FILE AT DOR FOR VERIFICATION AS OF 13 AUG 24', NULL, NULL),
(3919, 'RA/092150', 'PTE', 'OGWANGA AMONY PATRICK', 'AMONY FLORENCE', 'LIRA', NULL, 'FILE AT DOR FOR VERIFICATION AS OF 13 AUG 24', NULL, NULL),
(3920, 'RA/092178', 'PTE', 'AGENOWOTH PETER', 'JAKISA SAMUEL', 'NEBBI', NULL, 'FILE AT DOR FOR VERIFICATION AS OF 13 AUG 24', NULL, NULL),
(3921, 'RA/092317', 'PTE', 'AMUJA RICHARD', 'OWANI MARTIN', 'GULU', NULL, 'FILE AT DOR FOR VERIFICATION AS OF 13 AUG 24', NULL, NULL),
(3922, 'RA/092389', 'PTE', 'OPIO PETER OMECH', 'ACEN JUSTINE', 'ALEBTONG', NULL, 'FILE AT DOR FOR VERIFICATION AS OF 13 AUG 24', NULL, NULL),
(3923, 'RA/092512', 'PTE', 'OYENDO GEOFREY', 'ATIM LUCY', 'OYAM', NULL, 'FILE AT DOR FOR VERIFICATION AS OF 13 AUG 24', NULL, NULL),
(3924, 'RA/092569', 'PTE', 'OKELLO ANJILO', 'MOO SIDONIO', 'KUMI', NULL, 'FILE AT DOR FOR VERIFICATION AS OF 13 AUG 24', NULL, NULL),
(3925, 'RA/092796', 'PTE', 'OCEN AMOS', 'OBUA DENNIS', 'APAC', NULL, 'FILE AT DOR FOR VERIFICATION AS OF 13 AUG 24', NULL, NULL),
(3926, 'RA/092849', 'PTE', 'ODONG QUINTO', 'ADONG LILLY', 'OYAM', NULL, 'FILE AT DOR FOR VERIFICATION AS OF 13 AUG 24', NULL, NULL),
(3927, 'RA/092911', 'PTE', 'WEITUM CHOMBE', 'NABUKENYA ROSE', 'MITYANA', NULL, 'FILE AT DOR FOR VERIFICATION AS OF 13 AUG 24', NULL, NULL),
(3928, 'RA/093033', 'PTE', 'ORINGI ALBERT', 'OYIKA KOBA', 'NEBBI', NULL, 'FILE AT DOR FOR VERIFICATION AS OF 13 AUG 24', NULL, NULL),
(3929, 'RA/093041', 'PTE', 'KAKOOZA JOHN', 'KAZOYA JOHN', 'MITYANA', NULL, 'FILE AT DOR FOR VERIFICATION AS OF 13 AUG 24', NULL, NULL),
(3930, 'RA/093201', 'PTE', 'LUWIIJI OPENJI', 'LUIGI TOFA', '', NULL, 'FILE AT DOR FOR VERIFICATION AS OF 13 AUG 24', NULL, NULL),
(3931, 'RA/093695', 'PTE', 'ONEK TOLIT', 'LAKER JOSEPHINE', 'AMURU', NULL, 'FILE AT DOR FOR VERIFICATION AS OF 13 AUG 24', NULL, NULL),
(3932, 'RA/093741', 'PTE', 'ACUP RICHARD', 'ALELE MARY', 'ALEBTONG', NULL, 'FILE AT DOR FOR VERIFICATION AS OF 13 AUG 24', NULL, NULL),
(3933, 'RA/093899', 'PTE', 'BONGOMIN ROBINSON', 'ADONG SANTA', 'GULU', NULL, 'FILE AT DOR FOR VERIFICATION AS OF 13 AUG 24', NULL, NULL),
(3934, 'RA/094481', 'PTE', 'KOMAKECH JULIUS', 'APIYO JUDITH', 'GULU', NULL, 'FILE AT DOR FOR VERIFICATION AS OF 13 AUG 24', NULL, NULL),
(3935, 'RA/094580', 'PTE', 'ONEKA KAJURA', 'OPIO DENNIS', 'GULU', NULL, 'FILE AT DOR FOR VERIFICATION AS OF 13 AUG 24', NULL, NULL),
(3936, 'RA/094790', 'PTE', 'ONGOM TONNY', 'OLIMA BOB', 'DOKOLO', NULL, 'FILE AT DOR FOR VERIFICATION AS OF 13 AUG 24', NULL, NULL),
(3937, 'RA/095041', 'PTE', 'BAGUMA CHARLES', 'MRS BAGUMA ANNET', 'HOIMA', NULL, 'FILE AT DOR FOR VERIFICATION AS OF 13 AUG 24', NULL, NULL),
(3938, 'RA/095296', 'PTE', 'NDYAMWEBAZA ALFRED', 'TUSHEMERERWE FLORENCE', 'RUKUNGIRI', NULL, 'FILE AT DOR FOR VERIFICATION AS OF 13 AUG 24', NULL, NULL),
(3939, 'RA/095342', 'PTE', 'TUMUSIIME JULIET', 'TUKAHIRWA JOHN', 'NTUNGAMO', NULL, 'FILE AT DOR FOR VERIFICATION AS OF 13 AUG 24', NULL, NULL),
(3940, 'RA/095489', 'PTE', 'OTIM MARTIN', 'EUNICE OTIM', 'ALEBTONG', NULL, 'FILE AT DOR FOR VERIFICATION AS OF 13 AUG 24', NULL, NULL),
(3941, 'RA/095779', 'PTE', 'ARINAITWE  GERALD', 'MUHARWE GORET', 'MBARARA', NULL, 'FILE AT DOR FOR VERIFICATION AS OF 13 AUG 24', NULL, NULL),
(3942, 'RA/095893', 'PTE', 'MUSISI STEPHEN', 'NUGI HARRIET', 'MUKONO', NULL, 'FILE AT DOR FOR VERIFICATION AS OF 13 AUG 24', NULL, NULL),
(3943, 'RA/095894', 'PTE', 'BUSIGYE PATRICK', 'KITEKA PEREDASI', 'KABAROLE', NULL, 'FILE AT DOR FOR VERIFICATION AS OF 13 AUG 24', NULL, NULL),
(3944, 'RA/096124', 'PTE', 'APORO MICHEAL', 'JENTY ONYANGA', 'LIRA', NULL, 'FILE AT DOR FOR VERIFICATION AS OF 13 AUG 24', NULL, NULL),
(3945, 'RA/096503', 'PTE', 'OMARA ROBERT', 'ODBELLA RICHARD', 'SOROTI', NULL, 'FILE AT DOR FOR VERIFICATION AS OF 13 AUG 24', NULL, NULL),
(3946, 'RA/096704', 'PTE', 'AMONE FENG', 'OMONY SEVERIO', 'GULU', NULL, 'FILE AT DOR FOR VERIFICATION AS OF 13 AUG 24', NULL, NULL),
(3947, 'RA/097297', 'PTE', 'WANDERA SULA', 'MARY FILDA', 'JINJA', NULL, 'FILE AT DOR FOR VERIFICATION AS OF 13 AUG 24', NULL, NULL),
(3948, 'RA/097642', 'PTE', 'OCHAKI JENARO', 'NATALINA MANANU', 'NEBBI', NULL, 'FILE AT DOR FOR VERIFICATION AS OF 13 AUG 24', NULL, NULL),
(3949, 'RA/097829', 'PTE', 'AWIO ASAAC', 'ALUGY CONCY', 'APAC', NULL, 'FILE AT DOR FOR VERIFICATION AS OF 13 AUG 24', NULL, NULL),
(3950, 'RA/097861', 'PTE', 'ANYANG BONNY', 'ABALO BETTY', NULL, NULL, 'FILE AT DOR FOR VERIFICATION AS OF 13 AUG 24', NULL, NULL),
(3951, 'RA/097894', 'PTE', 'OPIO MICHEAL', 'ATOO JESCA', 'KITGUM', NULL, 'FILE AT DOR FOR VERIFICATION AS OF 13 AUG 24', NULL, NULL),
(3952, 'RA/098422', 'PTE', 'OTIM OJUL BENSON', 'OJUR YOKANIA', 'AMURIA', NULL, 'FILE AT DOR FOR VERIFICATION AS OF 13 AUG 24', NULL, NULL),
(3953, 'RA/098436', 'PTE', 'ECHODU JOHN FRANCIS', 'LATABU MARGRET', 'SERERE', NULL, 'FILE AT DOR FOR VERIFICATION AS OF 13 AUG 24', NULL, NULL),
(3954, 'RA/098570', 'PTE', 'EMORU EMMANUEL', 'ASEGE ROSSE & AMONG MARGRET', 'KUMI', NULL, 'FILE AT DOR FOR VERIFICATION AS OF 13 AUG 24', NULL, NULL),
(3955, 'RA/098706', 'PTE', 'KYARIKUNDA POLITHO', 'KYOSIIMIRE JANE', 'MASAKA', NULL, 'FILE AT DOR FOR VERIFICATION AS OF 13 AUG 24', NULL, NULL),
(3956, 'RA/098709', 'PTE', 'BWAMBALE SIMON', 'MBUSA BIGHANZIRE', 'KASESE', NULL, 'FILE AT DOR FOR VERIFICATION AS OF 13 AUG 24', NULL, NULL),
(3957, 'RA/098743', 'PTE', 'ELECU MAJID', 'ETOTU BENARD', 'SOROTI', NULL, 'FILE AT DOR FOR VERIFICATION AS OF 13 AUG 24', NULL, NULL),
(3958, 'RA/099042', 'PTE', 'ODIK MOSES', 'AKULLO ROSE', 'LIRA', NULL, 'FILE AT DOR FOR VERIFICATION AS OF 13 AUG 24', NULL, NULL),
(3959, 'RA/099136', 'PTE', 'OKUMU JACKSON', 'AKELLO SABINA', 'GULU', NULL, 'FILE AT DOR FOR VERIFICATION AS OF 13 AUG 24', NULL, NULL),
(3960, 'RA/099561', 'PTE', 'ONEN AFAYO', 'JAPYEM SIMEO', 'ARUA', NULL, 'FILE AT DOR FOR VERIFICATION AS OF 13 AUG 24', NULL, NULL),
(3961, 'RA/100164', 'PTE', 'MATSIKO DUNCAN', 'KASHEMERE CLARE', 'BUSHENYI', NULL, 'FILE AT DOR FOR VERIFICATION AS OF 13 AUG 24', NULL, NULL),
(3962, 'RA/100477', 'PTE', 'OBONGOCHAN ROBERT', '', 'KABERAMAIDO', NULL, 'FILE AT DOR FOR VERIFICATION AS OF 13 AUG 24', NULL, NULL),
(3963, 'RA/100575', 'PTE', 'OLOBO MOSES', 'ELAPU G WILFRED', 'SOROTI', NULL, 'FILE AT DOR FOR VERIFICATION AS OF 13 AUG 24', NULL, NULL),
(3964, 'RA/100771', 'PTE', 'AKISO JAMES', 'AISU MARGRET', 'KATAKWI', NULL, 'FILE AT DOR FOR VERIFICATION AS OF 13 AUG 24', NULL, NULL),
(3965, 'RA/101123', 'PTE', 'OKIROR SIRILO', 'ISIRO ANNA GRACE', 'KATAKWI', NULL, 'FILE AT DOR FOR VERIFICATION AS OF 13 AUG 24', NULL, NULL),
(3966, 'RA/102147', 'PTE', 'ODEA ROBERT', 'ATAI BERITA', 'SOROTI', NULL, 'FILE AT DOR FOR VERIFICATION AS OF 13 AUG 24', NULL, NULL),
(3967, 'RA/102191', 'PTE', 'EDED EMMANUEL', 'IDUNGAT GRACE', 'KATAKWI', NULL, 'FILE AT DOR FOR VERIFICATION AS OF 13 AUG 24', NULL, NULL),
(3968, 'RA/102374', 'PTE', 'OPARA PAULINO', 'OYEKI KALIMENSA', 'NEBBI', NULL, 'FILE AT DOR FOR VERIFICATION AS OF 13 AUG 24', NULL, NULL),
(3969, 'RA/102543', 'PTE', 'EMIACHU FAUSTINO', 'NAKIWALA JACKLINE', 'SOROTI', NULL, 'FILE AT DOR FOR VERIFICATION AS OF 13 AUG 24', NULL, NULL),
(3970, 'RA/102674', 'PTE', 'OKWARE FRANCIS', 'ACAMU GRACE', 'NGORA', NULL, 'FILE AT DOR FOR VERIFICATION AS OF 13 AUG 24', NULL, NULL),
(3971, 'RA/102676', 'PTE', 'OKOL SAMUEL', 'OKOL ANNE', 'TORORO', NULL, 'FILE AT DOR FOR VERIFICATION AS OF 13 AUG 24', NULL, NULL),
(3972, 'RA/102839', 'PTE', 'EWERU RAZARO', 'ADIJA SOFIA & ADUM SAMUEL', 'SERERE', NULL, 'FILE AT DOR FOR VERIFICATION AS OF 13 AUG 24', NULL, NULL),
(3973, 'RA/102983', 'PTE', 'OKWII RICHARD', 'AKELLO AGNES', 'BUKEDIA', NULL, 'FILE AT DOR FOR VERIFICATION AS OF 13 AUG 24', NULL, NULL),
(3974, 'RA/103243', 'PTE', 'ACHIBU SAMSON', 'NAMASA STELA', 'SOROTI', NULL, 'FILE AT DOR FOR VERIFICATION AS OF 13 AUG 24', NULL, NULL),
(3975, 'RA/103272', 'PTE', 'OMONGIN LEONALD', 'IBUUTU PAULINE', 'KATAKWI', NULL, 'FILE AT DOR FOR VERIFICATION AS OF 13 AUG 24', NULL, NULL),
(3976, 'RA/103296', 'PTE', 'EMURON JOHN MOSES', 'AKITENG HELLEN', 'KUMI', NULL, 'FILE AT DOR FOR VERIFICATION AS OF 13 AUG 24', NULL, NULL),
(3977, 'RA/103678', 'PTE', 'AYEPE FIDEL', 'AYUDO STELLA', 'KABERAMAIDO', NULL, 'FILE AT DOR FOR VERIFICATION AS OF 13 AUG 24', NULL, NULL),
(3978, 'RA/104108', 'PTE', 'KAWOOYA MUHAMUDU', 'BABIRYE SANYU', 'MASINDI', NULL, 'FILE AT DOR FOR VERIFICATION AS OF 13 AUG 24', NULL, NULL),
(3979, 'RA/104201', 'PTE', 'OBOL FRANCO', 'LRANGA SANTO', 'KITGUM', NULL, 'FILE AT DOR FOR VERIFICATION AS OF 13 AUG 24', NULL, NULL),
(3980, 'RA/104267', 'PTE', 'OMONY JIMMY', 'FAUTHUM JESKA', 'NEBBI', NULL, 'FILE AT DOR FOR VERIFICATION AS OF 13 AUG 24', NULL, NULL),
(3981, 'RA/105143', 'PTE', 'OKENG ANDREW', 'OGWAL SOLOMON', 'LIRA', NULL, 'FILE AT DOR FOR VERIFICATION AS OF 13 AUG 24', NULL, NULL),
(3982, 'RA/105395', 'PTE', 'EURIANA SAM', 'ATIM LOYCE', 'SOROTI', NULL, 'FILE AT DOR FOR VERIFICATION AS OF 13 AUG 24', NULL, NULL),
(3983, 'RA/105627', 'PTE', 'OCEN YUVENTINO', 'ROJOLINA APIO', 'LIRA', NULL, 'FILE AT DOR FOR VERIFICATION AS OF 13 AUG 24', NULL, NULL),
(3984, 'RA/105760', 'PTE', 'OKELLO TONNY', 'ONGUNE MOSES', 'LIRA', NULL, 'FILE AT DOR FOR VERIFICATION AS OF 13 AUG 24', NULL, NULL),
(3985, 'RA/106680', 'PTE', 'BILALI SULAIMAN', 'AWACHA YASIN', NULL, NULL, 'FILE AT DOR FOR VERIFICATION AS OF 13 AUG 24', NULL, NULL),
(3986, 'RA/107092', 'PTE', 'ENYIMU PETER', 'ACEDO SUSAN', 'KABERAMAIDO', NULL, 'FILE AT DOR FOR VERIFICATION AS OF 13 AUG 24', NULL, NULL),
(3987, 'RA/107243', 'PTE', 'ECAHATA JOHNSON', 'ANUME FAUSTINO', 'KUMI', NULL, 'FILE AT DOR FOR VERIFICATION AS OF 13 AUG 24', NULL, NULL),
(3988, 'RA/107317', 'PTE', 'OMODING JOHN PATRICK', 'AKONYETBMARGRET', 'KUMI', NULL, 'FILE AT DOR FOR VERIFICATION AS OF 13 AUG 24', NULL, NULL),
(3989, 'RA/107322', 'PTE', 'OMODING JOHN PATRICK', 'AKONYET MARGRET', 'KUMI', NULL, 'FILE AT DOR FOR VERIFICATION AS OF 13 AUG 24', NULL, NULL),
(3990, 'RA/107333', 'PTE', 'OGWANG JOHN CHARLIE', 'ATAI JOICE', 'KUMI', NULL, 'FILE AT DOR FOR VERIFICATION AS OF 13 AUG 24', NULL, NULL),
(3991, 'RA/107951', 'PTE', 'OSANGAL CHARLES', 'MALINGA OLIVA', 'SOROTI', NULL, 'FILE AT DOR FOR VERIFICATION AS OF 13 AUG 24', NULL, NULL),
(3992, 'RA/108269', 'PTE', 'OKOYOYI SAM', 'ARIKO JOSEPH', 'KATAKWI', NULL, 'FILE AT DOR FOR VERIFICATION AS OF 13 AUG 24', NULL, NULL),
(3993, 'RA/108309', 'PTE', 'OTIM TOM', 'JPAS MARTINA', 'KUMI', NULL, 'FILE AT DOR FOR VERIFICATION AS OF 13 AUG 24', NULL, NULL),
(3994, 'RA/108345', 'PTE', 'IMMALINGAT WILLIAM', 'ANGEBO MARGRET', 'AMURIA', NULL, 'FILE AT DOR FOR VERIFICATION AS OF 13 AUG 24', NULL, NULL),
(3995, 'RA/108694', 'PTE', 'EYAKU MICHEAL', 'ADONG LILLIAN', 'LIRA', NULL, 'FILE AT DOR FOR VERIFICATION AS OF 13 AUG 24', NULL, NULL),
(3996, 'RA/109623', 'PTE', 'KALYANGO KIZITO', 'NASUNA B', 'MITYANA', NULL, 'FILE AT DOR FOR VERIFICATION AS OF 13 AUG 24', NULL, NULL),
(3997, 'RA/109671', 'PTE', 'OLUPOT SIMON', 'ARIYAMO JOSEPHINE', 'KATAKWI', NULL, 'FILE AT DOR FOR VERIFICATION AS OF 13 AUG 24', NULL, NULL),
(3998, 'RA/109924', 'PTE', 'OBARTOT CELSIO', 'KIIZA SWALEN OGOL', 'PAKWACH', NULL, 'FILE AT DOR FOR VERIFICATION AS OF 13 AUG 24', NULL, NULL),
(3999, 'RA/109984', 'PTE', 'KINOBE BAZIL', 'OKECI JINARO', 'NEBBI', NULL, 'FILE AT DOR FOR VERIFICATION AS OF 13 AUG 24', NULL, NULL),
(4000, 'RA/110418', 'PTE', 'SANGE SANKIE FRANCIS', 'MUKONE DAVID', 'BUGIRI', NULL, 'FILE AT DOR FOR VERIFICATION AS OF 13 AUG 24', NULL, NULL),
(4001, 'RA/110473', 'PTE', 'KASADA ABEL', 'GWASALA RECHEAL', '', NULL, 'FILE AT DOR FOR VERIFICATION AS OF 13 AUG 24', NULL, NULL),
(4002, 'RA/110480', 'PTE', 'BETUBIZA ALEX', 'GLORIA & MUHWEZI M', 'KANUNGU', NULL, 'FILE AT DOR FOR VERIFICATION AS OF 13 AUG 24', NULL, NULL),
(4003, 'RA/110571', 'PTE', 'ETENY BOSCO', 'ATUCHO MACKAY', 'AMURIA', NULL, 'FILE AT DOR FOR VERIFICATION AS OF 13 AUG 24', NULL, NULL),
(4004, 'RA/110581', 'PTE', 'ELUNGATI JUSTINE', 'ASIKU FLORENCE', 'KUMI', NULL, 'FILE AT DOR FOR VERIFICATION AS OF 13 AUG 24', NULL, NULL),
(4005, 'RA/111264', 'PTE', 'AKOL SILVER', 'OKIROR MICHEAL', 'KUMI', NULL, 'FILE AT DOR FOR VERIFICATION AS OF 13 AUG 24', NULL, NULL),
(4006, 'RA/111489', 'PTE', 'KIMERA JOSEPHART', 'NIGHT FLORENCE', 'HOIMA', NULL, 'FILE AT DOR FOR VERIFICATION AS OF 13 AUG 24', NULL, NULL),
(4007, 'RA/111996', 'PTE', 'BEINGANA ENOCK', 'RUNGWANANTEBE LHODA', 'BUSHENYI', NULL, 'FILE AT DOR FOR VERIFICATION AS OF 13 AUG 24', NULL, NULL),
(4008, 'RA/112288', 'PTE', 'NAMARA JULIUS', 'KANOHIRE EDINAVEWCE', '', NULL, 'FILE AT DOR FOR VERIFICATION AS OF 13 AUG 24', NULL, NULL),
(4009, 'RA/112555', 'PTE', 'KATABAZI DIDAS', 'NAKABUYE FLORENCE', 'WAKISO', NULL, 'FILE AT DOR FOR VERIFICATION AS OF 13 AUG 24', NULL, NULL),
(4010, 'RA/112676', 'PTE', 'WANOR ANGELO', 'OCAYA ANGELLO', 'NEBBI', NULL, 'FILE AT DOR FOR VERIFICATION AS OF 13 AUG 24', NULL, NULL),
(4011, 'RA/112745', 'PTE', 'OKELLO MARTIN', 'ABURU SILVIA', 'OTUKE', NULL, 'FILE AT DOR FOR VERIFICATION AS OF 13 AUG 24', NULL, NULL),
(4012, 'RA/112748', 'PTE', 'OMYER HENRY JAMES', 'OMYERI LUSIANO', 'HOIMA', NULL, 'FILE AT DOR FOR VERIFICATION AS OF 13 AUG 24', NULL, NULL),
(4013, 'RA/112943', 'PTE', 'OPIO PETER', 'BEATRICE OZELLE', 'ZOMBO', NULL, 'FILE AT DOR FOR VERIFICATION AS OF 13 AUG 24', NULL, NULL),
(4014, 'RA/112946', 'PTE', 'TUMUHIMBISE RAUBEN', 'MUSEKURA PASCAL', 'KABALE', NULL, 'FILE AT DOR FOR VERIFICATION AS OF 13 AUG 24', NULL, NULL),
(4015, 'RA/113204', 'PTE', 'ABEKA ROBERT', 'ANGILINA ACUTH', 'NEBBI', NULL, 'FILE AT DOR FOR VERIFICATION AS OF 13 AUG 24', NULL, NULL),
(4016, 'RA/113387', 'PTE', 'KYARIMPA RICHARD', 'TURYOMUMAZIMA HILDAH', 'RUKUNGIRI', NULL, 'FILE AT DOR FOR VERIFICATION AS OF 13 AUG 24', NULL, NULL),
(4017, 'RA/113614', 'PTE', 'BALISANGAYO EDWARD ', 'ELETA YOFESI ', 'BUNDIBUGYO', NULL, 'FILE AT DOR FOR VERIFICATION AS OF 13 AUG 24', NULL, NULL),
(4018, 'RA/113733', 'PTE', 'ANYOLITHO DAVID', 'WANOK OKUNYA', 'NEBBI', NULL, 'FILE AT DOR FOR VERIFICATION AS OF 13 AUG 24', NULL, NULL),
(4019, 'RA/113746', 'PTE', 'OKOT JOEL', 'AKELLO ESTER', 'DOKOLO', NULL, 'FILE AT DOR FOR VERIFICATION AS OF 13 AUG 24', NULL, NULL),
(4020, 'RA/113943', 'PTE', 'AMOCA YOWERI', 'OWINY TOM', 'KABERAMAIDO', NULL, 'FILE AT DOR FOR VERIFICATION AS OF 13 AUG 24', NULL, NULL),
(4021, 'RA/114018', 'PTE', 'NERIMA SANYA', 'MAFABI MOHAMED', 'MBALE', NULL, 'FILE AT DOR FOR VERIFICATION AS OF 13 AUG 24', NULL, NULL),
(4022, 'RA/114024', 'PTE', 'SAGE JOHN', 'ONGARIA SIILA', 'KATAKWI', NULL, 'FILE AT DOR FOR VERIFICATION AS OF 13 AUG 24', NULL, NULL),
(4023, 'RA/114032', 'PTE', 'KAYONDO FRANCIS', 'KEVINA NALWOGA', 'LUWERO', NULL, 'FILE AT DOR FOR VERIFICATION AS OF 13 AUG 24', NULL, NULL),
(4024, 'RA/114047', 'PTE', 'OTEMA TOM', 'OTEMA EVALINE', 'AMOLATAR', NULL, 'FILE AT DOR FOR VERIFICATION AS OF 13 AUG 24', NULL, NULL),
(4025, 'RA/114166', 'PTE', 'GIDUDU CHARLES', 'WOMAKULU YESELO', 'SIRONKO', NULL, 'FILE AT DOR FOR VERIFICATION AS OF 13 AUG 24', NULL, NULL),
(4026, 'RA/114635', 'PTE', 'ODONGO NOAH', 'OPIO ROBERT', ',KUMI', NULL, 'FILE AT DOR FOR VERIFICATION AS OF 13 AUG 24', NULL, NULL),
(4027, 'RA/114756', 'PTE', 'WAWERO GEOFFREY', 'ODYEK SAM. O.', 'LIRA', NULL, 'FILE AT DOR FOR VERIFICATION AS OF 13 AUG 24', NULL, NULL),
(4028, 'RA/115647', 'PTE', 'AFONO ABDON', 'OWINO PAUL ABDONSON', 'GULU', NULL, 'FILE AT DOR FOR VERIFICATION AS OF 13 AUG 24', NULL, NULL),
(4029, 'RA/115710', 'PTE', 'TIBAMWENDA ERASTO', 'KYOKUSHABA DOVINA', 'RUKUNGIRI', NULL, 'FILE AT DOR FOR VERIFICATION AS OF 13 AUG 24', NULL, NULL),
(4030, 'RA/115735', 'PTE', 'KIIZA BAMUHENDA', 'KITENGIRE YAYERI', 'WAKISO', NULL, 'FILE AT DOR FOR VERIFICATION AS OF 13 AUG 24', NULL, NULL),
(4031, 'RA/115912', 'PTE', 'EYATU PETER', 'OMODING JAMES', 'NGORA', NULL, 'FILE AT DOR FOR VERIFICATION AS OF 13 AUG 24', NULL, NULL),
(4032, 'RA/116172', 'PTE', 'ODIGA RICHARD', 'ERUU CONSTANT', 'SOROTI', NULL, 'FILE AT DOR FOR VERIFICATION AS OF 13 AUG 24', NULL, NULL),
(4033, 'RA/116345', 'PTE', 'ALIBET WILLIAM', 'ACEN GRACE', 'KATAKWI', NULL, 'FILE AT DOR FOR VERIFICATION AS OF 13 AUG 24', NULL, NULL),
(4034, 'RA/116404', 'PTE', 'KAMUGISHA CHRISTOPHER', 'BWOMEZI WILLIAM', 'MUBENDE', NULL, 'FILE AT DOR FOR VERIFICATION AS OF 13 AUG 24', NULL, NULL),
(4035, 'RA/116470', 'PTE', 'TUMWESIGYE  ANGELLO', 'KAMAGOBA ANGELINA', '', NULL, 'FILE AT DOR FOR VERIFICATION AS OF 13 AUG 24', NULL, NULL),
(4036, 'RA/117160', 'PTE', 'ATYANG PATRICK', 'AKELLO MADLENA', 'LIRA', NULL, 'FILE AT DOR FOR VERIFICATION AS OF 13 AUG 24', NULL, NULL),
(4037, 'RA/117296', 'PTE', 'OTIM FRANCIS', 'APETO ALFONSE', '', NULL, 'FILE AT DOR FOR VERIFICATION AS OF 13 AUG 24', NULL, NULL),
(4038, 'RA/117793', 'PTE', 'OLUKA GEORGE', 'AKODI JOYCE', 'LIRA', NULL, 'FILE AT DOR FOR VERIFICATION AS OF 13 AUG 24', NULL, NULL),
(4039, 'RA/118459', 'PTE', 'SENGABI JOSEPH', 'SSEMPIJJA FRED', '', NULL, 'FILE AT DOR FOR VERIFICATION AS OF 13 AUG 24', NULL, NULL),
(4040, 'RA/118978', 'PTE', 'KISITU STEPHEN', 'NATABI LOVINSA', 'LUWERO', NULL, 'FILE AT DOR FOR VERIFICATION AS OF 13 AUG 24', NULL, NULL),
(4041, 'RA/119114', 'PTE', 'MUGIRA FRED KARAMAJONGO', 'NAYEBARE JOVIA', 'KIBOGA', NULL, 'FILE AT DOR FOR VERIFICATION AS OF 13 AUG 24', NULL, NULL),
(4042, 'RA/119373', 'PTE', 'OKIROR JOHN ROBERT', 'OKWARE CALVIN', 'KUMI', NULL, 'FILE AT DOR FOR VERIFICATION AS OF 13 AUG 24', NULL, NULL),
(4043, 'RA/119879', 'PTE', 'MUTAMBI SWAIB (VITARI)', 'KYOKUNDA J.', 'BUSHENYI', NULL, 'FILE AT DOR FOR VERIFICATION AS OF 13 AUG 24', NULL, NULL),
(4044, 'RA/120268', 'PTE', 'NIMUSHABA GAD', 'KELLEN RUBONDO', 'KABALE', NULL, 'FILE AT DOR FOR VERIFICATION AS OF 13 AUG 24', NULL, NULL),
(4045, 'RA/121364', 'PTE', 'OKULU SAMUEL', 'ALWEDO CHRISTINA', 'OTUKE', NULL, 'FILE AT DOR FOR VERIFICATION AS OF 13 AUG 24', NULL, NULL),
(4046, 'RA/121766', 'PTE', 'LWANGA VICENT', 'SSETIMBA .G.', 'WAKISO', NULL, 'FILE AT DOR FOR VERIFICATION AS OF 13 AUG 24', NULL, NULL),
(4047, 'RA/121953', 'PTE', 'OCHAN JAMES BOBI', 'ACIRO NIGHTY OCAN', 'GULU', NULL, 'FILE AT DOR FOR VERIFICATION AS OF 13 AUG 24', NULL, NULL),
(4048, 'RA/122028', 'PTE', 'OKELLO BOSCO', 'AKULLU SUSAN', 'APAC', NULL, 'FILE AT DOR FOR VERIFICATION AS OF 13 AUG 24', NULL, NULL),
(4049, 'RA/122061', 'PTE', 'OGWAL PETER', 'ALUM KELEN', 'LIRA', NULL, 'FILE AT DOR FOR VERIFICATION AS OF 13 AUG 24', NULL, NULL),
(4050, 'RA/122106', 'PTE', 'ADUPA SAMUEL', 'AKITE GRACE', 'LIRA', NULL, 'FILE AT DOR FOR VERIFICATION AS OF 13 AUG 24', NULL, NULL),
(4051, 'RA/122114', 'PTE', 'ODONGO MORISH', 'AKELLO GRACE', 'LIRA', NULL, 'FILE AT DOR FOR VERIFICATION AS OF 13 AUG 24', NULL, NULL),
(4052, 'RA/122748', 'PTE', 'CANACANYONYI CORNEL', 'DEACON MUSEBENNI', 'KASESE', NULL, 'FILE AT DOR FOR VERIFICATION AS OF 13 AUG 24', NULL, NULL),
(4053, 'RA/122889', 'PTE', 'MUKASA ISA', 'NAKANKYA SHAMIM', 'KAMPALA', NULL, 'FILE AT DOR FOR VERIFICATION AS OF 13 AUG 24', NULL, NULL),
(4054, 'RA/122962', 'PTE', 'OBONYO CHARLES', 'ASYEPET ROSE', 'TORORO', NULL, 'FILE AT DOR FOR VERIFICATION AS OF 13 AUG 24', NULL, NULL),
(4055, 'RA/123284', 'PTE', 'NUWAGABA VINCENT', 'NTEGYEREIZE JOLLY', 'NTUNGAMO', NULL, 'FILE AT DOR FOR VERIFICATION AS OF 13 AUG 24', NULL, NULL),
(4056, 'RA/123386', 'PTE', 'ASANASIO WILSON', 'NKABATAMA G', 'BUNDIBUGYO', NULL, 'FILE AT DOR FOR VERIFICATION AS OF 13 AUG 24', NULL, NULL),
(4057, 'RA/124052', 'PTE', 'SUNDAY RAMATHAN', 'KABANYORO LEYA', 'MASINDI', NULL, 'FILE AT DOR FOR VERIFICATION AS OF 13 AUG 24', NULL, NULL),
(4058, 'RA/124178', 'PTE', 'BATARINGAYA PATRICK', 'RWEMBAHO G', 'KAMWENGE', NULL, 'FILE AT DOR FOR VERIFICATION AS OF 13 AUG 24', NULL, NULL),
(4059, 'RA/126990', 'PTE', 'BAKAIKYA SIMON', 'MUJUMUZI JULIUS', 'HOIMA', NULL, 'FILE AT DOR FOR VERIFICATION AS OF 13 AUG 24', NULL, NULL),
(4060, 'RA/127063', 'PTE', 'OROCHI MICHEAL', 'OROMBI TERENSIO', 'NEBBI', NULL, 'FILE AT DOR FOR VERIFICATION AS OF 13 AUG 24', NULL, NULL),
(4061, 'RA/127150', 'PTE', 'ODONGO RICHARD', 'ADONG MARGRET', 'GULU', NULL, 'FILE AT DOR FOR VERIFICATION AS OF 13 AUG 24', NULL, NULL),
(4062, 'RA/127212', 'PTE', 'IMMA GODFREY', 'MASUDIO VENTO', 'MOYO', NULL, 'FILE AT DOR FOR VERIFICATION AS OF 13 AUG 24', NULL, NULL),
(4063, 'RA/127861', 'PTE', 'OLABA WILBARIDO', 'OKENG JULIUS', 'SOROTI', NULL, 'FILE AT DOR FOR VERIFICATION AS OF 13 AUG 24', NULL, NULL),
(4064, 'RA/128354', 'PTE', 'MANDU JAMES', 'NABULYA C', 'MBALE', NULL, 'FILE AT DOR FOR VERIFICATION AS OF 13 AUG 24', NULL, NULL),
(4065, 'RA/129092', 'PTE', 'OWER OCIMA', 'AUMA SABINA', 'GULU', NULL, 'FILE AT DOR FOR VERIFICATION AS OF 13 AUG 24', NULL, NULL),
(4066, 'RA/129641', 'PTE', 'OKELLO MOSES', ' OGWANG LEO', 'LIRA', NULL, 'FILE AT DOR FOR VERIFICATION AS OF 13 AUG 24', NULL, NULL),
(4067, 'RA/130127', 'PTE', 'CHEKWOTI FRANCIS', 'CHEMONGES JAMES', 'KAPCHORWA', NULL, 'FILE AT DOR FOR VERIFICATION AS OF 13 AUG 24', NULL, NULL),
(4068, 'RA/130291', 'PTE', 'OKELLO MICHEAL', 'ADONI LUCIA', 'KOTIDO', NULL, 'FILE AT DOR FOR VERIFICATION AS OF 13 AUG 24', NULL, NULL),
(4069, 'RA/130408', 'PTE', 'ANYAKUNI JOHN', 'LOPUT JESCA', 'NAPAK', NULL, 'FILE AT DOR FOR VERIFICATION AS OF 13 AUG 24', NULL, NULL),
(4070, 'RA/131547', 'PTE', 'OTIM SAMUEL', 'SABUKU LUCY', 'LIRA', NULL, 'FILE AT DOR FOR VERIFICATION AS OF 13 AUG 24', NULL, NULL),
(4071, 'RA/131869', 'PTE', 'OCANG WELLES', 'ADONG MARGRET', NULL, NULL, 'FILE AT DOR FOR VERIFICATION AS OF 13 AUG 24', NULL, NULL),
(4072, 'RA/132684', 'PTE', 'KALENZI TADEO', 'MBABU FEDERESI', 'KABAROLE', NULL, 'FILE AT DOR FOR VERIFICATION AS OF 13 AUG 24', NULL, NULL),
(4073, 'RA/133418', 'PTE', 'ATURI METHOD LAGU', 'ALANYO MAURINA', 'ADJUMANI', NULL, 'FILE AT DOR FOR VERIFICATION AS OF 13 AUG 24', NULL, NULL),
(4074, 'RA/133487', 'PTE', 'SSEMPIJA CHARLES', 'NAKALUNDA JULIET', 'MUBENDE', NULL, 'FILE AT DOR FOR VERIFICATION AS OF 13 AUG 24', NULL, NULL),
(4075, 'RA/134095', 'PTE', 'ALIDE SAMSON', 'CHANDIRU D. ALIDE', 'ARUA', NULL, 'FILE AT DOR FOR VERIFICATION AS OF 13 AUG 24', NULL, NULL),
(4076, 'RA/134252', 'PTE', 'OBDMOT DAVID', 'ATIM SUNDAY', 'KITGUM', NULL, 'FILE AT DOR FOR VERIFICATION AS OF 13 AUG 24', NULL, NULL),
(4077, 'RA/134492', 'PTE', 'LUKWIYA JULIUS', 'ODUR ROBERT ', 'GULU', NULL, 'FILE AT DOR FOR VERIFICATION AS OF 13 AUG 24', NULL, NULL),
(4078, 'RA/134619', 'PTE', 'OBOTE GEORGE', 'HELLEN OBOTE GEORGE', 'APAC', NULL, 'FILE AT DOR FOR VERIFICATION AS OF 13 AUG 24', NULL, NULL),
(4079, 'RA/134691', 'PTE', 'OCEN THOMAS', 'AMONG DORCAS', NULL, NULL, 'FILE AT DOR FOR VERIFICATION AS OF 13 AUG 24', NULL, NULL),
(4080, 'RA/135465', 'PTE', 'NSHAIJA JOHN', 'SANYU JACKLINE', 'KIRUHURA', NULL, 'FILE AT DOR FOR VERIFICATION AS OF 13 AUG 24', NULL, NULL),
(4081, 'RA/135472', 'PTE', 'TUMWESIGYE M. CHRISTOPHER', 'TWINOMUGISHA S', 'KAMWENGE', NULL, 'FILE AT DOR FOR VERIFICATION AS OF 13 AUG 24', NULL, NULL),
(4082, 'RA/135475', 'PTE', 'TWJUKYE THOMAS', 'TWEBAZE CHARLES', 'KAMWENGE', NULL, 'FILE AT DOR FOR VERIFICATION AS OF 13 AUG 24', NULL, NULL),
(4083, 'RA/135790', 'PTE', 'MALINGA GEORGE WILLIAM', 'APOLOT FLORENNCE ROSE', 'KASESE', NULL, 'FILE AT DOR FOR VERIFICATION AS OF 13 AUG 24', NULL, NULL),
(4084, 'RA/135960', 'PTE', 'ONYAIT EMMANUEL', 'AROT STELLA ROSE', 'KATAKWI', NULL, 'FILE AT DOR FOR VERIFICATION AS OF 13 AUG 24', NULL, NULL),
(4085, 'RA/136089', 'PTE', 'ALUJO MARTIN', 'AKELLO MARY', 'KATAKWI', NULL, 'FILE AT DOR FOR VERIFICATION AS OF 13 AUG 24', NULL, NULL),
(4086, 'RA/136639', 'PTE', 'TABAN SAFFI', 'KEMIS ABDALAH', 'YUMBE', NULL, 'FILE AT DOR FOR VERIFICATION AS OF 13 AUG 24', NULL, NULL),
(4087, 'RA/136928', 'PTE', 'ELEU SOLOMON', 'ELEU MARGRET', 'KATAKWI', NULL, 'FILE AT DOR FOR VERIFICATION AS OF 13 AUG 24', NULL, NULL),
(4088, 'RA/137342', 'PTE', 'OCANOI FRANCIS', 'CHEMERI STELLA', 'KUMI', NULL, 'FILE AT DOR FOR VERIFICATION AS OF 13 AUG 24', NULL, NULL),
(4089, 'RA/137441', 'PTE', 'ESANYU CHARLES', 'ALUPOT LOYCE', 'KUMI', NULL, 'FILE AT DOR FOR VERIFICATION AS OF 13 AUG 24', NULL, NULL),
(4090, 'RA/137457', 'PTE', 'ADAKUN FRANCIS', 'AGUTI STELLA ROSE', NULL, NULL, 'FILE AT DOR FOR VERIFICATION AS OF 13 AUG 24', NULL, NULL),
(4091, 'RA/137584', 'PTE', 'EPAKU BENSON', 'IDOKU MARY', 'AMURU', NULL, 'FILE AT DOR FOR VERIFICATION AS OF 13 AUG 24', NULL, NULL),
(4092, 'RA/138040', 'PTE', 'EBAJU JAMES', 'ILEKA EMMACULATE', 'OTUKE', NULL, 'FILE AT DOR FOR VERIFICATION AS OF 13 AUG 24', NULL, NULL),
(4093, 'RA/138218', 'PTE', 'OLANYA VICENT', 'OKOT FLORENCE', 'GULU', NULL, 'FILE AT DOR FOR VERIFICATION AS OF 13 AUG 24', NULL, NULL),
(4094, 'RA/138278', 'PTE', 'OKELLO GEORGE', 'ODONGKARA SIMON P', 'GULU', NULL, 'FILE AT DOR FOR VERIFICATION AS OF 13 AUG 24', NULL, NULL),
(4095, 'RA/138742', 'PTE', 'MOI ROBIN', 'SOLINA ACAA', 'GULU', NULL, 'FILE AT DOR FOR VERIFICATION AS OF 13 AUG 24', NULL, NULL),
(4096, 'RA/138747', 'PTE', 'OTONG MARTIN', 'VENTORINA LAKER', 'GULU', NULL, 'FILE AT DOR FOR VERIFICATION AS OF 13 AUG 24', NULL, NULL),
(4097, 'RA/138851', 'PTE', 'OCHOO JOSEPH', 'ONZIGA JOSEPH', 'TEREGO', NULL, 'FILE AT DOR FOR VERIFICATION AS OF 13 AUG 24', NULL, NULL),
(4098, 'RA/138925', 'PTE', 'DRASIKU MICHEAL', 'UNZIMA JOSEPH', 'ADJUMANI', NULL, 'FILE AT DOR FOR VERIFICATION AS OF 13 AUG 24', NULL, NULL),
(4099, 'RA/138945', 'PTE', 'ANGOMOKO JOICE', 'CORNELIO NAJA', 'NEBBI', NULL, 'FILE AT DOR FOR VERIFICATION AS OF 13 AUG 24', NULL, NULL),
(4100, 'RA/139680', 'PTE', 'AJIGA MOHAMMED', 'ROSE AJIGA', 'YUMBE', NULL, 'FILE AT DOR FOR VERIFICATION AS OF 13 AUG 24', NULL, NULL),
(4101, 'RA/139826', 'PTE', 'ATIKU ALI', 'ACHAN SUZAN', 'GULU', NULL, 'FILE AT DOR FOR VERIFICATION AS OF 13 AUG 24', NULL, NULL),
(4102, 'RA/139927', 'PTE', 'OYET ROBERT ', 'ANEK SANTA', 'PADER', NULL, 'FILE AT DOR FOR VERIFICATION AS OF 13 AUG 24', NULL, NULL),
(4103, 'RA/139998', 'PTE', 'ADRIANO DAMAZO', 'LONZINO OLUBE', 'ARUA', NULL, 'FILE AT DOR FOR VERIFICATION AS OF 13 AUG 24', NULL, NULL),
(4104, 'RA/140112', 'PTE', 'OKWII GEORGE WILLIAM', 'AMUGE PAULINA', 'KATAKWI', NULL, 'FILE AT DOR FOR VERIFICATION AS OF 13 AUG 24', NULL, NULL),
(4105, 'RA/140215', 'PTE', 'ACHORI JOHN MICHEAL', 'ARIKO BENJAMIN', 'KATAKWI', NULL, 'FILE AT DOR FOR VERIFICATION AS OF 13 AUG 24', NULL, NULL),
(4106, 'RA/141120', 'Pte', 'NYAMBWOHA JAMES', 'BARYAMWIHAHI PASCAL', 'SHEEMA', NULL, 'FILE AT DOR FOR VERIFICATION AS OF 13 AUG 24', NULL, NULL),
(4107, 'RA/141385', 'PTE', 'AKANKWASA GERESIM', 'AKANKWASA G', 'RUKUNGIRI', NULL, 'FILE AT DOR FOR VERIFICATION AS OF 13 AUG 24', NULL, NULL),
(4108, 'RA/144581', 'PTE', 'ISINGOMA WILLIAM', 'TUGA ANGELINA', 'NO DISTRICT', NULL, 'FILE AT DOR FOR VERIFICATION AS OF 13 AUG 24', NULL, NULL),
(4109, 'RA/144673', 'PTE', 'KASANGAKI WAMANI', 'ERIABU KYAHURWENDA', 'HOIMA', NULL, 'FILE AT DOR FOR VERIFICATION AS OF 13 AUG 24', NULL, NULL),
(4110, 'RA/144727', 'PTE', 'KIGOZI PETER', 'NTABAAZI LUCY', 'MITYANA', NULL, 'FILE AT DOR FOR VERIFICATION AS OF 13 AUG 24', NULL, NULL),
(4111, 'RA/144783', 'PTE', 'KUTEGEKA JOHNSON', 'ACIIRO JUDITH', 'KAMPALA', NULL, 'FILE AT DOR FOR VERIFICATION AS OF 13 AUG 24', NULL, NULL),
(4112, 'RA/144785', 'PTE', 'BALINDA JOHN BOSCO', 'SEKAKO CHARLES', 'HOIMA', NULL, 'FILE AT DOR FOR VERIFICATION AS OF 13 AUG 24', NULL, NULL),
(4113, 'RA/145302', 'PTE', 'OPUS CYRUS OLEE', 'OPUS HELLEN', 'KATAKWI', NULL, 'FILE AT DOR FOR VERIFICATION AS OF 13 AUG 24', NULL, NULL),
(4114, 'RA/145614', 'PTE', 'WANJALA WEJULU PAUL', 'ABALO CHRISTINE', 'GULU', NULL, 'FILE AT DOR FOR VERIFICATION AS OF 13 AUG 24', NULL, NULL),
(4115, 'RA/145872', 'PTE', 'APEDU MICHEAL', 'KAVUO JANET', 'AMURIA', NULL, 'FILE AT DOR FOR VERIFICATION AS OF 13 AUG 24', NULL, NULL),
(4116, 'RA/146731', 'PTE', 'OCHEN JOHN JACOB', 'AMULON DINA', 'KUMI', NULL, 'FILE AT DOR FOR VERIFICATION AS OF 13 AUG 24', NULL, NULL),
(4117, 'RA/147267', 'PTE', 'BEYENDEZA DENIS', 'KATWEENA ELEAZAR', 'BUSHENYI', NULL, 'FILE AT DOR FOR VERIFICATION AS OF 13 AUG 24', NULL, NULL),
(4118, 'RA/147556', 'PTE', 'KATEREGA RICHARD', 'LUWAGA MOSES', 'BUKOMASIMBI', NULL, 'FILE AT DOR FOR VERIFICATION AS OF 13 AUG 24', NULL, NULL),
(4119, 'RA/148029', 'PTE', 'ABIRIGA YASINI', 'ATILIO YUMA', 'JINJA', NULL, 'FILE AT DOR FOR VERIFICATION AS OF 13 AUG 24', NULL, NULL),
(4120, 'RA/148094', 'PTE', 'ASABA JAMES', 'TIBAMWENDA JOHN', 'KASESE', NULL, 'FILE AT DOR FOR VERIFICATION AS OF 13 AUG 24', NULL, NULL),
(4121, 'RA/148167', 'PTE', 'ELIMET WILLIAM', 'ANUME ANGELLA', 'KATAKWI', NULL, 'FILE AT DOR FOR VERIFICATION AS OF 13 AUG 24', NULL, NULL),
(4122, 'RA/148316', 'PTE', 'ASORO SIMON PETER', 'AANYU CHRISTINE', 'KATAKWI', NULL, 'FILE AT DOR FOR VERIFICATION AS OF 13 AUG 24', NULL, NULL),
(4123, 'RA/148631', 'PTE', 'BINYANTSI ZAVERIO', 'KABUGHO MARGRET', 'KASESE', NULL, 'FILE AT DOR FOR VERIFICATION AS OF 13 AUG 24', NULL, NULL),
(4124, 'RA/149069', 'PTE', 'ELAKUT ISSAC', 'OMONGOLE SHAFIQ', 'KUMI', NULL, 'FILE AT DOR FOR VERIFICATION AS OF 13 AUG 24', NULL, NULL),
(4125, 'RA/149323', 'PTE', 'KYABONA JAMES', 'KABASOMI MARIA', 'BUNDIBUGYO', NULL, 'FILE AT DOR FOR VERIFICATION AS OF 13 AUG 24', NULL, NULL),
(4126, 'RA/149331', 'PTE', 'KABALI SALIM', 'CHEROP ZAKYIA', 'KAPCHORWA', NULL, 'FILE AT DOR FOR VERIFICATION AS OF 13 AUG 24', NULL, NULL),
(4127, 'RA/149348', 'PTE', 'KABUMBULI NASAN', 'TAISE NYIRAGABI', 'KASESE', NULL, 'FILE AT DOR FOR VERIFICATION AS OF 13 AUG 24', NULL, NULL),
(4128, 'RA/149794', 'PTE', 'ARUBE WILLY', 'TIONYERU ARUBE', 'ARUA', NULL, 'FILE AT DOR FOR VERIFICATION AS OF 13 AUG 24', NULL, NULL),
(4129, 'RA/149882', 'PTE', 'KISEMBO AMOOTI', 'MUTABAZI BENEDICT', 'NTOROKO', NULL, 'FILE AT DOR FOR VERIFICATION AS OF 13 AUG 24', NULL, NULL),
(4130, 'RA/150435', 'PTE', 'MUGULUSI KALOLI', 'BWAMILA PAUL', 'KAMULI', NULL, 'FILE AT DOR FOR VERIFICATION AS OF 13 AUG 24', NULL, NULL),
(4131, 'RA/150655', 'PTE', 'MUTASHWAKA MEDARD', 'NATUKUNDA HOPE', 'KABALE', NULL, 'FILE AT DOR FOR VERIFICATION AS OF 13 AUG 24', NULL, NULL),
(4132, 'RA/151299', 'PTE', 'EKELOT ALBERT', 'AMEJA MARGRET', 'KATAKWI', NULL, 'FILE AT DOR FOR VERIFICATION AS OF 13 AUG 24', NULL, NULL),
(4133, 'RA/151469', 'PTE', 'OKWAP PETER', 'ASIO IMMACULATE', 'KATAKWI', NULL, 'FILE AT DOR FOR VERIFICATION AS OF 13 AUG 24', NULL, NULL),
(4134, 'RA/151522', 'PTE', 'OLING GEORGE', 'AJOK ALICE', 'KITGUM', NULL, 'FILE AT DOR FOR VERIFICATION AS OF 13 AUG 24', NULL, NULL),
(4135, 'RA/151615', 'PTE', 'OMONGIN BENARD', 'AWATE MIRIA', 'KATAKWI', NULL, 'FILE AT DOR FOR VERIFICATION AS OF 13 AUG 24', NULL, NULL),
(4136, 'RA/151717', 'PTE', 'OPIO GEORGE WILLIAM', 'OSSEDO CHARLES', 'KATAKWI', NULL, 'FILE AT DOR FOR VERIFICATION AS OF 13 AUG 24', NULL, NULL),
(4137, 'RA/151788', 'PTE', 'ORACHI KENNETH', 'OKELLO DAVID', 'GULU', NULL, 'FILE AT DOR FOR VERIFICATION AS OF 13 AUG 24', NULL, NULL),
(4138, 'RA/152117', 'PTE', 'SEKIDENDE DON', 'KOBUSINGYE M', 'WAKISO', NULL, 'FILE AT DOR FOR VERIFICATION AS OF 13 AUG 24', NULL, NULL),
(4139, 'RA/152242', 'PTE', 'MWEBAZE PATRICK', 'MUZAKI ANDREW', 'SIRONKO', NULL, 'FILE AT DOR FOR VERIFICATION AS OF 13 AUG 24', NULL, NULL),
(4140, 'RA/152343', 'PTE', 'MWESIGYE DEO', 'KABAJUNGU ALISTER', 'BUNDIBUGYO', NULL, 'FILE AT DOR FOR VERIFICATION AS OF 13 AUG 24', NULL, NULL),
(4141, 'RA/152376', 'PTE', 'TUMUSHABE PATRICK', 'BUSINGYE ANGELLA', 'ISINGIRO', NULL, 'FILE AT DOR FOR VERIFICATION AS OF 13 AUG 24', NULL, NULL),
(4142, 'RA/152448', 'PTE', 'TWINE DEUS', 'TURYAKIRA C', 'KABALE', NULL, 'FILE AT DOR FOR VERIFICATION AS OF 13 AUG 24', NULL, NULL),
(4143, 'RA/152505', 'PTE', 'WOLIMBWA JUMA', 'JESKA WOLIMBWA', 'MBALE', NULL, 'FILE AT DOR FOR VERIFICATION AS OF 13 AUG 24', NULL, NULL),
(4144, 'RA/152515', 'PTE', 'WAMALA CHARLES', 'NAKIGANDA EDINASI', 'NO DISTRICT', NULL, 'FILE AT DOR FOR VERIFICATION AS OF 13 AUG 24', NULL, NULL),
(4145, 'RA/152674', 'PTE', 'ALIZO OHAKA WILLIAM', 'OGIK GENARD', 'GULU', NULL, 'FILE AT DOR FOR VERIFICATION AS OF 13 AUG 24', NULL, NULL),
(4146, 'RA/152971', 'PTE', 'OCHORA O. ADONIA', 'ARYEMO ALICE', 'AMURU', NULL, 'FILE AT DOR FOR VERIFICATION AS OF 13 AUG 24', NULL, NULL),
(4147, 'RA/154001', 'PTE', 'LOKUT JOSHUA', 'OPLINE MARIKO', 'MOROTO', NULL, 'FILE AT DOR FOR VERIFICATION AS OF 13 AUG 24', NULL, NULL),
(4148, 'RA/154800', 'PTE', 'OWERE MOSES', 'OWERE YOSAM BAIMUNGU', 'TORORO', NULL, 'FILE AT DOR FOR VERIFICATION AS OF 13 AUG 24', NULL, NULL),
(4149, 'RA/154897', 'PTE', 'SENTONGO JOHN', 'KATUMBA G.W.', 'KIBOGA', NULL, 'FILE AT DOR FOR VERIFICATION AS OF 13 AUG 24', NULL, NULL),
(4150, 'RA/155080', 'PTE', 'BYAKATONDA SAMUEL', 'SSENTONGO ARAMATHAN KABUKA', 'KIBOGA', NULL, 'FILE AT DOR FOR VERIFICATION AS OF 13 AUG 24', NULL, NULL),
(4151, 'RA/155127', 'PTE', 'KAYONDO JOHN', 'LUBULWA GORDON', 'MITYANA', NULL, 'FILE AT DOR FOR VERIFICATION AS OF 13 AUG 24', NULL, NULL),
(4152, 'RA/155395', 'PTE', 'SEBUZIBA S.MUHAMED', 'KAMYA JOHN BAPTIST', 'KYENJOJO', NULL, 'FILE AT DOR FOR VERIFICATION AS OF 13 AUG 24', NULL, NULL),
(4153, 'RA/156240', 'PTE', 'MATIYA MURUMBA', 'ZABU HERIZON', 'KASESE', NULL, 'FILE AT DOR FOR VERIFICATION AS OF 13 AUG 24', NULL, NULL),
(4154, 'RA/157188', 'PTE', 'ELLUNEWA BUTEMARD', 'GRACE BONABONA', 'BUNDIBUGYO', NULL, 'FILE AT DOR FOR VERIFICATION AS OF 13 AUG 24', NULL, NULL),
(4155, 'RA/157270', 'PTE', 'BWAMBALE SIBIBUKA', 'RWASAMBYA AMIS', 'BUNYANGABU', NULL, 'FILE AT DOR FOR VERIFICATION AS OF 13 AUG 24', NULL, NULL),
(4156, 'RA/157616', 'PTE', 'NICODEMUS KARYABYUMA', 'BIIRA FATUMA', 'KASESE', NULL, 'FILE AT DOR FOR VERIFICATION AS OF 13 AUG 24', NULL, NULL),
(4157, 'RA/159052', 'PTE', 'MATTE GEORGE', 'YENGA SOFIA', 'BUNDIBUGYO', NULL, 'FILE AT DOR FOR VERIFICATION AS OF 13 AUG 24', NULL, NULL),
(4158, 'RA/159441', 'PTE', 'OLWENY RICHARD BONG', 'BONGOMIN RAPHILE', 'LAMWO', NULL, 'FILE AT DOR FOR VERIFICATION AS OF 13 AUG 24', NULL, NULL),
(4159, 'RA/161575', 'PTE', 'TUMUSIIME ASAPHSON', 'MUSHABE MACLINE', 'MBARARA', NULL, 'FILE AT DOR FOR VERIFICATION AS OF 13 AUG 24', NULL, NULL),
(4160, 'RA/161797', 'PTE', 'OCHODA ALEX', 'MOLO CHARLES', 'KUMI', NULL, 'FILE AT DOR FOR VERIFICATION AS OF 13 AUG 24', NULL, NULL),
(4161, 'RA/162355', 'PTE', 'KITYO TOM', 'NAWALI HADIJA', '', NULL, 'FILE AT DOR FOR VERIFICATION AS OF 13 AUG 24', NULL, NULL),
(4162, 'RA/162500', 'PTE', 'KAYEMBA SUNDAY', 'NABAKWANUKA CHRISTINE', 'MITYANA', NULL, 'FILE AT DOR FOR VERIFICATION AS OF 13 AUG 24', NULL, NULL),
(4163, 'RA/162503', 'PTE', 'KAIRUMBA RICHARD', 'KOMUHENDO R', 'KABAROLE', NULL, 'FILE AT DOR FOR VERIFICATION AS OF 13 AUG 24', NULL, NULL),
(4164, 'RA/163741', 'PTE', 'AGILU APANEIKAN', 'LEMUKOL HELLEN', 'NAPAK', NULL, 'FILE AT DOR FOR VERIFICATION AS OF 13 AUG 24', NULL, NULL);
INSERT INTO `problematics` (`id`, `army_number`, `rank`, `militant_names`, `claimant_names`, `district`, `shelf_number`, `remarks`, `created_at`, `updated_at`) VALUES
(4165, 'RA/163760', 'PTE', 'OCHITI CHARLES', 'ODONGKARA RICHARD', 'PADER', NULL, 'FILE AT DOR FOR VERIFICATION AS OF 13 AUG 24', NULL, NULL),
(4166, 'RA/164425', 'PTE', 'BABWETERA SIMON', 'TIBAMWENDA M', 'KIBALE', NULL, 'FILE AT DOR FOR VERIFICATION AS OF 13 AUG 24', NULL, NULL),
(4167, 'RA/165252', 'PTE', 'KAMOGA LAWRENCE', 'NTAMBI GERALD', 'MUBENDE', NULL, 'FILE AT DOR FOR VERIFICATION AS OF 13 AUG 24', NULL, NULL),
(4168, 'RA/166489', 'PTE', 'OKELLO MOSES', 'ODONGO FRED', 'KIRYANDOGO', NULL, 'FILE AT DOR FOR VERIFICATION AS OF 13 AUG 24', NULL, NULL),
(4169, 'RA/166548', 'PTE', 'ONEN-CAN RAPHEAL', 'PASCOLINA D', 'MASINDI', NULL, 'FILE AT DOR FOR VERIFICATION AS OF 13 AUG 24', NULL, NULL),
(4170, 'RA/167911', 'PTE', 'AKWESIGA ROBERT', 'NAMIGADDE ANNET', 'MASINDI', NULL, 'FILE AT DOR FOR VERIFICATION AS OF 13 AUG 24', NULL, NULL),
(4171, 'RA/168547', 'PTE', 'KATABAZI SULAIT', 'NANYONJO JANE', 'MUBENDE', NULL, 'FILE AT DOR FOR VERIFICATION AS OF 13 AUG 24', NULL, NULL),
(4172, 'RA/168628', 'PTE', 'SSENTONGO GEORGE', 'NAKITO TOPISTA', 'GOMBA', NULL, 'FILE AT DOR FOR VERIFICATION AS OF 13 AUG 24', NULL, NULL),
(4173, 'RA/170211', 'PTE', 'MUGERWA SYLIVESTER ', 'KAFUKO EFULANSI ', 'IGANGA', NULL, 'FILE AT DOR FOR VERIFICATION AS OF 13 AUG 24', NULL, NULL),
(4174, 'RA/170381', 'PTE', 'BAGUMA EDSON', 'MBAMBU LIVANIA', 'KASESE', NULL, 'FILE AT DOR FOR VERIFICATION AS OF 13 AUG 24', NULL, NULL),
(4175, 'RA/170904', 'Pte', 'BAHAMWITHI JAMES', 'MUSOKE JEMIMA', 'KASESE', NULL, 'FILE AT DOR FOR VERIFICATION AS OF 13 AUG 24', NULL, NULL),
(4176, 'RA/171000', 'PTE', 'AGUME DAVID', 'KWATAMPORA SEIFA', 'BUSHENYI', NULL, 'FILE AT DOR FOR VERIFICATION AS OF 13 AUG 24', NULL, NULL),
(4177, 'RA/171043', 'PTE', 'NDYAKAREKA JOHN', 'TUMUSIIME A', 'NTUNGAMO', NULL, 'FILE AT DOR FOR VERIFICATION AS OF 13 AUG 24', NULL, NULL),
(4178, 'RA/172274', 'PTE', 'KAMADA FRIDAY', 'TIBABULUKA ALICE', 'BUNDIBUGYO', NULL, 'FILE AT DOR FOR VERIFICATION AS OF 13 AUG 24', NULL, NULL),
(4179, 'RA/173280', 'PTE', 'MUSINGUZI ROBERT', 'KABENYAHE WILSON', NULL, NULL, 'FILE AT DOR FOR VERIFICATION AS OF 13 AUG 24', NULL, NULL),
(4180, 'RA/174323', 'PTE', 'TUMIZIGU TOM', 'KASHOZI FRANK', NULL, NULL, 'FILE AT DOR FOR VERIFICATION AS OF 13 AUG 24', NULL, NULL),
(4181, 'RA/174396', 'PTE', 'TUMWEINE ZEDEKIA', 'RUTH NABAASA', 'ISINGIRO', NULL, 'FILE AT DOR FOR VERIFICATION AS OF 13 AUG 24', NULL, NULL),
(4182, 'RA/175210', 'PTE', 'IRUMBA BASARIZA', 'KISEMBO APOLINA', 'HOIMA', NULL, 'FILE AT DOR FOR VERIFICATION AS OF 13 AUG 24', NULL, NULL),
(4183, 'RA/175524', 'PTE', 'MULAGO JOSEPH', 'DOROTIA ABAKU', 'HOIMA', NULL, 'FILE AT DOR FOR VERIFICATION AS OF 13 AUG 24', NULL, NULL),
(4184, 'RA/176282', 'PTE', 'LABU SULAIMAN', 'CHEBETNAZIMA', 'KAPCHORWA', NULL, 'FILE AT DOR FOR VERIFICATION AS OF 13 AUG 24', NULL, NULL),
(4185, 'RA/176670', 'PTE', 'AGABA GEORGE WILLIAM', 'BALINDA SELEVESTER', 'KABAROLE', NULL, 'FILE AT DOR FOR VERIFICATION AS OF 13 AUG 24', NULL, NULL),
(4186, 'RA/176684', 'PTE', 'ISINGOMA EDWARD', 'BALINDA SELEVESTER', 'KABAROLE', NULL, 'FILE AT DOR FOR VERIFICATION AS OF 13 AUG 24', NULL, NULL),
(4187, 'RA/176689', 'PTE', 'KAKOOZA ZUBRON', 'KABWINE GEORGE', 'NAKASEKE', NULL, 'FILE AT DOR FOR VERIFICATION AS OF 13 AUG 24', NULL, NULL),
(4188, 'RA/177358', 'PTE', 'SIRAJI YASIN', 'YASIN HUSSEIN ', 'YUMBE', NULL, 'FILE AT DOR FOR VERIFICATION AS OF 13 AUG 24', NULL, NULL),
(4189, 'RA/177815', 'PTE', 'AGABA NDANDA YALHO', 'MUHINDO ELIZABETH', 'KASESE', NULL, 'FILE AT DOR FOR VERIFICATION AS OF 13 AUG 24', NULL, NULL),
(4190, 'RA/178420', 'PTE', 'ADIGA MAJIDU', 'FAIMA WEWERU', 'ARUA', NULL, 'FILE AT DOR FOR VERIFICATION AS OF 13 AUG 24', NULL, NULL),
(4191, 'RA/178996', 'PTE', 'OCANTOKWINY ROSE', 'TOKWINY THOMAS', 'KITGUM', NULL, 'FILE AT DOR FOR VERIFICATION AS OF 13 AUG 24', NULL, NULL),
(4192, 'RA/180735', 'PTE', 'OPIO ONOBA MARTIN', 'ARAYO ESTER RUTH', 'NO DISTRICT', NULL, 'FILE AT DOR FOR VERIFICATION AS OF 13 AUG 24', NULL, NULL),
(4193, 'RA/183315', 'PTE', 'CHEKECAN OMIKA A.', 'OMIKA ANJELO ', 'NEBBI', NULL, 'FILE AT DOR FOR VERIFICATION AS OF 13 AUG 24', NULL, NULL),
(4194, 'RA/183911', 'PTE', 'SSEMBAJJWE PATRICK CHARLES', 'NABADDA SARAH', 'MITYANA', NULL, 'FILE AT DOR FOR VERIFICATION AS OF 13 AUG 24', NULL, NULL),
(4195, 'RA/186403', 'PTE', 'OSIBERTH TAYEBWA', 'KEMIREMBE MARGRET', 'MBARARA', NULL, 'FILE AT DOR FOR VERIFICATION AS OF 13 AUG 24', NULL, NULL),
(4196, 'RA/186784', 'PTE', 'SABIITI ALEX', 'TUMUSIIME MAUDA', 'KABALE', NULL, 'FILE AT DOR FOR VERIFICATION AS OF 13 AUG 24', NULL, NULL),
(4197, 'RA/187829', 'PTE', 'BAGONZO JOHN', 'KISEM HARRIET', 'KABAROLE', NULL, 'FILE AT DOR FOR VERIFICATION AS OF 13 AUG 24', NULL, NULL),
(4198, 'RA/189080', 'PTE', 'AISO JOHN PATRICK', 'APIO MARY GRACE', 'LIRA', NULL, 'FILE AT DOR FOR VERIFICATION AS OF 13 AUG 24', NULL, NULL),
(4199, 'RA/191412', 'PTE', 'ODAGA JUSTINE', 'OCOKI VALENTE', 'NEBBI', NULL, 'FILE AT DOR FOR VERIFICATION AS OF 13 AUG 24', NULL, NULL),
(4200, 'RA/191851', 'PTE', 'KWIKIRIZA EMMANUEL', 'TUMUKWASIBWE ANDRINE', 'NTUNGAMO', NULL, 'FILE AT DOR FOR VERIFICATION AS OF 13 AUG 24', NULL, NULL),
(4201, 'RA/194221', 'PTE', 'GUMIZAMU MISHAKI', 'SSEWANYANA Z', 'MASAKA', NULL, 'FILE AT DOR FOR VERIFICATION AS OF 13 AUG 24', NULL, NULL),
(4202, 'RA/195740', 'PTE', 'APILIGA EMMANUEL', 'BETTY KAREO', 'ADJUMANI', NULL, 'FILE AT DOR FOR VERIFICATION AS OF 13 AUG 24', NULL, NULL),
(4203, 'RA/195741', 'PTE', 'ADUBANGO JOH N', 'JENA RYEKO AFIA', 'NEBBI', NULL, 'FILE AT DOR FOR VERIFICATION AS OF 13 AUG 24', NULL, NULL),
(4204, 'RA/195745', 'PTE', 'ASABA ABBASI', 'NYANZIGE EDRONA', 'KIRUHURA', NULL, 'FILE AT DOR FOR VERIFICATION AS OF 13 AUG 24', NULL, NULL),
(4205, 'RA/195746', 'PTE', 'ASABA STEPHEN ', 'MBABAI BAETRANCE', 'KABAROLE', NULL, 'FILE AT DOR FOR VERIFICATION AS OF 13 AUG 24', NULL, NULL),
(4206, 'RA/195748', 'PTE', 'ATUGO ALFRED', 'OKELLO BRUNU ', 'LIRA', NULL, 'FILE AT DOR FOR VERIFICATION AS OF 13 AUG 24', NULL, NULL),
(4207, 'RA/195749', 'PTE', 'BABIYA CHRISTOPHER', 'BAMWITIRA ELIFAZI', 'BUNDIBUGYO', NULL, 'FILE AT DOR FOR VERIFICATION AS OF 13 AUG 24', NULL, NULL),
(4208, 'RA/195750', 'PTE', 'BACHANA VICEENT ', 'NANKUNDA APOPHIA', 'KIRUHURA', NULL, 'FILE AT DOR FOR VERIFICATION AS OF 13 AUG 24', NULL, NULL),
(4209, 'RA/195751', 'PTE', 'BACURANA FRANCIS', 'NYABAHUNDU ', 'BUNDIBUGYO', NULL, 'FILE AT DOR FOR VERIFICATION AS OF 13 AUG 24', NULL, NULL),
(4210, 'RA/195755', 'PTE', 'BALUKU  PATRICK', 'TUMUSIIME NORAH ', 'KASESE', NULL, 'FILE AT DOR FOR VERIFICATION AS OF 13 AUG 24', NULL, NULL),
(4211, 'RA/195756', 'PTE', 'BARYESIIME ROBERT', 'KOMUNZARA ERINEST', 'BUNDIBUGYO', NULL, 'FILE AT DOR FOR VERIFICATION AS OF 13 AUG 24', NULL, NULL),
(4212, 'RA/195758', 'PTE', 'BASEMERA TOPISTA', 'VICENT BAGUMA', 'BUNDIBUGYO', NULL, 'FILE AT DOR FOR VERIFICATION AS OF 13 AUG 24', NULL, NULL),
(4213, 'RA/195763', 'PTE', 'BUHANGA KEZIRON', 'BUHANGA NAPHTARI', 'MASINDI', NULL, 'FILE AT DOR FOR VERIFICATION AS OF 13 AUG 24', NULL, NULL),
(4214, 'RA/195764', 'PTE', 'KESI BWAMBALE', 'MBAMBU JANERODA ', 'KASESE', NULL, 'FILE AT DOR FOR VERIFICATION AS OF 13 AUG 24', NULL, NULL),
(4215, 'RA/195768', 'PTE', 'BYARUHANGA K', 'EDIYH MARY ', 'KABALE', NULL, 'FILE AT DOR FOR VERIFICATION AS OF 13 AUG 24', NULL, NULL),
(4216, 'RA/195773', 'PTE', 'ANGWARU  JOSEPH  NGEK', 'OKIROR JOEL', 'SOROTI ', NULL, 'FILE AT DOR FOR VERIFICATION AS OF 13 AUG 24', NULL, NULL),
(4217, 'RA/195776', 'PTE', 'ICANA CHARLES', 'ODENG IGNATIUS', NULL, NULL, 'FILE AT DOR FOR VERIFICATION AS OF 13 AUG 24', NULL, NULL),
(4218, 'RA/195778', 'PTE', 'KABAGAMBE JOHN', 'ISINGOMA HASSAN', 'HOIMA', NULL, 'FILE AT DOR FOR VERIFICATION AS OF 13 AUG 24', NULL, NULL),
(4219, 'RA/195779', 'PTE', 'KABANYENTE JAMES', 'BALUKA LOY', 'PALLISA', NULL, 'FILE AT DOR FOR VERIFICATION AS OF 13 AUG 24', NULL, NULL),
(4220, 'RA/195780', 'PTE', 'KAGWA GODFREY', 'KARAMAGI PETER', 'LUWERO', NULL, 'FILE AT DOR FOR VERIFICATION AS OF 13 AUG 24', NULL, NULL),
(4221, 'RA/195781', 'PTE', 'KAHWA  B ALFRED', 'MAJUNGU JOYCE ', 'MASINDI ', NULL, 'FILE AT DOR FOR VERIFICATION AS OF 13 AUG 24', NULL, NULL),
(4222, 'RA/195784', 'PTE', 'KATSIGAZI GEORGE', 'KATSIGAZI JOVANICE', 'MBARARA', NULL, 'FILE AT DOR FOR VERIFICATION AS OF 13 AUG 24', NULL, NULL),
(4223, 'RA/195786', 'PTE', 'KALEMBA DAVID', 'NELSON MAYEKU', 'MBALE', NULL, 'FILE AT DOR FOR VERIFICATION AS OF 13 AUG 24', NULL, NULL),
(4224, 'RA/195787', 'PTE', 'KIBIRIGE MEREKIZADEKI', 'NAKIJOA P', 'WAKISO', NULL, 'FILE AT DOR FOR VERIFICATION AS OF 13 AUG 24', NULL, NULL),
(4225, 'RA/195790', 'PTE', 'ERISA KIMASU', '', 'BUNYANGABU', NULL, 'FILE AT DOR FOR VERIFICATION AS OF 13 AUG 24', NULL, NULL),
(4226, 'RA/195791', 'PTE', 'KINYARA  PATRICK', 'SADI MUJERE', 'PALLISA', NULL, 'FILE AT DOR FOR VERIFICATION AS OF 13 AUG 24', NULL, NULL),
(4227, 'RA/195794', 'PTE', 'KYAMANYWA BONFANCE', 'NAUME KABASINDI', 'MASINDI', NULL, 'FILE AT DOR FOR VERIFICATION AS OF 13 AUG 24', NULL, NULL),
(4228, 'RA/195796', 'PTE', 'LOKOYA AUGUSTINE', 'ROSETTE KUSHEMERERWA ', 'KABAROLE', NULL, 'FILE AT DOR FOR VERIFICATION AS OF 13 AUG 24', NULL, NULL),
(4229, 'RA/195797', 'PTE', 'LOU GODFREY', 'ABIBUKU MARY ', 'ADJUMANI', NULL, 'FILE AT DOR FOR VERIFICATION AS OF 13 AUG 24', NULL, NULL),
(4230, 'RA/195798', 'PTE', 'MAJOROBA MAJIA KIBIRIGI', 'ANNA KARUHIMBI', 'MBARARA', NULL, 'FILE AT DOR FOR VERIFICATION AS OF 13 AUG 24', NULL, NULL),
(4231, 'RA/195806', 'PTE', 'MUKIRI SULAIMAN', 'HELLEN KABONESA ', 'KABAROLE', NULL, 'FILE AT DOR FOR VERIFICATION AS OF 13 AUG 24', NULL, NULL),
(4232, 'RA/195808', 'PTE', 'MULONI MICHEAL', 'ABISAGI SUUBO', 'PALLISA', NULL, 'FILE AT DOR FOR VERIFICATION AS OF 13 AUG 24', NULL, NULL),
(4233, 'RA/195811', 'PTE', 'MUSHABE ENOCK', 'KATO FENEHAS', 'LYANTONDE', NULL, 'FILE AT DOR FOR VERIFICATION AS OF 13 AUG 24', NULL, NULL),
(4234, 'RA/195812', 'PTE', 'STEVEN MUTAMBO', 'FLORENCE F', 'MBALE', NULL, 'FILE AT DOR FOR VERIFICATION AS OF 13 AUG 24', NULL, NULL),
(4235, 'RA/195815', 'PTE', 'NABENDE JOSEPH', 'YEFUSA MUHWANA ', 'MASINDI', NULL, 'FILE AT DOR FOR VERIFICATION AS OF 13 AUG 24', NULL, NULL),
(4236, 'RA/195816', 'PTE', 'NATHAN BYABASHAIJA ', 'ANNET MWOREKO', 'MBARARA', NULL, 'FILE AT DOR FOR VERIFICATION AS OF 13 AUG 24', NULL, NULL),
(4237, 'RA/195819', 'PTE', 'NKABUHANGA JOSEPH', 'BYENSI NICHOLAS', 'BUNDIBUGYO', NULL, 'FILE AT DOR FOR VERIFICATION AS OF 13 AUG 24', NULL, NULL),
(4238, 'RA/195820', 'PTE', 'NKURUNZIZA GODFREY RASHID', 'AMNA KARUHIMBI', 'MBARARA', NULL, 'FILE AT DOR FOR VERIFICATION AS OF 13 AUG 24', NULL, NULL),
(4239, 'RA/195821', 'PTE', 'NIWEMUGIZI FREDRICK', 'KANYARUME JANE', 'BUSHENYI', NULL, 'FILE AT DOR FOR VERIFICATION AS OF 13 AUG 24', NULL, NULL),
(4240, 'RA/195822', 'PTE', 'NYOMBI SAM', 'RUTH NAKIRI', 'NAKASONGOLA', NULL, 'FILE AT DOR FOR VERIFICATION AS OF 13 AUG 24', NULL, NULL),
(4241, 'RA/195823', 'PTE', 'ODAGA MILLIO', 'ORACH PAWEGE LEONARD', 'NEBBI', NULL, 'FILE AT DOR FOR VERIFICATION AS OF 13 AUG 24', NULL, NULL),
(4242, 'RA/195827', 'PTE', 'OKELLO PETER', 'OKELLO K', 'LIRA', NULL, 'FILE AT DOR FOR VERIFICATION AS OF 13 AUG 24', NULL, NULL),
(4243, 'RA/195829', 'PTE', 'OLUM RICHARD', 'OLUM OPIO MARY', 'KITGUM', NULL, 'FILE AT DOR FOR VERIFICATION AS OF 13 AUG 24', NULL, NULL),
(4244, 'RA/195831', 'PTE', 'OMAKI VINCENT ATHOCON', 'OKUR DENIS', 'NEBBI', NULL, 'FILE AT DOR FOR VERIFICATION AS OF 13 AUG 24', NULL, NULL),
(4245, 'RA/195832', 'PTE', 'OMARI MOSES', 'MWASAME VICENT', 'MASINDI', NULL, 'FILE AT DOR FOR VERIFICATION AS OF 13 AUG 24', NULL, NULL),
(4246, 'RA/195833', 'PTE', 'OMODING NATHAN', 'ASIO JOYCE', NULL, NULL, 'FILE AT DOR FOR VERIFICATION AS OF 13 AUG 24', NULL, NULL),
(4247, 'RA/195834', 'PTE', 'ODAGA EMMANUEL', 'CANIKALE JIMMY', 'NEBBI', NULL, 'FILE AT DOR FOR VERIFICATION AS OF 13 AUG 24', NULL, NULL),
(4248, 'RA/195838', 'PTE', 'ONGWECH ROBERT', 'ANECHO OWEKALI', 'ZOMBO', NULL, 'FILE AT DOR FOR VERIFICATION AS OF 13 AUG 24', NULL, NULL),
(4249, 'RA/195845', 'PTE', 'BALAM PIDO', 'TONY OMONY', 'KITGUM', NULL, 'FILE AT DOR FOR VERIFICATION AS OF 13 AUG 24', NULL, NULL),
(4250, 'RA/195846', 'PTE', 'OLEDE ALOYSIUS', 'AKOL JANE', 'KUMI', NULL, 'FILE AT DOR FOR VERIFICATION AS OF 13 AUG 24', NULL, NULL),
(4251, 'RA/195847', 'PTE', 'SEGGAYI CHARLNES', 'NAMAGEMBE DEZIRANTA', 'RAKAI', NULL, 'FILE AT DOR FOR VERIFICATION AS OF 13 AUG 24', NULL, NULL),
(4252, 'RA/195848', 'PTE', 'SUNDAY EMMANUEL', 'AKUSEKERA EVASI', 'NO DISTRICT', NULL, 'FILE AT DOR FOR VERIFICATION AS OF 13 AUG 24', NULL, NULL),
(4253, 'RA/195849', 'PTE', 'SUNDAY  MATIA', 'HAWA CHEKWER', 'KAPCHORWA', NULL, 'FILE AT DOR FOR VERIFICATION AS OF 13 AUG 24', NULL, NULL),
(4254, 'RA/195854', 'PTE', 'TUMWBAZE CHARLES', 'TURYASHEMERERWA P', 'MBARARA', NULL, 'FILE AT DOR FOR VERIFICATION AS OF 13 AUG 24', NULL, NULL),
(4255, 'RA/195857', 'PTE', 'WAKUBE  JOHN', 'DISON MANANA', 'MBALE', NULL, 'FILE AT DOR FOR VERIFICATION AS OF 13 AUG 24', NULL, NULL),
(4256, 'RA/195860', 'PTE', 'WANGUTU JAMES', 'MUBAJE BETENEKO ', 'MBALE', NULL, 'FILE AT DOR FOR VERIFICATION AS OF 13 AUG 24', NULL, NULL),
(4257, 'RA/195862', 'PTE', 'SEMWANGA BUSINGYE ', 'BUSINGYE', 'BUSHENYI', NULL, 'FILE AT DOR FOR VERIFICATION AS OF 13 AUG 24', NULL, NULL),
(4258, 'RA/198627', 'PTE', 'SSALE MOSES', 'OPOLOT JOSEPH', 'BUKEDEA', NULL, 'FILE AT DOR FOR VERIFICATION AS OF 13 AUG 24', NULL, NULL),
(4259, 'RA/199265', 'PTE', 'OCAKI ALEX', 'ZENOBIA OZUNGA', 'NEBBI', NULL, 'FILE AT DOR FOR VERIFICATION AS OF 13 AUG 24', NULL, NULL),
(4260, 'RA/200178', 'PTE', 'OTOO JASPHER', 'PATRICK OLAL', 'AMOLATAR', NULL, 'FILE AT DOR FOR VERIFICATION AS OF 13 AUG 24', NULL, NULL),
(4261, 'RA/200343', 'PTE', 'ACHIA AKOL BETTY', 'LODUK JULIUS', 'AMUDAT', NULL, 'FILE AT DOR FOR VERIFICATION AS OF 13 AUG 24', NULL, NULL),
(4262, 'RA/200419', 'PTE', 'AKITE HARRIET', 'ADILLO RAY', 'NO DISTRICT', NULL, 'FILE AT DOR FOR VERIFICATION AS OF 13 AUG 24', NULL, NULL),
(4263, 'RA/200879', 'PTE', 'ETOKU ALIGA DAVID', 'ENYIMU BERNARD', 'KABERAMAIDO', NULL, 'FILE AT DOR FOR VERIFICATION AS OF 13 AUG 24', NULL, NULL),
(4264, 'RA/203635', 'PTE', 'OKWOPUT JOSEPH', 'OKIRIA GEORGE WILLIAM', 'KUMI', NULL, 'FILE AT DOR FOR VERIFICATION AS OF 13 AUG 24', NULL, NULL),
(4265, 'RA/208636', 'PTE', 'KARUGABA MOSES', 'NALUBEGA MARY', 'KABAROLE', NULL, 'FILE AT DOR FOR VERIFICATION AS OF 13 AUG 24', NULL, NULL),
(4266, 'RA/212213', 'PTE', 'ODELE WILLIAM', 'AMONG ABIGAIRI', 'BUKEDEA', NULL, 'FILE AT DOR FOR VERIFICATION AS OF 13 AUG 24', NULL, NULL),
(4267, 'RA/212214', 'PTE', 'MUGABI JOSEPH', 'NATUKUNDA EVAS', 'MBARARA', NULL, 'FILE AT DOR FOR VERIFICATION AS OF 13 AUG 24', NULL, NULL),
(4268, 'RA/219930', 'PTE', 'IMUKA FAUSTINO', 'ANYAIT CHRISTINE', 'KATAKWI', NULL, 'FILE AT DOR FOR VERIFICATION AS OF 13 AUG 24', NULL, NULL),
(4269, 'RA/224212', 'PTE', 'MUHUMUZA MICHEAL', 'ATWIJUKIRE BEATRICE', 'KANUNGU', NULL, 'FILE AT DOR FOR VERIFICATION AS OF 13 AUG 24', NULL, NULL),
(4270, 'RA/224213', 'PTE', 'KAKURU WILSON', 'KEKISHKA MAGRET', 'RWAMPARA', NULL, 'FILE AT DOR FOR VERIFICATION AS OF 13 AUG 24', NULL, NULL),
(4271, 'RA/224214', 'PTE', 'SABITI WILLIAM', 'KEKISHAKA MARGRET', 'MBARARA', NULL, 'FILE AT DOR FOR VERIFICATION AS OF 13 AUG 24', NULL, NULL),
(4272, 'RA/419375', 'PTE', 'PONSIANO AMARAKWEZA', 'KAHWA BEATRICE', 'KYENJOJO', NULL, 'FILE AT DOR FOR VERIFICATION AS OF 13 AUG 24', NULL, NULL),
(4273, 'RA/958377', 'PTE', 'OKONGO CHARLES', 'AKELLO MAGRET', 'KITGUM', NULL, 'FILE AT DOR FOR VERIFICATION AS OF 13 AUG 24', NULL, NULL),
(4274, 'LD/0064', 'PTE', 'NTALO ERIA', 'NANZALA ELIZABETH', 'PALLISA', NULL, 'FILE AT DOR FOR VERIFICATION AS OF 13 AUG 24', NULL, NULL),
(4275, 'LD/0238', 'PTE', 'ERUKANA OROK', 'AMURON MARY', 'KATAKWI', NULL, 'FILE AT DOR FOR VERIFICATION AS OF 13 AUG 24', NULL, NULL),
(4276, 'LD/0586', 'PTE', 'OMUDA JOHN', '', 'SOROTI', NULL, 'FILE AT DOR FOR VERIFICATION AS OF 13 AUG 24', NULL, NULL),
(4277, 'LD/0690', 'PTE', 'OLINGA NATHAN', 'EJUKU JOHN', 'NO DISTRICT', NULL, 'FILE AT DOR FOR VERIFICATION AS OF 13 AUG 24', NULL, NULL),
(4278, 'LD/0860', 'PTE', 'OJAMA GEORGE', 'ELUMU WILLIAM', 'SOROTI', NULL, 'FILE AT DOR FOR VERIFICATION AS OF 13 AUG 24', NULL, NULL),
(4279, 'LD/1026', 'PTE', 'KIBUKA YUSUF', 'REHEMA NABUMA', 'KAMPALA', NULL, 'FILE AT DOR FOR VERIFICATION AS OF 13 AUG 24', NULL, NULL),
(4280, 'LD/1540', 'PTE', 'EKWAM CHARLES', 'NUME ESTHER LUCY', 'KATAKWI', NULL, 'FILE AT DOR FOR VERIFICATION AS OF 13 AUG 24', NULL, NULL),
(4281, 'LD/1734', 'PTE', 'SSAALI LUKE', 'MUGJUMBI MATAYO', 'SOROTI', NULL, 'FILE AT DOR FOR VERIFICATION AS OF 13 AUG 24', NULL, NULL),
(4282, 'LD/2121', 'PTE', 'OGWANG JUSTINE', 'OGWANG MUKULATA', 'KUMI', NULL, 'FILE AT DOR FOR VERIFICATION AS OF 13 AUG 24', NULL, NULL),
(4283, 'LD/2850', 'PTE', 'OKIRIA JOHN', 'AKUNGWA CHRISTINE', 'NO DISTRICT', NULL, 'FILE AT DOR FOR VERIFICATION AS OF 13 AUG 24', NULL, NULL),
(4284, 'LD/2884', 'PTE', 'ADAKUN BOSCO', 'ACHOLA ANNA GRACE', 'KUMI', NULL, 'FILE AT DOR FOR VERIFICATION AS OF 13 AUG 24', NULL, NULL),
(4285, 'LD/2893', 'PTE', 'OKELLO EMMANUEL', 'PEDUN ROSE', 'KUMI', NULL, 'FILE AT DOR FOR VERIFICATION AS OF 13 AUG 24', NULL, NULL),
(4286, 'LD/3734', 'PTE', 'OWINO B GEOFREY', 'CHEROP BETTY', 'KAPCHORWA', NULL, 'FILE AT DOR FOR VERIFICATION AS OF 13 AUG 24', NULL, NULL),
(4287, 'LD/5050', 'PTE', 'APIRE CONSTANTINO', 'ORINGA CHARLES', 'GULU', NULL, 'FILE AT DOR FOR VERIFICATION AS OF 13 AUG 24', NULL, NULL),
(4288, 'LD/5081', 'PTE', 'LULIBA JUSTINA', 'BAPOBO BILONKA', 'GULU', NULL, 'FILE AT DOR FOR VERIFICATION AS OF 13 AUG 24', NULL, NULL),
(4289, 'LD/5775', 'PTE', 'LABANYA SIVIRINO', 'VENTORINA LAMWAKA', 'GULU', NULL, 'FILE AT DOR FOR VERIFICATION AS OF 13 AUG 24', NULL, NULL),
(4290, 'LD/7503', 'PTE', 'OMWOCI CHWINYAAI', 'PIRACAN EDITA', 'NEBBI', NULL, 'FILE AT DOR FOR VERIFICATION AS OF 13 AUG 24', NULL, NULL),
(4291, 'LD/9956', 'PTE', 'ANGUA MAHAZIW', 'CANDIRU ZABIBU', 'YUMBE', NULL, 'FILE AT DOR FOR VERIFICATION AS OF 13 AUG 24', NULL, NULL),
(4292, 'NYA2', 'PTE', 'OKELLO DAVID', 'APIO ESTHER', 'BUNDIBUGYO', NULL, 'FILE AT DOR FOR VERIFICATION AS OF 13 AUG 24', NULL, NULL),
(4293, 'RA/001844', 'PTE', 'JOHN LUNTAMYE', 'NAMUGABA ANNET', 'LUWERO', NULL, 'FILE AT DOR FOR VERIFICATION AS OF 13 AUG 24', NULL, NULL),
(4294, 'RA/001942', 'PTE', 'OGABE JOHN', 'AJOKWENA ANNA', 'SOROTI', NULL, 'FILE AT DOR FOR VERIFICATION AS OF 13 AUG 24', NULL, NULL),
(4295, 'RA/009402', 'PTE', 'MUSUBHAHO ABDULLAH', 'BESIGA AMIGU', 'BUNDIBUJO', NULL, 'FILE AT DOR FOR VERIFICATION AS OF 13 AUG 24', NULL, NULL),
(4296, 'RA/009696', 'PTE', 'EPOKU GEORGE', 'ALWAYS SELINA', 'SOROTI', NULL, 'FILE AT DOR FOR VERIFICATION AS OF 13 AUG 24', NULL, NULL),
(4297, 'RA/012070', 'PTE', 'ASIIMEWE LIVINGSTONE', 'SAYUNI SAFARI', 'KABALE', NULL, 'FILE AT DOR FOR VERIFICATION AS OF 13 AUG 24', NULL, NULL),
(4298, 'RA/012382', 'PTE', 'ONENCHAN LANYURU', 'PILOYA SIMPLE', 'GULU', NULL, 'FILE AT DOR FOR VERIFICATION AS OF 13 AUG 24', NULL, NULL),
(4299, 'RA/012642', 'PTE', 'KADDU MUKASA', 'NAKIMBUGWE SARAH', 'LUWERO', NULL, 'FILE AT DOR FOR VERIFICATION AS OF 13 AUG 24', NULL, NULL),
(4300, 'RA/013590', 'PTE', 'NSAMBULE WILLINGTONE', 'SSEKADE & NANSUBUGA ', 'MUKONO', NULL, 'FILE AT DOR FOR VERIFICATION AS OF 13 AUG 24', NULL, NULL);

-- --------------------------------------------------------

--
-- Table structure for table `questions`
--

CREATE TABLE `questions` (
  `id` bigint(20) UNSIGNED NOT NULL,
  `exam_id` bigint(20) UNSIGNED NOT NULL,
  `question_text` text NOT NULL,
  `explanation` text DEFAULT NULL,
  `created_at` timestamp NULL DEFAULT NULL,
  `updated_at` timestamp NULL DEFAULT NULL
) ENGINE=InnoDB DEFAULT CHARSET=utf8mb4 COLLATE=utf8mb4_unicode_ci;

--
-- Dumping data for table `questions`
--

INSERT INTO `questions` (`id`, `exam_id`, `question_text`, `explanation`, `created_at`, `updated_at`) VALUES
(110, 6, 'What is UPDF in full', NULL, '2025-05-20 13:24:47', '2025-05-20 13:24:47'),
(111, 6, 'Which ministry does UPDF fall under?', NULL, '2025-05-20 13:24:47', '2025-05-20 13:24:47'),
(112, 6, 'Who commands of the UPDF?', NULL, '2025-05-20 13:24:47', '2025-05-20 13:24:47'),
(113, 6, 'When was the UPDF created?', NULL, '2025-05-20 13:24:47', '2025-05-20 13:24:47'),
(114, 6, 'The UPDF is a multi service force. Below is the list of services based on seniority.', NULL, '2025-05-20 13:24:47', '2025-05-20 13:24:47'),
(115, 5, 'Who is the current President of Uganda?', NULL, '2025-05-29 08:52:20', '2025-05-29 08:52:20'),
(116, 5, 'What is the capital city of Uganda?', NULL, '2025-05-29 08:52:20', '2025-05-29 08:52:20'),
(117, 5, 'What does UPDF stand for?', NULL, '2025-05-29 08:52:20', '2025-05-29 08:52:20'),
(118, 5, 'The national language of Uganda is:', NULL, '2025-05-29 08:52:20', '2025-05-29 08:52:20'),
(119, 5, 'Which organ is responsible for making laws in Uganda?', NULL, '2025-05-29 08:52:20', '2025-05-29 08:52:20');

-- --------------------------------------------------------

--
-- Table structure for table `results`
--

CREATE TABLE `results` (
  `id` bigint(20) UNSIGNED NOT NULL,
  `user_id` bigint(20) UNSIGNED NOT NULL,
  `exam_id` bigint(20) UNSIGNED NOT NULL,
  `score` int(11) NOT NULL,
  `total` int(11) NOT NULL,
  `created_at` timestamp NULL DEFAULT NULL,
  `updated_at` timestamp NULL DEFAULT NULL
) ENGINE=InnoDB DEFAULT CHARSET=utf8mb4 COLLATE=utf8mb4_unicode_ci;

-- --------------------------------------------------------

--
-- Table structure for table `roles`
--

CREATE TABLE `roles` (
  `id` bigint(20) UNSIGNED NOT NULL,
  `name` varchar(255) NOT NULL,
  `guard_name` varchar(255) NOT NULL,
  `created_at` timestamp NULL DEFAULT NULL,
  `updated_at` timestamp NULL DEFAULT NULL
) ENGINE=InnoDB DEFAULT CHARSET=utf8mb4 COLLATE=utf8mb4_unicode_ci;

--
-- Dumping data for table `roles`
--

INSERT INTO `roles` (`id`, `name`, `guard_name`, `created_at`, `updated_at`) VALUES
(1, 'super-admin', 'web', '2025-05-30 12:46:56', '2025-05-30 12:46:56'),
(2, 'admin', 'web', '2025-05-30 12:46:56', '2025-05-30 12:46:56'),
(3, 'dpgc-clerk', 'web', '2025-05-30 12:46:56', '2025-05-30 12:46:56'),
(4, 'doc-clerk', 'web', '2025-05-30 12:46:56', '2025-05-30 12:46:56'),
(5, 'verex-clerk', 'web', '2025-05-30 12:46:56', '2025-05-30 12:46:56'),
(6, 'asst-clerk', 'web', '2025-05-30 12:46:56', '2025-05-30 12:46:56'),
(7, 'sec-clerk', 'web', '2025-05-30 12:46:56', '2025-05-30 12:46:56'),
(8, 'chief-clerk', 'web', '2025-05-30 12:46:56', '2025-05-30 12:46:56'),
(9, 'finance-clerk', 'web', '2025-05-30 12:46:56', '2025-05-30 12:46:56'),
(10, 'res-clerk', 'web', '2025-05-30 12:46:56', '2025-05-30 12:46:56'),
(11, 'pc-clerk', 'web', '2025-05-30 12:46:56', '2025-05-30 12:46:56'),
(12, 'data-clerk', 'web', '2025-05-30 12:46:56', '2025-05-30 12:46:56'),
(13, 'assessor', 'web', '2025-05-30 12:46:56', '2025-05-30 12:46:56'),
(14, 'verifier', 'web', '2025-05-30 12:46:56', '2025-05-30 12:46:56'),
(15, 'head-team', 'web', '2025-05-30 12:46:57', '2025-05-30 12:46:57');

-- --------------------------------------------------------

--
-- Table structure for table `role_has_permissions`
--

CREATE TABLE `role_has_permissions` (
  `permission_id` bigint(20) UNSIGNED NOT NULL,
  `role_id` bigint(20) UNSIGNED NOT NULL
) ENGINE=InnoDB DEFAULT CHARSET=utf8mb4 COLLATE=utf8mb4_unicode_ci;

--
-- Dumping data for table `role_has_permissions`
--

INSERT INTO `role_has_permissions` (`permission_id`, `role_id`) VALUES
(169, 1),
(169, 2),
(169, 7),
(169, 8),
(169, 15),
(170, 1),
(170, 2),
(170, 8),
(171, 1),
(171, 2),
(171, 8),
(171, 15),
(172, 1),
(173, 1),
(173, 2),
(173, 8),
(174, 1),
(174, 2),
(175, 1),
(175, 2),
(175, 8),
(176, 1),
(177, 1),
(177, 2),
(177, 3),
(177, 4),
(177, 5),
(177, 6),
(177, 7),
(177, 8),
(177, 9),
(177, 10),
(177, 11),
(177, 12),
(177, 13),
(177, 14),
(177, 15),
(178, 1),
(178, 2),
(178, 3),
(178, 8),
(178, 10),
(178, 11),
(178, 12),
(178, 15),
(179, 1),
(179, 2),
(179, 3),
(179, 4),
(179, 5),
(179, 6),
(179, 8),
(179, 10),
(179, 11),
(179, 12),
(179, 13),
(179, 14),
(179, 15),
(180, 1),
(181, 1),
(181, 2),
(181, 12),
(182, 1),
(182, 2),
(182, 15),
(183, 1),
(183, 2),
(183, 3),
(183, 8),
(183, 9),
(183, 11),
(183, 15),
(184, 1),
(184, 2),
(184, 3),
(184, 9),
(185, 1),
(185, 2),
(185, 9),
(186, 1),
(187, 1),
(187, 2),
(187, 8),
(187, 15),
(188, 1),
(188, 9),
(189, 1),
(189, 2),
(189, 8),
(189, 9),
(189, 11),
(190, 1),
(190, 2),
(190, 9),
(191, 1),
(191, 2),
(191, 9),
(192, 1),
(193, 1),
(193, 2),
(193, 8),
(194, 1),
(194, 2),
(194, 3),
(194, 4),
(194, 5),
(194, 6),
(194, 7),
(194, 8),
(194, 9),
(194, 10),
(194, 11),
(194, 12),
(194, 13),
(194, 14),
(194, 15),
(195, 1),
(195, 2),
(195, 3),
(195, 4),
(195, 8),
(195, 10),
(195, 11),
(195, 12),
(195, 15),
(196, 1),
(196, 2),
(196, 3),
(196, 4),
(196, 5),
(196, 6),
(196, 8),
(196, 10),
(196, 11),
(196, 12),
(196, 13),
(196, 14),
(196, 15),
(197, 1),
(198, 1),
(198, 2),
(198, 12),
(199, 1),
(199, 2),
(199, 15),
(200, 1),
(200, 6),
(200, 8),
(200, 13),
(200, 14),
(200, 15),
(201, 1),
(201, 6),
(201, 13),
(202, 1),
(202, 6),
(202, 13),
(203, 1),
(204, 1),
(204, 8),
(204, 13),
(204, 15),
(205, 1),
(205, 3),
(205, 4),
(205, 5),
(205, 10),
(205, 14),
(206, 1),
(206, 3),
(206, 4),
(206, 10),
(207, 1),
(207, 3),
(207, 4),
(207, 10),
(208, 1),
(208, 4),
(209, 1),
(210, 1),
(210, 5),
(210, 14),
(210, 15),
(211, 1),
(211, 5),
(211, 14),
(212, 1),
(212, 5),
(212, 14),
(213, 1),
(213, 14),
(213, 15),
(214, 1),
(215, 1),
(216, 1),
(217, 1),
(218, 1),
(219, 1),
(220, 1),
(221, 1),
(222, 1),
(223, 1),
(223, 9),
(224, 1),
(224, 9),
(225, 1),
(225, 9),
(226, 1),
(227, 1),
(227, 12),
(228, 1),
(228, 12),
(229, 1),
(229, 12),
(230, 1),
(231, 1),
(232, 1),
(233, 1),
(234, 1),
(235, 1),
(236, 1),
(236, 7),
(237, 1),
(237, 7),
(238, 1),
(238, 2),
(238, 7),
(239, 1),
(239, 2),
(239, 3),
(239, 4),
(239, 5),
(239, 6),
(239, 7),
(239, 8),
(239, 9),
(239, 10),
(239, 11),
(239, 12),
(239, 13),
(239, 14),
(239, 15),
(240, 1),
(240, 2),
(240, 8),
(240, 9),
(240, 13),
(240, 15),
(241, 1),
(241, 2),
(241, 15),
(242, 1),
(242, 2),
(243, 1),
(243, 2),
(244, 1),
(245, 1),
(246, 1),
(246, 2),
(246, 3),
(246, 4),
(246, 5),
(246, 6),
(246, 7),
(246, 8),
(246, 9),
(246, 10),
(246, 11),
(246, 12),
(246, 13),
(246, 14),
(246, 15),
(247, 1),
(247, 2),
(247, 3),
(247, 4),
(247, 5),
(247, 6),
(247, 7),
(247, 8),
(247, 9),
(247, 10),
(247, 11),
(247, 12),
(247, 13),
(247, 14),
(247, 15),
(248, 1),
(248, 2),
(248, 8),
(248, 15),
(249, 1),
(249, 4),
(249, 10),
(250, 1),
(250, 4),
(250, 10),
(251, 1),
(251, 4),
(251, 10),
(252, 1);

-- --------------------------------------------------------

--
-- Table structure for table `unclaimeds`
--

CREATE TABLE `unclaimeds` (
  `id` bigint(20) UNSIGNED NOT NULL,
  `case_id` int(11) NOT NULL,
  `rank` varchar(255) NOT NULL,
  `army_number` varchar(255) NOT NULL,
  `full_name` varchar(255) NOT NULL,
  `beneficiary` varchar(255) NOT NULL,
  `category` varchar(255) NOT NULL,
  `district` varchar(255) NOT NULL,
  `remark` varchar(255) NOT NULL,
  `is_active` int(11) NOT NULL DEFAULT 0,
  `created_at` timestamp NULL DEFAULT NULL,
  `updated_at` timestamp NULL DEFAULT NULL
) ENGINE=InnoDB DEFAULT CHARSET=utf8mb4 COLLATE=utf8mb4_unicode_ci;

-- --------------------------------------------------------

--
-- Table structure for table `user_locations`
--

CREATE TABLE `user_locations` (
  `id` bigint(20) UNSIGNED NOT NULL,
  `user_id` bigint(20) UNSIGNED DEFAULT NULL,
  `pensioner_id` bigint(20) UNSIGNED DEFAULT NULL,
  `latitude` decimal(10,8) NOT NULL,
  `longitude` decimal(11,8) NOT NULL,
  `timestamp` timestamp NULL DEFAULT NULL,
  `device_id` varchar(255) DEFAULT NULL,
  `device_name` varchar(255) DEFAULT NULL,
  `device_model` varchar(255) DEFAULT NULL,
  `device_os` varchar(255) DEFAULT NULL,
  `device_os_version` varchar(255) DEFAULT NULL,
  `device_app_version` varchar(255) DEFAULT NULL,
  `device_ip` varchar(255) DEFAULT NULL,
  `device_country` varchar(255) DEFAULT NULL,
  `device_city` varchar(255) DEFAULT NULL,
  `device_latitude` varchar(255) DEFAULT NULL,
  `device_longitude` varchar(255) DEFAULT NULL,
  `device_timezone` varchar(255) DEFAULT NULL,
  `device_battery` varchar(255) DEFAULT NULL,
  `device_network` varchar(255) DEFAULT NULL,
  `device_language` varchar(255) DEFAULT NULL,
  `device_orientation` varchar(255) DEFAULT NULL,
  `device_screen_size` varchar(255) DEFAULT NULL,
  `device_screen_resolution` varchar(255) DEFAULT NULL,
  `device_screen_density` varchar(255) DEFAULT NULL,
  `created_at` timestamp NULL DEFAULT NULL,
  `updated_at` timestamp NULL DEFAULT NULL
) ENGINE=InnoDB DEFAULT CHARSET=utf8mb4 COLLATE=utf8mb4_unicode_ci;

-- --------------------------------------------------------

--
-- Table structure for table `user_secret_codes`
--

CREATE TABLE `user_secret_codes` (
  `id` bigint(20) UNSIGNED NOT NULL,
  `user_id` bigint(20) UNSIGNED NOT NULL,
  `code` varchar(255) NOT NULL,
  `expires_at` timestamp NOT NULL DEFAULT current_timestamp() ON UPDATE current_timestamp(),
  `created_at` timestamp NULL DEFAULT NULL,
  `updated_at` timestamp NULL DEFAULT NULL
) ENGINE=InnoDB DEFAULT CHARSET=utf8mb4 COLLATE=utf8mb4_unicode_ci;

--
-- Dumping data for table `user_secret_codes`
--

INSERT INTO `user_secret_codes` (`id`, `user_id`, `code`, `expires_at`, `created_at`, `updated_at`) VALUES
(18, 36, 'fQg22', '2025-04-30 13:02:14', '2025-04-09 13:02:14', '2025-04-09 13:02:14'),
(19, 37, 'BMzid', '2025-04-30 13:03:33', '2025-04-09 13:03:33', '2025-04-09 13:03:33'),
(21, 39, 'SRU29', '2025-04-30 13:06:24', '2025-04-09 13:06:24', '2025-04-09 13:06:24'),
(22, 40, 'RgRYn', '2025-04-30 13:07:50', '2025-04-09 13:07:50', '2025-04-09 13:07:50'),
(23, 41, 'J0F5Q', '2025-05-12 12:30:26', '2025-04-05 13:10:28', '2025-05-05 12:30:26'),
(24, 42, '9T4bf', '2025-04-30 13:24:14', '2025-04-09 13:24:14', '2025-04-09 13:24:14'),
(28, 46, 'Wkyuv', '2025-05-26 10:53:48', '2025-05-19 10:53:48', '2025-05-19 10:53:48'),
(29, 33, 'ANzTC', '2025-06-02 11:47:09', '2025-05-26 11:47:09', '2025-05-26 11:47:09'),
(30, 34, '4KhH8', '2025-06-02 11:51:12', '2025-05-26 11:51:12', '2025-05-26 11:51:12'),
(32, 3, 'd4ObZ', '2025-06-05 13:06:18', '2025-05-29 13:06:18', '2025-05-29 13:06:18'),
(33, 35, 'IdvvQ', '2026-03-21 10:00:26', '2026-03-14 10:00:26', '2026-03-14 10:00:26');

--
-- Indexes for dumped tables
--

--
-- Indexes for table `active_users`
--
ALTER TABLE `active_users`
  ADD PRIMARY KEY (`id`),
  ADD UNIQUE KEY `active_users_user_id_unique` (`user_id`),
  ADD KEY `active_users_last_activity_index` (`last_activity`);

--
-- Indexes for table `activity_logs`
--
ALTER TABLE `activity_logs`
  ADD PRIMARY KEY (`id`),
  ADD KEY `activity_logs_user_id_foreign` (`user_id`),
  ADD KEY `activity_logs_record_id_record_type_index` (`record_id`,`record_type`);

--
-- Indexes for table `answers`
--
ALTER TABLE `answers`
  ADD PRIMARY KEY (`id`),
  ADD KEY `answers_user_id_foreign` (`user_id`),
  ADD KEY `answers_exam_id_foreign` (`exam_id`),
  ADD KEY `answers_question_id_foreign` (`question_id`),
  ADD KEY `answers_option_id_foreign` (`option_id`);

--
-- Indexes for table `assessments`
--
ALTER TABLE `assessments`
  ADD PRIMARY KEY (`id`);

--
-- Indexes for table `audits`
--
ALTER TABLE `audits`
  ADD PRIMARY KEY (`id`),
  ADD KEY `audits_auditable_type_auditable_id_index` (`auditable_type`,`auditable_id`),
  ADD KEY `audits_user_id_user_type_index` (`user_id`,`user_type`);

--
-- Indexes for table `categories`
--
ALTER TABLE `categories`
  ADD PRIMARY KEY (`id`),
  ADD UNIQUE KEY `categories_name_unique` (`name`);

--
-- Indexes for table `claims`
--
ALTER TABLE `claims`
  ADD PRIMARY KEY (`id`),
  ADD KEY `claims_letter_id_foreign` (`letter_id`),
  ADD KEY `claims_created_by_foreign` (`created_by`);

--
-- Indexes for table `comments`
--
ALTER TABLE `comments`
  ADD PRIMARY KEY (`id`),
  ADD KEY `comments_letter_id_foreign` (`letter_id`),
  ADD KEY `comments_user_id_foreign` (`user_id`),
  ADD KEY `comments_parent_id_foreign` (`parent_id`);

--
-- Indexes for table `conversations`
--
ALTER TABLE `conversations`
  ADD PRIMARY KEY (`id`),
  ADD KEY `conversations_pensioner_id_foreign` (`pensioner_id`),
  ADD KEY `conversations_support_id_foreign` (`support_id`);

--
-- Indexes for table `departments`
--
ALTER TABLE `departments`
  ADD PRIMARY KEY (`id`),
  ADD UNIQUE KEY `departments_name_unique` (`name`);

--
-- Indexes for table `documents`
--
ALTER TABLE `documents`
  ADD PRIMARY KEY (`id`),
  ADD KEY `documents_claim_id_foreign` (`claim_id`),
  ADD KEY `documents_uploaded_by_foreign` (`uploaded_by`);

--
-- Indexes for table `exams`
--
ALTER TABLE `exams`
  ADD PRIMARY KEY (`id`),
  ADD KEY `exams_category_id_foreign` (`category_id`);

--
-- Indexes for table `exam_attempts`
--
ALTER TABLE `exam_attempts`
  ADD PRIMARY KEY (`id`),
  ADD KEY `exam_attempts_user_id_foreign` (`user_id`),
  ADD KEY `exam_attempts_exam_id_foreign` (`exam_id`);

--
-- Indexes for table `failed_jobs`
--
ALTER TABLE `failed_jobs`
  ADD PRIMARY KEY (`id`),
  ADD UNIQUE KEY `failed_jobs_uuid_unique` (`uuid`);

--
-- Indexes for table `file_attachments`
--
ALTER TABLE `file_attachments`
  ADD PRIMARY KEY (`id`),
  ADD KEY `file_attachments_letter_id_foreign` (`letter_id`),
  ADD KEY `file_attachments_comment_id_foreign` (`comment_id`),
  ADD KEY `file_attachments_uploaded_by_foreign` (`uploaded_by`);

--
-- Indexes for table `general_data`
--
ALTER TABLE `general_data`
  ADD PRIMARY KEY (`id`);

--
-- Indexes for table `import_progress`
--
ALTER TABLE `import_progress`
  ADD PRIMARY KEY (`id`);

--
-- Indexes for table `incompletes`
--
ALTER TABLE `incompletes`
  ADD PRIMARY KEY (`id`),
  ADD KEY `idx_svc_no` (`army_number`),
  ADD KEY `idx_militant_name` (`militant_name`),
  ADD KEY `idx_nin` (`nin`),
  ADD KEY `idx_acc_no` (`acc_no`),
  ADD KEY `idx_district` (`district`),
  ADD KEY `idx_county` (`county`),
  ADD KEY `idx_sub_county` (`sub_county`),
  ADD KEY `idx_rank` (`rank`),
  ADD KEY `idx_category` (`category`),
  ADD KEY `idx_status` (`status`),
  ADD KEY `idx_is_active` (`is_active`);

--
-- Indexes for table `incomplete_status_histories`
--
ALTER TABLE `incomplete_status_histories`
  ADD PRIMARY KEY (`id`),
  ADD KEY `incomplete_status_histories_changed_by_foreign` (`changed_by`),
  ADD KEY `incomplete_status_histories_incomplete_id_index` (`incomplete_id`),
  ADD KEY `incomplete_status_histories_changed_at_index` (`changed_at`),
  ADD KEY `incomplete_status_histories_incomplete_id_changed_at_index` (`incomplete_id`,`changed_at`);

--
-- Indexes for table `jobs`
--
ALTER TABLE `jobs`
  ADD PRIMARY KEY (`id`),
  ADD KEY `jobs_queue_index` (`queue`);

--
-- Indexes for table `latters`
--
ALTER TABLE `latters`
  ADD PRIMARY KEY (`id`);

--
-- Indexes for table `letters`
--
ALTER TABLE `letters`
  ADD PRIMARY KEY (`id`);

--
-- Indexes for table `materials`
--
ALTER TABLE `materials`
  ADD PRIMARY KEY (`id`),
  ADD KEY `materials_category_id_foreign` (`category_id`),
  ADD KEY `materials_uploaded_by_foreign` (`uploaded_by`);

--
-- Indexes for table `messages`
--
ALTER TABLE `messages`
  ADD PRIMARY KEY (`id`),
  ADD KEY `messages_conversation_id_foreign` (`conversation_id`),
  ADD KEY `messages_user_id_foreign` (`user_id`),
  ADD KEY `messages_pensioner_id_foreign` (`pensioner_id`);

--
-- Indexes for table `migrations`
--
ALTER TABLE `migrations`
  ADD PRIMARY KEY (`id`);

--
-- Indexes for table `militants`
--
ALTER TABLE `militants`
  ADD PRIMARY KEY (`id`),
  ADD UNIQUE KEY `militants_army_number_unique` (`army_number`),
  ADD KEY `idx_militants_army_number` (`army_number`),
  ADD KEY `idx_militants_created_at` (`created_at`),
  ADD KEY `idx_army_number` (`army_number`);

--
-- Indexes for table `model_has_permissions`
--
ALTER TABLE `model_has_permissions`
  ADD PRIMARY KEY (`permission_id`,`model_id`,`model_type`),
  ADD KEY `model_has_permissions_model_id_model_type_index` (`model_id`,`model_type`);

--
-- Indexes for table `model_has_roles`
--
ALTER TABLE `model_has_roles`
  ADD PRIMARY KEY (`role_id`,`model_id`,`model_type`),
  ADD KEY `model_has_roles_model_id_model_type_index` (`model_id`,`model_type`);

--
-- Indexes for table `options`
--
ALTER TABLE `options`
  ADD PRIMARY KEY (`id`),
  ADD KEY `options_question_id_foreign` (`question_id`);

--
-- Indexes for table `paids`
--
ALTER TABLE `paids`
  ADD PRIMARY KEY (`id`);

--
-- Indexes for table `payments`
--
ALTER TABLE `payments`
  ADD PRIMARY KEY (`id`),
  ADD KEY `idx_payments_month` (`month`),
  ADD KEY `idx_payments_militant_id` (`militant_id`),
  ADD KEY `idx_month` (`month`),
  ADD KEY `idx_militant_id_month` (`militant_id`,`month`);

--
-- Indexes for table `pay_rolls`
--
ALTER TABLE `pay_rolls`
  ADD PRIMARY KEY (`id`),
  ADD UNIQUE KEY `pay_rolls_army_number_unique` (`army_number`);

--
-- Indexes for table `pending_payments`
--
ALTER TABLE `pending_payments`
  ADD PRIMARY KEY (`id`);

--
-- Indexes for table `permissions`
--
ALTER TABLE `permissions`
  ADD PRIMARY KEY (`id`),
  ADD UNIQUE KEY `permissions_name_guard_name_unique` (`name`,`guard_name`);

--
-- Indexes for table `problematics`
--
ALTER TABLE `problematics`
  ADD PRIMARY KEY (`id`),
  ADD UNIQUE KEY `problematics_army_number_unique` (`army_number`);

--
-- Indexes for table `questions`
--
ALTER TABLE `questions`
  ADD PRIMARY KEY (`id`),
  ADD KEY `questions_exam_id_foreign` (`exam_id`);

--
-- Indexes for table `results`
--
ALTER TABLE `results`
  ADD PRIMARY KEY (`id`),
  ADD KEY `results_user_id_foreign` (`user_id`),
  ADD KEY `results_exam_id_foreign` (`exam_id`);

--
-- Indexes for table `roles`
--
ALTER TABLE `roles`
  ADD PRIMARY KEY (`id`),
  ADD UNIQUE KEY `roles_name_guard_name_unique` (`name`,`guard_name`);

--
-- Indexes for table `role_has_permissions`
--
ALTER TABLE `role_has_permissions`
  ADD PRIMARY KEY (`permission_id`,`role_id`),
  ADD KEY `role_has_permissions_role_id_foreign` (`role_id`);

--
-- Indexes for table `unclaimeds`
--
ALTER TABLE `unclaimeds`
  ADD PRIMARY KEY (`id`);

--
-- Indexes for table `user_locations`
--
ALTER TABLE `user_locations`
  ADD PRIMARY KEY (`id`);

--
-- Indexes for table `user_secret_codes`
--
ALTER TABLE `user_secret_codes`
  ADD PRIMARY KEY (`id`),
  ADD UNIQUE KEY `user_secret_codes_code_unique` (`code`),
  ADD KEY `user_secret_codes_user_id_foreign` (`user_id`);

--
-- AUTO_INCREMENT for dumped tables
--

--
-- AUTO_INCREMENT for table `active_users`
--
ALTER TABLE `active_users`
  MODIFY `id` bigint(20) UNSIGNED NOT NULL AUTO_INCREMENT;

--
-- AUTO_INCREMENT for table `activity_logs`
--
ALTER TABLE `activity_logs`
  MODIFY `id` bigint(20) UNSIGNED NOT NULL AUTO_INCREMENT, AUTO_INCREMENT=827;

--
-- AUTO_INCREMENT for table `answers`
--
ALTER TABLE `answers`
  MODIFY `id` bigint(20) UNSIGNED NOT NULL AUTO_INCREMENT, AUTO_INCREMENT=131;

--
-- AUTO_INCREMENT for table `assessments`
--
ALTER TABLE `assessments`
  MODIFY `id` bigint(20) UNSIGNED NOT NULL AUTO_INCREMENT, AUTO_INCREMENT=134;

--
-- AUTO_INCREMENT for table `audits`
--
ALTER TABLE `audits`
  MODIFY `id` bigint(20) UNSIGNED NOT NULL AUTO_INCREMENT, AUTO_INCREMENT=56071;

--
-- AUTO_INCREMENT for table `categories`
--
ALTER TABLE `categories`
  MODIFY `id` bigint(20) UNSIGNED NOT NULL AUTO_INCREMENT, AUTO_INCREMENT=11;

--
-- AUTO_INCREMENT for table `claims`
--
ALTER TABLE `claims`
  MODIFY `id` bigint(20) UNSIGNED NOT NULL AUTO_INCREMENT, AUTO_INCREMENT=27;

--
-- AUTO_INCREMENT for table `comments`
--
ALTER TABLE `comments`
  MODIFY `id` bigint(20) UNSIGNED NOT NULL AUTO_INCREMENT, AUTO_INCREMENT=11;

--
-- AUTO_INCREMENT for table `conversations`
--
ALTER TABLE `conversations`
  MODIFY `id` bigint(20) UNSIGNED NOT NULL AUTO_INCREMENT, AUTO_INCREMENT=18;

--
-- AUTO_INCREMENT for table `departments`
--
ALTER TABLE `departments`
  MODIFY `id` bigint(20) UNSIGNED NOT NULL AUTO_INCREMENT, AUTO_INCREMENT=15;

--
-- AUTO_INCREMENT for table `documents`
--
ALTER TABLE `documents`
  MODIFY `id` bigint(20) UNSIGNED NOT NULL AUTO_INCREMENT, AUTO_INCREMENT=28;

--
-- AUTO_INCREMENT for table `exams`
--
ALTER TABLE `exams`
  MODIFY `id` bigint(20) UNSIGNED NOT NULL AUTO_INCREMENT, AUTO_INCREMENT=7;

--
-- AUTO_INCREMENT for table `exam_attempts`
--
ALTER TABLE `exam_attempts`
  MODIFY `id` bigint(20) UNSIGNED NOT NULL AUTO_INCREMENT, AUTO_INCREMENT=26;

--
-- AUTO_INCREMENT for table `failed_jobs`
--
ALTER TABLE `failed_jobs`
  MODIFY `id` bigint(20) UNSIGNED NOT NULL AUTO_INCREMENT, AUTO_INCREMENT=3;

--
-- AUTO_INCREMENT for table `file_attachments`
--
ALTER TABLE `file_attachments`
  MODIFY `id` bigint(20) UNSIGNED NOT NULL AUTO_INCREMENT, AUTO_INCREMENT=6;

--
-- AUTO_INCREMENT for table `general_data`
--
ALTER TABLE `general_data`
  MODIFY `id` bigint(20) UNSIGNED NOT NULL AUTO_INCREMENT, AUTO_INCREMENT=66942;

--
-- AUTO_INCREMENT for table `import_progress`
--
ALTER TABLE `import_progress`
  MODIFY `id` bigint(20) UNSIGNED NOT NULL AUTO_INCREMENT, AUTO_INCREMENT=44;

--
-- AUTO_INCREMENT for table `incompletes`
--
ALTER TABLE `incompletes`
  MODIFY `id` bigint(20) UNSIGNED NOT NULL AUTO_INCREMENT, AUTO_INCREMENT=55460;

--
-- AUTO_INCREMENT for table `incomplete_status_histories`
--
ALTER TABLE `incomplete_status_histories`
  MODIFY `id` bigint(20) UNSIGNED NOT NULL AUTO_INCREMENT, AUTO_INCREMENT=51;

--
-- AUTO_INCREMENT for table `jobs`
--
ALTER TABLE `jobs`
  MODIFY `id` bigint(20) UNSIGNED NOT NULL AUTO_INCREMENT, AUTO_INCREMENT=85;

--
-- AUTO_INCREMENT for table `latters`
--
ALTER TABLE `latters`
  MODIFY `id` bigint(20) UNSIGNED NOT NULL AUTO_INCREMENT;

--
-- AUTO_INCREMENT for table `letters`
--
ALTER TABLE `letters`
  MODIFY `id` bigint(20) UNSIGNED NOT NULL AUTO_INCREMENT, AUTO_INCREMENT=61;

--
-- AUTO_INCREMENT for table `materials`
--
ALTER TABLE `materials`
  MODIFY `id` bigint(20) UNSIGNED NOT NULL AUTO_INCREMENT, AUTO_INCREMENT=7;

--
-- AUTO_INCREMENT for table `messages`
--
ALTER TABLE `messages`
  MODIFY `id` bigint(20) UNSIGNED NOT NULL AUTO_INCREMENT, AUTO_INCREMENT=126;

--
-- AUTO_INCREMENT for table `migrations`
--
ALTER TABLE `migrations`
  MODIFY `id` int(10) UNSIGNED NOT NULL AUTO_INCREMENT, AUTO_INCREMENT=57;

--
-- AUTO_INCREMENT for table `militants`
--
ALTER TABLE `militants`
  MODIFY `id` bigint(20) UNSIGNED NOT NULL AUTO_INCREMENT, AUTO_INCREMENT=363649;

--
-- AUTO_INCREMENT for table `options`
--
ALTER TABLE `options`
  MODIFY `id` bigint(20) UNSIGNED NOT NULL AUTO_INCREMENT, AUTO_INCREMENT=475;

--
-- AUTO_INCREMENT for table `paids`
--
ALTER TABLE `paids`
  MODIFY `id` bigint(20) UNSIGNED NOT NULL AUTO_INCREMENT, AUTO_INCREMENT=30173;

--
-- AUTO_INCREMENT for table `payments`
--
ALTER TABLE `payments`
  MODIFY `id` bigint(20) UNSIGNED NOT NULL AUTO_INCREMENT, AUTO_INCREMENT=1559629;

--
-- AUTO_INCREMENT for table `pay_rolls`
--
ALTER TABLE `pay_rolls`
  MODIFY `id` bigint(20) UNSIGNED NOT NULL AUTO_INCREMENT, AUTO_INCREMENT=118832;

--
-- AUTO_INCREMENT for table `pending_payments`
--
ALTER TABLE `pending_payments`
  MODIFY `id` bigint(20) UNSIGNED NOT NULL AUTO_INCREMENT, AUTO_INCREMENT=123;

--
-- AUTO_INCREMENT for table `permissions`
--
ALTER TABLE `permissions`
  MODIFY `id` bigint(20) UNSIGNED NOT NULL AUTO_INCREMENT, AUTO_INCREMENT=253;

--
-- AUTO_INCREMENT for table `problematics`
--
ALTER TABLE `problematics`
  MODIFY `id` bigint(20) UNSIGNED NOT NULL AUTO_INCREMENT, AUTO_INCREMENT=5604;

--
-- AUTO_INCREMENT for table `questions`
--
ALTER TABLE `questions`
  MODIFY `id` bigint(20) UNSIGNED NOT NULL AUTO_INCREMENT, AUTO_INCREMENT=120;

--
-- AUTO_INCREMENT for table `results`
--
ALTER TABLE `results`
  MODIFY `id` bigint(20) UNSIGNED NOT NULL AUTO_INCREMENT;

--
-- AUTO_INCREMENT for table `roles`
--
ALTER TABLE `roles`
  MODIFY `id` bigint(20) UNSIGNED NOT NULL AUTO_INCREMENT, AUTO_INCREMENT=16;

--
-- AUTO_INCREMENT for table `unclaimeds`
--
ALTER TABLE `unclaimeds`
  MODIFY `id` bigint(20) UNSIGNED NOT NULL AUTO_INCREMENT, AUTO_INCREMENT=38603;

--
-- AUTO_INCREMENT for table `user_locations`
--
ALTER TABLE `user_locations`
  MODIFY `id` bigint(20) UNSIGNED NOT NULL AUTO_INCREMENT;

--
-- AUTO_INCREMENT for table `user_secret_codes`
--
ALTER TABLE `user_secret_codes`
  MODIFY `id` bigint(20) UNSIGNED NOT NULL AUTO_INCREMENT, AUTO_INCREMENT=34;

--
-- Constraints for dumped tables
--

--
-- Constraints for table `active_users`
--
ALTER TABLE `active_users`
  ADD CONSTRAINT `active_users_user_id_foreign` FOREIGN KEY (`user_id`) REFERENCES `users` (`id`) ON DELETE CASCADE;

--
-- Constraints for table `activity_logs`
--
ALTER TABLE `activity_logs`
  ADD CONSTRAINT `activity_logs_user_id_foreign` FOREIGN KEY (`user_id`) REFERENCES `users` (`id`);

--
-- Constraints for table `answers`
--
ALTER TABLE `answers`
  ADD CONSTRAINT `answers_exam_id_foreign` FOREIGN KEY (`exam_id`) REFERENCES `exams` (`id`) ON DELETE CASCADE,
  ADD CONSTRAINT `answers_option_id_foreign` FOREIGN KEY (`option_id`) REFERENCES `options` (`id`) ON DELETE CASCADE,
  ADD CONSTRAINT `answers_question_id_foreign` FOREIGN KEY (`question_id`) REFERENCES `questions` (`id`) ON DELETE CASCADE,
  ADD CONSTRAINT `answers_user_id_foreign` FOREIGN KEY (`user_id`) REFERENCES `users` (`id`) ON DELETE CASCADE;

--
-- Constraints for table `claims`
--
ALTER TABLE `claims`
  ADD CONSTRAINT `claims_created_by_foreign` FOREIGN KEY (`created_by`) REFERENCES `users` (`id`),
  ADD CONSTRAINT `claims_letter_id_foreign` FOREIGN KEY (`letter_id`) REFERENCES `letters` (`id`);

--
-- Constraints for table `comments`
--
ALTER TABLE `comments`
  ADD CONSTRAINT `comments_letter_id_foreign` FOREIGN KEY (`letter_id`) REFERENCES `letters` (`id`) ON DELETE CASCADE,
  ADD CONSTRAINT `comments_parent_id_foreign` FOREIGN KEY (`parent_id`) REFERENCES `comments` (`id`) ON DELETE CASCADE,
  ADD CONSTRAINT `comments_user_id_foreign` FOREIGN KEY (`user_id`) REFERENCES `users` (`id`) ON DELETE CASCADE;

--
-- Constraints for table `conversations`
--
ALTER TABLE `conversations`
  ADD CONSTRAINT `conversations_pensioner_id_foreign` FOREIGN KEY (`pensioner_id`) REFERENCES `pensioners` (`id`),
  ADD CONSTRAINT `conversations_support_id_foreign` FOREIGN KEY (`support_id`) REFERENCES `users` (`id`);

--
-- Constraints for table `documents`
--
ALTER TABLE `documents`
  ADD CONSTRAINT `documents_claim_id_foreign` FOREIGN KEY (`claim_id`) REFERENCES `claims` (`id`) ON DELETE CASCADE,
  ADD CONSTRAINT `documents_uploaded_by_foreign` FOREIGN KEY (`uploaded_by`) REFERENCES `users` (`id`);

--
-- Constraints for table `exams`
--
ALTER TABLE `exams`
  ADD CONSTRAINT `exams_category_id_foreign` FOREIGN KEY (`category_id`) REFERENCES `categories` (`id`) ON DELETE CASCADE;

--
-- Constraints for table `exam_attempts`
--
ALTER TABLE `exam_attempts`
  ADD CONSTRAINT `exam_attempts_exam_id_foreign` FOREIGN KEY (`exam_id`) REFERENCES `exams` (`id`) ON DELETE CASCADE,
  ADD CONSTRAINT `exam_attempts_user_id_foreign` FOREIGN KEY (`user_id`) REFERENCES `users` (`id`) ON DELETE CASCADE;

--
-- Constraints for table `file_attachments`
--
ALTER TABLE `file_attachments`
  ADD CONSTRAINT `file_attachments_comment_id_foreign` FOREIGN KEY (`comment_id`) REFERENCES `comments` (`id`) ON DELETE CASCADE,
  ADD CONSTRAINT `file_attachments_letter_id_foreign` FOREIGN KEY (`letter_id`) REFERENCES `letters` (`id`) ON DELETE CASCADE,
  ADD CONSTRAINT `file_attachments_uploaded_by_foreign` FOREIGN KEY (`uploaded_by`) REFERENCES `users` (`id`) ON DELETE CASCADE;

--
-- Constraints for table `incomplete_status_histories`
--
ALTER TABLE `incomplete_status_histories`
  ADD CONSTRAINT `incomplete_status_histories_changed_by_foreign` FOREIGN KEY (`changed_by`) REFERENCES `users` (`id`) ON DELETE SET NULL,
  ADD CONSTRAINT `incomplete_status_histories_incomplete_id_foreign` FOREIGN KEY (`incomplete_id`) REFERENCES `incompletes` (`id`) ON DELETE CASCADE;

--
-- Constraints for table `materials`
--
ALTER TABLE `materials`
  ADD CONSTRAINT `materials_category_id_foreign` FOREIGN KEY (`category_id`) REFERENCES `categories` (`id`) ON DELETE CASCADE,
  ADD CONSTRAINT `materials_uploaded_by_foreign` FOREIGN KEY (`uploaded_by`) REFERENCES `users` (`id`) ON DELETE CASCADE;

--
-- Constraints for table `messages`
--
ALTER TABLE `messages`
  ADD CONSTRAINT `messages_conversation_id_foreign` FOREIGN KEY (`conversation_id`) REFERENCES `conversations` (`id`) ON DELETE CASCADE,
  ADD CONSTRAINT `messages_pensioner_id_foreign` FOREIGN KEY (`pensioner_id`) REFERENCES `pensioners` (`id`),
  ADD CONSTRAINT `messages_user_id_foreign` FOREIGN KEY (`user_id`) REFERENCES `users` (`id`);

--
-- Constraints for table `model_has_permissions`
--
ALTER TABLE `model_has_permissions`
  ADD CONSTRAINT `model_has_permissions_permission_id_foreign` FOREIGN KEY (`permission_id`) REFERENCES `permissions` (`id`) ON DELETE CASCADE;

--
-- Constraints for table `model_has_roles`
--
ALTER TABLE `model_has_roles`
  ADD CONSTRAINT `model_has_roles_role_id_foreign` FOREIGN KEY (`role_id`) REFERENCES `roles` (`id`) ON DELETE CASCADE;

--
-- Constraints for table `options`
--
ALTER TABLE `options`
  ADD CONSTRAINT `options_question_id_foreign` FOREIGN KEY (`question_id`) REFERENCES `questions` (`id`) ON DELETE CASCADE;

--
-- Constraints for table `payments`
--
ALTER TABLE `payments`
  ADD CONSTRAINT `payments_militant_id_foreign` FOREIGN KEY (`militant_id`) REFERENCES `militants` (`id`) ON DELETE CASCADE;

--
-- Constraints for table `questions`
--
ALTER TABLE `questions`
  ADD CONSTRAINT `questions_exam_id_foreign` FOREIGN KEY (`exam_id`) REFERENCES `exams` (`id`) ON DELETE CASCADE;

--
-- Constraints for table `results`
--
ALTER TABLE `results`
  ADD CONSTRAINT `results_exam_id_foreign` FOREIGN KEY (`exam_id`) REFERENCES `exams` (`id`) ON DELETE CASCADE,
  ADD CONSTRAINT `results_user_id_foreign` FOREIGN KEY (`user_id`) REFERENCES `users` (`id`) ON DELETE CASCADE;

--
-- Constraints for table `role_has_permissions`
--
ALTER TABLE `role_has_permissions`
  ADD CONSTRAINT `role_has_permissions_permission_id_foreign` FOREIGN KEY (`permission_id`) REFERENCES `permissions` (`id`) ON DELETE CASCADE,
  ADD CONSTRAINT `role_has_permissions_role_id_foreign` FOREIGN KEY (`role_id`) REFERENCES `roles` (`id`) ON DELETE CASCADE;

--
-- Constraints for table `user_secret_codes`
--
ALTER TABLE `user_secret_codes`
  ADD CONSTRAINT `user_secret_codes_user_id_foreign` FOREIGN KEY (`user_id`) REFERENCES `users` (`id`) ON DELETE CASCADE;
COMMIT;

